000
CXUS55 KLBF 011510
CF6IML
PRELIMINARY LOCAL CLIMATOLOGICAL DATA (WS FORM: F-6)
STATION: IMPERIAL
MONTH: NOVEMBER
YEAR: 2021
LATITUDE: 40 31 N
LONGITUDE: 101 37 W
TEMPERATURE IN F: :PCPN: SNOW: WIND :SUNSHINE: SKY :PK WND
================================================================================
1 2 3 4 5 6A 6B 7 8 9 10 11 12 13 14 15 16 17 18
12Z AVG MX 2MIN
DY MAX MIN AVG DEP HDD CDD WTR SNW DPTH SPD SPD DIR MIN PSBL S-S WX SPD DR
================================================================================
1 34 32 33 -11 32 0 0.15 M M 6.7 13 130 M M 10 1 19 110
2 44 33 39 -5 26 0 0.00 M M 9.5 16 180 M M 10 1 22 180
3 60 27 44 0 21 0 0.00 M M 4.5 10 330 M M 4 12 16 280
4 70 27 49 6 16 0 0.00 M M 5.3 14 240 M M 0 20 250
5 76 32 54 11 11 0 0.00 M M 6.7 16 340 M M 0 23 340
6 78 31 55 13 10 0 0.00 M M 5.6 13 140 M M 0 18 200
7 81 35 58 16 7 0 0.00 M M 6.1 16 360 M M 0 8 21 320
8 55 33 44 2 21 0 0.00 M M 12.2 22 30 M M 0 33 40
9 57 25 41 0 24 0 0.00 M M 7.1 16 150 M M 0 24 140
10 56 36 46 5 19 0 0.00 M M 12.6 33 350 M M 4 42 350
11 50 32 41 1 24 0 0.00 M M 16.4 30 330 M M 4 47 320
12 47 26 37 -3 28 0 0.00 M M 19.5 36 320 M M 0 8 53 320
13 67 25 46 6 19 0 T M M 9.8 31 20 M M 2 47 20
14 62 31 47 8 18 0 0.00 M M 9.5 20 210 M M 0 31 210
15 76 43 60 21 5 0 0.00 M M 9.6 22 310 M M 0 30 260
16 70 33 52 14 13 0 0.00 M M 6.2 24 20 M M 0 41 30
17 45 21 33 -5 32 0 0.00 M M 13.6 28 340 M M 2 39 320
18 51 8 30 -8 35 0 0.00 M M 9.6 20 190 M M 0 30 230
19 62 24 43 6 22 0 0.00 M M 6.1 14 180 M M 0 18 180
20 57 29 43 6 22 0 T M M 9.4 18 340 M M 3 24 300
21 51 27 39 3 26 0 0.00 M M 7.5 21 340 M M 0 28 350
22 65 26 46 10 19 0 0.00 M M 7.8 15 330 M M 0 20 310
23 69 23 46 10 19 0 0.00 M M 4.7 5 340 M M 0 18 330
24 52 18 35 0 30 0 0.00 M M 15.0 30 360 M M 2 39 360
25 55 13 34 -1 31 0 0.00 M M 6.7 14 230 M M 1 20 260
26 71 32 52 17 13 0 0.00 M M 9.7 20 290 M M 0 34 270
27 59 25 42 8 23 0 0.00 M M 10.4 20 340 M M 0 27 360
28 66 20 43 9 22 0 0.00 M M 7.2 18 320 M M 0 30 270
29 70 31 51 17 14 0 0.00 M M 8.8 24 320 M M 0 36 310
30 59 28 44 11 21 0 0.00 M M 9.8 17 200 M M 1 25 170
================================================================================
SM 1815 826 623 0 0.15 M 273.6 M 43
================================================================================
AV 60.5 27.5 9.1 FASTST M M 1 MAX(MPH)
MISC ----> 36 320 53 320
================================================================================
NOTES:
# LAST OF SEVERAL OCCURRENCES
COLUMN 17 PEAK WIND IN M.P.H.
PRELIMINARY LOCAL CLIMATOLOGICAL DATA (WS FORM: F-6) , PAGE 2
STATION: IMPERIAL
MONTH: NOVEMBER
YEAR: 2021
LATITUDE: 40 31 N
LONGITUDE: 101 37 W
[TEMPERATURE DATA] [PRECIPITATION DATA] SYMBOLS USED IN COLUMN 16
AVERAGE MONTHLY: 44.0 TOTAL FOR MONTH: 0.15 1 = FOG OR MIST
DPTR FM NORMAL: 5.4 DPTR FM NORMAL: -0.27 2 = FOG REDUCING VISIBILITY
HIGHEST: 81 ON 7 GRTST 24HR 0.15 ON 31- 1 TO 1/4 MILE OR LESS
LOWEST: 8 ON 18 3 = THUNDER
SNOW, ICE PELLETS, HAIL 4 = ICE PELLETS
TOTAL MONTH: M 5 = HAIL
GRTST 24HR M ON M 6 = FREEZING RAIN OR DRIZZLE
GRTST DEPTH: M ON M 7 = DUSTSTORM OR SANDSTORM:
VSBY 1/2 MILE OR LESS
8 = SMOKE OR HAZE
[NO. OF DAYS WITH] [WEATHER - DAYS WITH] 9 = BLOWING SNOW
X = TORNADO
MAX 32 OR BELOW: 0 0.01 INCH OR MORE: 1
MAX 90 OR ABOVE: 0 0.10 INCH OR MORE: 1
MIN 32 OR BELOW: 24 0.50 INCH OR MORE: 0
MIN 0 OR BELOW: 0 1.00 INCH OR MORE: 0
[HDD (BASE 65) ]
TOTAL THIS MO. 623 CLEAR (SCALE 0-3) 24
DPTR FM NORMAL -169 PTCLDY (SCALE 4-7) 4
TOTAL FM JUL 1 1021 CLOUDY (SCALE 8-10) 2
DPTR FM NORMAL -312
[CDD (BASE 65) ]
TOTAL THIS MO. 0
DPTR FM NORMAL 0 [PRESSURE DATA]
TOTAL FM JAN 1 1233 HIGHEST SLP 30.58 ON 18
DPTR FM NORMAL 218 LOWEST SLP 29.58 ON 23
[REMARKS]
#FINAL-11-21#