000
CXUS53 KIND 010600
CF6IND
PRELIMINARY LOCAL CLIMATOLOGICAL DATA (WS FORM: F-6)
STATION: INDIANAPOLIS IN
MONTH: MARCH
YEAR: 2022
LATITUDE: 39 43 N
LONGITUDE: 86 17 W
TEMPERATURE IN F: :PCPN: SNOW: WIND :SUNSHINE: SKY :PK WND
================================================================================
1 2 3 4 5 6A 6B 7 8 9 10 11 12 13 14 15 16 17 18
12Z AVG MX 2MIN
DY MAX MIN AVG DEP HDD CDD WTR SNW DPTH SPD SPD DIR MIN PSBL S-S WX SPD DR
================================================================================
1 66 36 51 14 14 0 0.00 0.0 0 10.4 21 260 M M 7 26 270
2 68 36 52 15 13 0 T 0.0 0 8.4 21 360 M M 4 26 360
3 53 34 44 6 21 0 0.00 0.0 0 11.5 25 20 M M 7 33 20
4 52 29 41 3 24 0 0.00 0.0 0 10.3 16 100 M M 7 21 90
5 77 41 59 21 6 0 0.00 0.0 0 16.5 37 200 M M 7 53 200
6 69 46 58 19 7 0 0.17 0.0 0 14.2 36 200 M M 7 13 57 240
7 46 32 39 0 26 0 1.77 0.0 0 15.2 30 320 M M 10 13 37 320
8 39 30 35 -5 30 0 0.00 0.0 0 4.8 14 290 M M 10 17 310
9 49 33 41 1 24 0 0.00 0.0 0 7.5 16 290 M M 6 22 290
10 50 30 40 0 25 0 0.00 0.0 0 5.7 13 350 M M 5 18 10
11 38 23 31 -10 34 0 0.01 T T 12.5 28 310 M M 10 1 37 320
12 26 13 20 -21 45 0 0.00 0.0 0 16.3 29 320 M M 4 38 310
13 53 15 34 -7 31 0 0.00 0.0 0 16.8 30 230 M M 4 42 220
14 65 35 50 8 15 0 0.00 0.0 0 12.1 23 210 M M 3 32 200
15 68 47 58 16 7 0 T 0.0 0 7.1 18 250 M M 6 24 250
16 72 41 57 15 8 0 0.00 0.0 0 6.0 15 160 M M 2 22 180
17 74 43 59 16 6 0 0.00 0.0 0 4.2 14 210 M M 5 20 220
18 64 51 58 15 7 0 0.68 0.0 0 7.6 20 180 M M 9 13 27 170
19 54 40 47 3 18 0 0.06 0.0 0 16.2 26 260 M M 10 1 34 250
20 64 33 49 5 16 0 0.00 0.0 0 8.4 18 260 M M 2 22 260
21 73 42 58 14 7 0 0.00 0.0 0 9.1 20 200 M M 5 24 190
22 59 48 54 9 11 0 1.27 0.0 0 12.6 37 140 M M 10 13 51 130
23 64 47 56 11 9 0 0.57 0.0 0 15.5 33 210 M M 9 13 45 210
24 48 41 45 0 20 0 0.03 0.0 0 14.8 26 240 M M 10 1 35 220
25 45 38 42 -4 23 0 0.02 0.0 0 14.3 43 300 M M 9 13 58 300
26 39 29 34 -12 31 0 T T 0 17.1 28 270 M M 10 38 270
27 38 24 31 -15 34 0 0.00 0.0 0 12.6 22 320 M M 4 30 320
28 41 22 32 -15 33 0 0.00 0.0 0 5.6 16 310 M M 4 21 330
29 42 32 37 -10 28 0 T 0.0 0 15.0 23 110 M M 10 30 110
30 78 41 60 12 5 0 0.07 0.0 0 17.8 39 190 M M 9 55 200
31 59 35 47 -1 18 0 0.02 T 0 20.0 36 240 M M 10 1 50 230
================================================================================
SM 1733 1087 596 0 4.67 T 366.1 M 215
================================================================================
AV 55.9 35.1 11.8 FASTST M M 7 MAX(MPH)
MISC ----> 43 300 58 300
================================================================================
NOTES:
# LAST OF SEVERAL OCCURRENCES
COLUMN 17 PEAK WIND IN M.P.H.
PRELIMINARY LOCAL CLIMATOLOGICAL DATA (WS FORM: F-6) , PAGE 2
STATION: INDIANAPOLIS IN
MONTH: MARCH
YEAR: 2022
LATITUDE: 39 43 N
LONGITUDE: 86 17 W
[TEMPERATURE DATA] [PRECIPITATION DATA] SYMBOLS USED IN COLUMN 16
AVERAGE MONTHLY: 45.5 TOTAL FOR MONTH: 4.67 1 = FOG OR MIST
DPTR FM NORMAL: 3.1 DPTR FM NORMAL: 0.98 2 = FOG REDUCING VISIBILITY
HIGHEST: 78 ON 30 GRTST 24HR 1.91 ON 6- 7 TO 1/4 MILE OR LESS
LOWEST: 13 ON 12 3 = THUNDER
SNOW, ICE PELLETS, HAIL 4 = ICE PELLETS
TOTAL MONTH: T 5 = HAIL
GRTST 24HR T ON 11-11 6 = FREEZING RAIN OR DRIZZLE
GRTST DEPTH: T 7 = DUSTSTORM OR SANDSTORM:
VSBY 1/2 MILE OR LESS
8 = SMOKE OR HAZE
[NO. OF DAYS WITH] [WEATHER - DAYS WITH] 9 = BLOWING SNOW
X = TORNADO
MAX 32 OR BELOW: 1 0.01 INCH OR MORE: 11
MAX 90 OR ABOVE: 0 0.10 INCH OR MORE: 5
MIN 32 OR BELOW: 11 0.50 INCH OR MORE: 4
MIN 0 OR BELOW: 0 1.00 INCH OR MORE: 2
[HDD (BASE 65) ]
TOTAL THIS MO. 596 CLEAR (SCALE 0-3) 3
DPTR FM NORMAL -106 PTCLDY (SCALE 4-7) 15
TOTAL FM JUL 1 4399 CLOUDY (SCALE 8-10) 13
DPTR FM NORMAL -351
[CDD (BASE 65) ]
TOTAL THIS MO. 0
DPTR FM NORMAL -3 [PRESSURE DATA]
TOTAL FM JAN 1 0 HIGHEST SLP M ON M
DPTR FM NORMAL -3 LOWEST SLP 29.21 ON 31
[REMARKS]
#FINAL-03-22#