000
CXUS54 KFWD 010730
CF6INJ
PRELIMINARY LOCAL CLIMATOLOGICAL DATA (WS FORM: F-6)
STATION: HILLSBORO
MONTH: SEPTEMBER
YEAR: 2020
LATITUDE: 32 0 N
LONGITUDE: 97 6 W
TEMPERATURE IN F: :PCPN: SNOW: WIND :SUNSHINE: SKY :PK WND
================================================================================
1 2 3 4 5 6A 6B 7 8 9 10 11 12 13 14 15 16 17 18
12Z AVG MX 2MIN
DY MAX MIN AVG DEP HDD CDD WTR SNW DPTH SPD SPD DIR MIN PSBL S-S WX SPD DR
================================================================================
1 100 72 86 4 0 21 1.01 0.0 0 16.6 22 190 M M 7 3 44 340
2 75 72 74 -7 0 9 0.91 0.0 0 5.7 14 160 M M 8 3 M M
3 80 71 76 -5 0 11 0.29 0.0 0 5.1 12 80 M M 6 3 M M
4 83 72 78 -3 0 13 0.12 0.0 0 4.3 9 100 M M 6 M M
5 88 71 80 0 0 15 0.52 0.0 0 4.2 20 140 M M 3 13 28 140
6 90 68 79 -1 0 14 0.00 0.0 0 3.9 7 140 M M 5 1 M M
7 93 73 83 3 0 18 0.00 0.0 0 9.1 14 140 M M 1 18 140
8 91 74 83 3 0 18 0.00 0.0 0 11.2 21 160 M M 1 21 160
9 84 57 71 -8 0 6 0.76 0.0 0 9.8 22 190 M M 9 3 30 190
10 68 56 62 -17 3 0 0.00 0.0 0 11.4 17 330 M M 10 23 320
11 80 64 72 -7 0 7 0.00 0.0 0 6.4 12 330 M M 6 16 330
12 87 65 76 -2 0 11 0.00 0.0 0 3.5 8 10 M M 1 M M
13 88 71 80 2 0 15 0.00 0.0 0 8.2 13 340 M M 1 20 340
14 88 68 78 0 0 13 0.00 0.0 0 7.6 12 10 M M 4 20 10
15 88 73 81 4 0 16 0.00 0.0 0 6.2 10 30 M M 6 16 340
16 88 69 79 2 0 14 0.00 0.0 0 5.0 14 320 M M 2 M M
17 89 70 80 3 0 15 0.12 0.0 0 5.9 13 70 M M 4 3 22 70
18 85 64 75 -1 0 10 0.00 0.0 0 6.6 12 20 M M 2 M M
19 80 64 72 -4 0 7 0.00 0.0 0 8.2 13 40 M M 0 17 10
20 81 59 70 -6 0 5 0.00 0.0 0 9.2 15 30 M M 1 18 40
21 75 66 71 -4 0 6 0.14 0.0 0 9.5 15 50 M M 9 1 22 40
22 71 66 69 -6 0 4 0.34 0.0 0 7.2 10 20 M M 10 1 M M
23 75 66 71 -4 0 6 0.00 0.0 0 8.2 15 350 M M 10 18 350
24 75 63 69 -5 0 4 0.00 0.0 0 6.3 12 350 M M 6 M M
25 84 57 71 -3 0 6 0.00 0.0 0 4.8 9 130 M M 2 12 M M
26 87 64 76 2 0 11 0.00 0.0 0 10.4 16 180 M M 1 21 170
27 89 69 79 6 0 14 0.00 0.0 0 14.5 25 180 M M 7 31 190
28 78 49 64 -9 1 0 0.00 0.0 0 15.0 25 340 M M 5 33 330
29 81 43 62 -11 3 0 0.00 0.0 0 6.1 16 290 M M 0 25 280
30 89 51 70 -2 0 5 0.00 0.0 M 5.6 12 180 M M 0 16 180
================================================================================
SM 2510 1947 7 294 4.21 0.0 235.7 M 133
================================================================================
AV 83.7 64.9 7.9 FASTST M M 4 MAX(MPH)
MISC ----> # 25 180 # 44 340
================================================================================
NOTES:
# LAST OF SEVERAL OCCURRENCES
COLUMN 17 PEAK WIND IN M.P.H.
PRELIMINARY LOCAL CLIMATOLOGICAL DATA (WS FORM: F-6) , PAGE 2
STATION: HILLSBORO
MONTH: SEPTEMBER
YEAR: 2020
LATITUDE: 32 0 N
LONGITUDE: 97 6 W
[TEMPERATURE DATA] [PRECIPITATION DATA] SYMBOLS USED IN COLUMN 16
AVERAGE MONTHLY: 74.3 TOTAL FOR MONTH: 4.21 1 = FOG OR MIST
DPTR FM NORMAL: -2.8 DPTR FM NORMAL: 1.18 2 = FOG REDUCING VISIBILITY
HIGHEST: 100 ON 1 GRTST 24HR 1.01 ON 1- 1 TO 1/4 MILE OR LESS
LOWEST: 43 ON 29 3 = THUNDER
SNOW, ICE PELLETS, HAIL 4 = ICE PELLETS
TOTAL MONTH: 0.0 INCH 5 = HAIL
GRTST 24HR 0.0 6 = FREEZING RAIN OR DRIZZLE
GRTST DEPTH: 0 7 = DUSTSTORM OR SANDSTORM:
VSBY 1/2 MILE OR LESS
8 = SMOKE OR HAZE
[NO. OF DAYS WITH] [WEATHER - DAYS WITH] 9 = BLOWING SNOW
X = TORNADO
MAX 32 OR BELOW: 0 0.01 INCH OR MORE: 9
MAX 90 OR ABOVE: 4 0.10 INCH OR MORE: 9
MIN 32 OR BELOW: 0 0.50 INCH OR MORE: 4
MIN 0 OR BELOW: 0 1.00 INCH OR MORE: 1
[HDD (BASE 65) ]
TOTAL THIS MO. 7 CLEAR (SCALE 0-3) 12
DPTR FM NORMAL 0 PTCLDY (SCALE 4-7) 13
TOTAL FM JUL 1 7 CLOUDY (SCALE 8-10) 5
DPTR FM NORMAL 0
[CDD (BASE 65) ]
TOTAL THIS MO. 294
DPTR FM NORMAL -76 [PRESSURE DATA]
TOTAL FM JAN 1 2519 HIGHEST SLP M ON M
DPTR FM NORMAL 159 LOWEST SLP M ON M
[REMARKS]
#FINAL-09-20#