000
CXUS54 KMAF 011803
CF6INK
PRELIMINARY LOCAL CLIMATOLOGICAL DATA (WS FORM: F-6)
STATION: WINK
MONTH: DECEMBER
YEAR: 2023
LATITUDE: 31 46 N
LONGITUDE: 103 12 W
TEMPERATURE IN F: :PCPN: SNOW: WIND :SUNSHINE: SKY :PK WND
================================================================================
1 2 3 4 5 6A 6B 7 8 9 10 11 12 13 14 15 16 17 18
12Z AVG MX 2MIN
DY MAX MIN AVG DEP HDD CDD WTR SNW DPTH SPD SPD DIR MIN PSBL S-S WX SPD DR
================================================================================
1 68 36 52 4 13 0 0.00 M M 8.9 24 280 M M 0 32 280
2 66 43 55 7 10 0 0.00 M M 12.5 25 270 M M 2 31 260
3 70 31 51 3 14 0 0.00 M M 9.4 26 260 M M 0 32 260
4 66 32 49 2 16 0 0.00 M M 6.8 16 160 M M 0 20 160
5 68 34 51 4 14 0 0.00 M M 5.2 12 350 M M 0 14 340
6 67 33 50 3 15 0 0.00 M M 8.1 15 140 M M 0 19 180
7 81 42 62 15 3 0 0.00 M M 8.6 24 250 M M 0 29 250
8 79 45 62 16 3 0 0.00 M M 15.0 40 260 M M 0 8 54 260
9 58 34 46 0 19 0 0.00 M M 14.7 29 10 M M 0 42 340
10 57 23 40 -6 25 0 0.00 M M 8.4 20 230 M M 0 24 230
11 65 26 46 0 19 0 0.00 M M 5.4 13 120 M M 0 19 130
12 60 33 47 1 18 0 0.00 M M 13.2 30 140 M M 2 39 150
13 56 53 55 9 10 0 T M M 15.2 24 140 M M 10 1 33 140
14 60 M M M M M 0.01 M M 14.6 21 130 M M 10 1 30 140
15 62 35 49 4 16 0 0.00 M M 6.0 14 330 M M 0 2 20 360
16 64 33 49 4 16 0 0.00 M M 5.4 10 250 M M 0 14 260
17 73 30 52 7 13 0 0.00 M M 5.6 15 260 M M 0 18 260
18 62 36 49 4 16 0 0.00 M M 7.1 14 360 M M 0 16 120
19 69 40 55 10 10 0 0.00 M M 11.3 20 140 M M 0 25 140
20 64 44 54 10 11 0 0.00 M M 12.2 21 120 M M 1 27 130
21 69 49 59 15 6 0 T M M 4.7 12 140 M M 3 18 14 300
22 68 44 56 12 9 0 0.00 M M 8.9 21 140 M M 4 12 28 140
23 67 55 61 17 4 0 T M M 18.2 23 150 M M 2 36 150
24 64 42 53 9 12 0 0.00 M M 11.1 20 350 M M 0 25 350
25 45 32 39 -5 26 0 0.00 M M 5.5 17 40 M M 4 22 40
26 58 24 41 -3 24 0 0.00 M M 7.0 20 310 M M 0 25 310
27 56 25 41 -3 24 0 0.00 M M 5.4 12 360 M M 0 13 360
28 56 29 43 -1 22 0 0.00 M M 6.0 12 50 M M 0 15 50
29 59 24 42 -2 23 0 0.00 M M 5.8 10 250 M M 0 13 250
30 67 25 46 2 19 0 0.00 M M 6.9 17 240 M M 0 21 240
31 71 27 49 5 16 0 0.00 M M 6.6 23 260 M M 0 30 260
================================================================================
SM 1995 1059 446 0 0.01 M 279.7 M 38
================================================================================
AV 64.4 35.3 9.0 FASTST M M 1 MAX(MPH)
MISC ----> 40 260 54 260
================================================================================
NOTES:
# LAST OF SEVERAL OCCURRENCES
COLUMN 17 PEAK WIND IN M.P.H.
PRELIMINARY LOCAL CLIMATOLOGICAL DATA (WS FORM: F-6) , PAGE 2
STATION: WINK
MONTH: DECEMBER
YEAR: 2023
LATITUDE: 31 46 N
LONGITUDE: 103 12 W
[TEMPERATURE DATA] [PRECIPITATION DATA] SYMBOLS USED IN COLUMN 16
AVERAGE MONTHLY: 49.8 TOTAL FOR MONTH: 0.01 1 = FOG OR MIST
DPTR FM NORMAL: 4.5 DPTR FM NORMAL: -0.49 2 = FOG REDUCING VISIBILITY
HIGHEST: 81 ON 7 GRTST 24HR 0.01 ON 14-14 TO 1/4 MILE OR LESS
LOWEST: 23 ON 10 3 = THUNDER
SNOW, ICE PELLETS, HAIL 4 = ICE PELLETS
TOTAL MONTH: M 5 = HAIL
GRTST 24HR M ON M 6 = FREEZING RAIN OR DRIZZLE
GRTST DEPTH: M ON M 7 = DUSTSTORM OR SANDSTORM:
VSBY 1/2 MILE OR LESS
8 = SMOKE OR HAZE
[NO. OF DAYS WITH] [WEATHER - DAYS WITH] 9 = BLOWING SNOW
X = TORNADO
MAX 32 OR BELOW: 0 0.01 INCH OR MORE: 1
MAX 90 OR ABOVE: 0 0.10 INCH OR MORE: 0
MIN 32 OR BELOW: 12 0.50 INCH OR MORE: 0
MIN 0 OR BELOW: 0 1.00 INCH OR MORE: 0
[HDD (BASE 65) ]
TOTAL THIS MO. 446 CLEAR (SCALE 0-3) 26
DPTR FM NORMAL -163 PTCLDY (SCALE 4-7) 3
TOTAL FM JUL 1 802 CLOUDY (SCALE 8-10) 2
DPTR FM NORMAL -255
[CDD (BASE 65) ]
TOTAL THIS MO. 0
DPTR FM NORMAL 0 [PRESSURE DATA]
TOTAL FM JAN 1 2837 HIGHEST SLP 30.50 ON 10
DPTR FM NORMAL 173 LOWEST SLP 29.65 ON 8
[REMARKS]
#FINAL-12-23#