000
CXUS55 KDVN 011100
CF6IOW
PRELIMINARY LOCAL CLIMATOLOGICAL DATA (WS FORM: F-6)
STATION: IOWA CITY IA
MONTH: JANUARY
YEAR: 2022
LATITUDE: 41 37 N
LONGITUDE: 91 33 W
TEMPERATURE IN F: :PCPN: SNOW: WIND :SUNSHINE: SKY :PK WND
================================================================================
1 2 3 4 5 6A 6B 7 8 9 10 11 12 13 14 15 16 17 18
12Z AVG MX 2MIN
DY MAX MIN AVG DEP HDD CDD WTR SNW DPTH SPD SPD DIR MIN PSBL S-S WX SPD DR
================================================================================
1 29 8 19 -5 46 0 0.18 M M 14.5 22 350 M M 10 8 32 10
2 8 -7 1 -23 64 0 T M M 7.0 16 330 M M 1 24 330
3 23 -8 8 -16 57 0 0.00 M M 5.1 13 180 M M 0 18 17 180
4 35 15 25 1 40 0 0.00 M M 10.7 33 300 M M 0 89 47 290
5 27 4 16 -7 49 0 T M M 21.6 33 270 M M 7 89 48 290
6 4 -6 -1 -24 66 0 0.00 M M 14.1 24 300 M M 1 34 300
7 9 -8 1 -22 64 0 0.00 M M 7.7 16 140 M M 2 21 130
8 29 9 19 -4 46 0 T M M 8.9 20 160 M M 7 168 27 150
9 31 4 18 -5 47 0 0.00 M M 12.3 29 320 M M 3 1 42 310
10 15 3 9 -14 56 0 0.00 M M 5.3 16 340 M M 2 23 350
11 43 4 24 1 41 0 0.00 M M 9.0 20 190 M M 0 27 190
12 45 24 35 13 30 0 0.00 M M 4.3 13 270 M M 1 16 270
13 45 26 36 14 29 0 0.00 M M 5.0 15 340 M M 2 23 340
14 34 21 28 6 37 0 0.22 M M 10.0 23 50 M M 9 18 37 60
15 21 13 17 -5 48 0 0.02 M M 11.5 24 40 M M 6 36 50
16 28 5 17 -5 48 0 T M M 6.8 21 340 M M 8 30 330
17 29 14 22 0 43 0 0.00 M M 8.7 18 300 M M 6 27 330
18 41 22 32 10 33 0 0.00 M M 8.7 26 300 M M 3 34 310
19 30 3 17 -5 48 0 0.00 M M 17.2 29 310 M M 0 43 310
20 5 -7 -1 -23 66 0 0.00 M M 7.9 15 320 M M 0 21 310
21 16 -9 4 -18 61 0 T M M 6.2 14 200 M M 1 20 200
22 38 16 27 5 38 0 T M M 9.2 25 300 M M 5 33 300
23 39 11 25 3 40 0 T M M 10.5 24 360 M M 6 33 330
24 30 4 17 -5 48 0 T M M 12.3 24 300 M M 7 34 320
25 7 -5 1 -21 64 0 0.00 M M 9.6 15 300 M M 0 20 310
26 21 -9 6 -16 59 0 0.00 M M 7.3 17 170 M M 0 27 170
27 36 17 27 4 38 0 0.00 M M 10.0 20 320 M M 6 28 320
28 18 3 11 -12 54 0 0.00 M M 6.9 14 300 M M 1 19 330
29 32 2 17 -6 48 0 0.00 M M 6.0 17 180 M M 1 25 310
30 25 11 18 -5 47 0 0.00 M M 8.8 22 320 M M 4 18 30 330
31 38 9 24 1 41 0 0.00 M M 8.9 21 150 M M 0 18 27 140
================================================================================
SM 831 189 1496 0 0.42 M 292.0 M 99
================================================================================
AV 26.8 6.1 9.4 FASTST M M 3 MAX(MPH)
MISC ----> # 33 300 48 290
================================================================================
NOTES:
# LAST OF SEVERAL OCCURRENCES
COLUMN 17 PEAK WIND IN M.P.H.
PRELIMINARY LOCAL CLIMATOLOGICAL DATA (WS FORM: F-6) , PAGE 2
STATION: IOWA CITY IA
MONTH: JANUARY
YEAR: 2022
LATITUDE: 41 37 N
LONGITUDE: 91 33 W
[TEMPERATURE DATA] [PRECIPITATION DATA] SYMBOLS USED IN COLUMN 16
AVERAGE MONTHLY: 16.5 TOTAL FOR MONTH: 0.42 1 = FOG OR MIST
DPTR FM NORMAL: -6.3 DPTR FM NORMAL: -0.62 2 = FOG REDUCING VISIBILITY
HIGHEST: 45 ON 13,12 GRTST 24HR 0.22 ON 14-14 TO 1/4 MILE OR LESS
LOWEST: -9 ON 26,21 3 = THUNDER
SNOW, ICE PELLETS, HAIL 4 = ICE PELLETS
TOTAL MONTH: M 5 = HAIL
GRTST 24HR M ON M 6 = FREEZING RAIN OR DRIZZLE
GRTST DEPTH: M ON M 7 = DUSTSTORM OR SANDSTORM:
VSBY 1/2 MILE OR LESS
8 = SMOKE OR HAZE
[NO. OF DAYS WITH] [WEATHER - DAYS WITH] 9 = BLOWING SNOW
X = TORNADO
MAX 32 OR BELOW: 21 0.01 INCH OR MORE: 3
MAX 90 OR ABOVE: 0 0.10 INCH OR MORE: 2
MIN 32 OR BELOW: 31 0.50 INCH OR MORE: 0
MIN 0 OR BELOW: 8 1.00 INCH OR MORE: 0
[HDD (BASE 65) ]
TOTAL THIS MO. 1496 CLEAR (SCALE 0-3) 19
DPTR FM NORMAL 186 PTCLDY (SCALE 4-7) 10
TOTAL FM JUL 1 3463 CLOUDY (SCALE 8-10) 2
DPTR FM NORMAL -218
[CDD (BASE 65) ]
TOTAL THIS MO. 0
DPTR FM NORMAL 0 [PRESSURE DATA]
TOTAL FM JAN 1 0 HIGHEST SLP 30.77 ON 20
DPTR FM NORMAL 0 LOWEST SLP 29.54 ON 4
[REMARKS]
#FINAL-01-22#