000
CXUS53 KEAX 010736
CF6IRK
PRELIMINARY LOCAL CLIMATOLOGICAL DATA (WS FORM: F-6)
STATION: KIRKSVILLE MO
MONTH: APRIL
YEAR: 2022
LATITUDE: 40 5 N
LONGITUDE: 92 33 W
TEMPERATURE IN F: :PCPN: SNOW: WIND :SUNSHINE: SKY :PK WND
================================================================================
1 2 3 4 5 6A 6B 7 8 9 10 11 12 13 14 15 16 17 18
12Z AVG MX 2MIN
DY MAX MIN AVG DEP HDD CDD WTR SNW DPTH SPD SPD DIR MIN PSBL S-S WX SPD DR
================================================================================
1 50 22 36 -11 29 0 0.00 M M 5.2 12 150 M M 0 16 140
2 57 32 45 -3 20 0 0.02 M M 10.5 24 330 M M 5 34 310
3 59 30 45 -3 20 0 0.09 M M 6.2 15 330 M M 5 1 20 330
4 56 36 46 -2 19 0 0.00 M M 8.0 18 340 M M 2 12 25 350
5 65 37 51 2 14 0 0.41 M M 11.2 22 260 M M 7 13 35 300
6 55 39 47 -2 18 0 T M M 15.2 29 300 M M 6 43 280
7 42 33 38 -12 27 0 0.04 M M 15.2 29 290 M M 8 18 43 270
8 42 28 35 -15 30 0 T M M 11.5 23 340 M M 9 1 35 330
9 57 27 42 -8 23 0 0.00 M M 7.3 12 280 M M 0 18 290
10 81 40 61 11 4 0 0.00 M M 16.4 23 170 M M 0 35 170
11 64 43 54 3 11 0 0.00 M M 5.7 10 110 M M 1 16 360
12 81 42 62 11 3 0 0.00 M M 18.4 33 170 M M 4 46 160
13 69 33 51 0 14 0 0.38 M M 10.1 24 290 M M 7 13 34 320
14 56 31 44 -8 21 0 0.00 M M 11.4 30 260 M M 1 49 250
15 53 33 43 -9 22 0 0.00 M M 8.7 16 360 M M 3 21 360
16 53 31 42 -10 23 0 0.00 M M 8.5 16 330 M M 0 25 300
17 39 32 36 -17 29 0 0.44 M M 8.8 15 90 M M 7 128 22 80
18 49 30 40 -13 25 0 0.00 M M 11.8 26 310 M M 3 12 39 290
19 51 23 37 -16 28 0 0.00 M M 6.5 14 110 M M 4 18 100
20 54 43 49 -5 16 0 0.67 M M 15.1 26 140 M M 10 13 36 140
21 68 43 56 2 9 0 0.00 M M 6.9 18 120 M M 7 1 25 110
22 82 59 71 17 0 6 0.00 M M 18.0 31 180 M M 6 45 170
23 79 56 68 14 0 3 0.34 M M 19.2 36 210 M M 4 13 52 210
24 65 48 57 2 8 0 0.16 M M 10.5 20 260 M M 4 1 30 270
25 53 31 42 -13 23 0 0.00 M M 10.8 20 280 M M 3 30 320
26 60 27 44 -11 21 0 0.00 M M 4.8 12 290 M M 0 21 270
27 74 41 58 2 7 0 0.00 M M 10.2 20 190 M M 1 28 210
28 61 51 56 0 9 0 0.03 M M 11.8 21 150 M M 7 13 29 150
29 63 51 57 1 8 0 1.06 M M 12.7 30 280 M M 9 13 47 270
30 68 51 60 3 5 0 0.19 M M 15.4 29 150 M M 9 13 46 210
================================================================================
SM 1806 1123 486 9 3.83 M 332.0 M 132
================================================================================
AV 60.2 37.4 11.1 FASTST M M 4 MAX(MPH)
MISC ----> 36 210 52 210
================================================================================
NOTES:
# LAST OF SEVERAL OCCURRENCES
COLUMN 17 PEAK WIND IN M.P.H.
PRELIMINARY LOCAL CLIMATOLOGICAL DATA (WS FORM: F-6) , PAGE 2
STATION: KIRKSVILLE MO
MONTH: APRIL
YEAR: 2022
LATITUDE: 40 5 N
LONGITUDE: 92 33 W
[TEMPERATURE DATA] [PRECIPITATION DATA] SYMBOLS USED IN COLUMN 16
AVERAGE MONTHLY: 48.8 TOTAL FOR MONTH: 3.83 1 = FOG OR MIST
DPTR FM NORMAL: -3.3 DPTR FM NORMAL: -0.10 2 = FOG REDUCING VISIBILITY
HIGHEST: 82 ON 22 GRTST 24HR 1.14 ON 29-30 TO 1/4 MILE OR LESS
LOWEST: 22 ON 1 3 = THUNDER
SNOW, ICE PELLETS, HAIL 4 = ICE PELLETS
TOTAL MONTH: M 5 = HAIL
GRTST 24HR M ON M 6 = FREEZING RAIN OR DRIZZLE
GRTST DEPTH: M ON M 7 = DUSTSTORM OR SANDSTORM:
VSBY 1/2 MILE OR LESS
8 = SMOKE OR HAZE
[NO. OF DAYS WITH] [WEATHER - DAYS WITH] 9 = BLOWING SNOW
X = TORNADO
MAX 32 OR BELOW: 0 0.01 INCH OR MORE: 12
MAX 90 OR ABOVE: 0 0.10 INCH OR MORE: 8
MIN 32 OR BELOW: 12 0.50 INCH OR MORE: 2
MIN 0 OR BELOW: 0 1.00 INCH OR MORE: 1
[HDD (BASE 65) ]
TOTAL THIS MO. 486 CLEAR (SCALE 0-3) 11
DPTR FM NORMAL 92 PTCLDY (SCALE 4-7) 14
TOTAL FM JUL 1 5341 CLOUDY (SCALE 8-10) 5
DPTR FM NORMAL -232
[CDD (BASE 65) ]
TOTAL THIS MO. 9
DPTR FM NORMAL 0 [PRESSURE DATA]
TOTAL FM JAN 1 9 HIGHEST SLP M ON M
DPTR FM NORMAL -1 LOWEST SLP 29.42 ON 5
[REMARKS]
#FINAL-04-22#