000
CXUS52 TJSJ 010426
CF6ISX
PRELIMINARY LOCAL CLIMATOLOGICAL DATA (WS FORM: F-6)
STATION: HENRY E. ROHLSEN AP/ST CROIX
MONTH: AUGUST
YEAR: 2023
LATITUDE: 17 42 N
LONGITUDE: 64 48 W
TEMPERATURE IN F: :PCPN: SNOW: WIND :SUNSHINE: SKY :PK WND
================================================================================
1 2 3 4 5 6A 6B 7 8 9 10 11 12 13 14 15 16 17 18
12Z AVG MX 2MIN
DY MAX MIN AVG DEP HDD CDD WTR SNW DPTH SPD SPD DIR MIN PSBL S-S WX SPD DR
================================================================================
1 88 82 85 2 0 20 0.00 M M 6.9 10 140 M M 5 M M
2 90 78 84 1 0 19 T M M 3.8 12 140 M M 6 16 150
3 91 80 86 3 0 21 0.27 M M 7.2 24 80 M M 4 8 32 90
4 92 78 85 2 0 20 0.02 M M 7.6 17 100 M M 5 13 27 140
5 93 82 88 5 0 23 T M M 12.8 22 110 M M 3 28 100
6 94 83 89 6 0 24 0.01 M M 14.5 23 100 M M 4 30 110
7 94 82 88 5 0 23 T M M 11.5 22 100 M M 3 28 100
8 93 82 88 5 0 23 0.02 M M 11.2 20 100 M M 3 1 29 110
9 93 82 88 4 0 23 0.08 M M 12.4 21 110 M M 3 28 120
10 94 83 89 5 0 24 T M M 13.6 25 90 M M 3 32 90
11 94 82 88 4 0 23 T M M 11.8 23 100 M M 2 28 100
12 94 80 87 3 0 22 T M M 13.6 24 100 M M 3 3 31 100
13 94 82 88 4 0 23 0.05 M M 13.0 23 90 M M 3 30 100
14 96 83 90 6 0 25 T M M 16.1 24 70 M M 3 33 50
15 95 85 90 6 0 25 T M M 15.1 25 60 M M 3 36 70
16 93 83 88 4 0 23 0.04 M M 13.8 22 100 M M 5 8 31 90
17 95 80 88 4 0 23 0.04 M M 14.5 24 70 M M 2 8 43 80
18 93 77 85 1 0 20 0.86 M M 14.9 32 50 M M 4 138 51 50
19 94 84 89 5 0 24 T M M 16.1 24 60 M M 5 35 70
20 91 79 85 1 0 20 0.42 M M 15.9 33 100 M M 6 18 47 100
21 87 78 83 -1 0 18 0.18 M M 8.4 25 130 M M 7 1 36 130
22 90 79 85 1 0 20 T M M 7.7 15 10 M M 4 3 23 350
23 90 80 85 1 0 20 0.00 M M 5.3 12 150 M M 3 15 150
24 90 78 84 0 0 19 0.00 M M 4.4 10 170 M M 2 15 170
25 88 78 83 -1 0 18 0.00 M M 4.1 9 200 M M 0 14 210
26 91 83 87 4 0 22 0.00 M M 7.9 14 230 M M 2 20 220
27 92 84 88 5 0 23 0.00 M M 8.1 14 160 M M 3 19 180
28 92 85 89 6 0 24 0.00 M M 9.1 14 120 M M 4 19 140
29 93 80 87 4 0 22 0.00 M M 8.9 16 100 M M 3 22 100
30 94 83 89 6 0 24 T M M 10.0 16 110 M M 2 23 120
31 93 81 87 4 0 22 0.00 M M 9.2 17 110 M M 2 23 100
================================================================================
SM 2861 2516 0 680 1.99 M 329.4 M 107
================================================================================
AV 92.3 81.2 10.6 FASTST M M 3 MAX(MPH)
MISC ----> 33 100 51 50
================================================================================
NOTES:
# LAST OF SEVERAL OCCURRENCES
COLUMN 17 PEAK WIND IN M.P.H.
PRELIMINARY LOCAL CLIMATOLOGICAL DATA (WS FORM: F-6) , PAGE 2
STATION: HENRY E. ROHLSEN AP/ST CROIX
MONTH: AUGUST
YEAR: 2023
LATITUDE: 17 42 N
LONGITUDE: 64 48 W
[TEMPERATURE DATA] [PRECIPITATION DATA] SYMBOLS USED IN COLUMN 16
AVERAGE MONTHLY: 86.7 TOTAL FOR MONTH: 1.99 1 = FOG OR MIST
DPTR FM NORMAL: 3.3 DPTR FM NORMAL: -1.24 2 = FOG REDUCING VISIBILITY
HIGHEST: 96 ON 14 GRTST 24HR 0.90 ON 17-18 TO 1/4 MILE OR LESS
LOWEST: 77 ON 18 3 = THUNDER
SNOW, ICE PELLETS, HAIL 4 = ICE PELLETS
TOTAL MONTH: M 5 = HAIL
GRTST 24HR M ON M 6 = FREEZING RAIN OR DRIZZLE
GRTST DEPTH: M ON M 7 = DUSTSTORM OR SANDSTORM:
VSBY 1/2 MILE OR LESS
8 = SMOKE OR HAZE
[NO. OF DAYS WITH] [WEATHER - DAYS WITH] 9 = BLOWING SNOW
X = TORNADO
MAX 32 OR BELOW: 0 0.01 INCH OR MORE: 11
MAX 90 OR ABOVE: 28 0.10 INCH OR MORE: 4
MIN 32 OR BELOW: 0 0.50 INCH OR MORE: 1
MIN 0 OR BELOW: 0 1.00 INCH OR MORE: 0
[HDD (BASE 65) ]
TOTAL THIS MO. 0 CLEAR (SCALE 0-3) 15
DPTR FM NORMAL 0 PTCLDY (SCALE 4-7) 16
TOTAL FM JUL 1 0 CLOUDY (SCALE 8-10) 0
DPTR FM NORMAL 0
[CDD (BASE 65) ]
TOTAL THIS MO. 680
DPTR FM NORMAL 108 [PRESSURE DATA]
TOTAL FM JAN 1 4102 HIGHEST SLP M ON M
DPTR FM NORMAL 316 LOWEST SLP 29.77 ON 22
[REMARKS]
#FINAL-08-23#