000
CXHW53 PHFO 011616
CLMITO
CLIMATE REPORT
NATIONAL WEATHER SERVICE HONOLULU HI
616 AM HST SAT APR 01 2023
...................................
...THE HILO HI CLIMATE SUMMARY FOR THE MONTH OF MARCH 2023...
CLIMATE NORMAL PERIOD 1991 TO 2020
CLIMATE RECORD PERIOD 1949 TO 2023
WEATHER OBSERVED NORMAL DEPART LAST YEAR`S
VALUE DATE(S) VALUE FROM VALUE DATE(S)
NORMAL
................................................................
TEMPERATURE (F)
RECORD
HIGH 93 03/23/1972
LOW 54 03/03/1983
HIGHEST 88 03/14 79 9 85 03/07
03/21
03/30
LOWEST 62 03/05 65 -3 64 03/04
03/07
03/17
AVG. MAXIMUM 82.0 78.5 3.5 82.7
AVG. MINIMUM 66.6 65.2 1.4 67.4
MEAN 74.3 71.9 2.4 75.1
DAYS MAX >= 90 0 0
DAYS MAX >= 93 0 0
DAYS MAX <= 80 9 1
DAYS MIN >= 72 0 1
DAYS MIN <= 60 0 0
DAYS MIN <= 55 0 0
PRECIPITATION (INCHES)
RECORD
MAXIMUM 49.93 1980
MINIMUM 0.88 1972
TOTALS 7.40 12.68 -5.28 4.31
DAILY AVG. 0.24 0.41 -0.17 0.14
DAYS >= .01 17 21.8 -4.8 24
DAYS >= .10 12 14.9 -2.9 10
DAYS >= .50 5 6.4 -1.4 2
DAYS >= 1.00 3 3.2 -0.2 1
GREATEST
24 HR. TOTAL 1.71 03/22 TO 03/23 1.09
SNOWFALL (INCHES)
RECORDS
TOTAL MM 5
TOTALS MM MM MM MM
SINCE 7/1 MM MM MM MM
SNOWDEPTH AVG. MM MM
DAYS >= 1.0 MM MM MM MM
GREATEST
SNOW DEPTH MM MM MM
24 HR TOTAL MM MM
DEGREE DAYS
HEATING TOTAL 0 0 0 0
SINCE 7/1 0 0 0 MM
COOLING TOTAL 298 212 86 320
SINCE 1/1 758 585 173 MM
................................................................
WIND (MPH)
AVERAGE WIND SPEED 6.8
HIGHEST WIND SPEED/DIRECTION 28/080 DATE 03/01
HIGHEST GUST SPEED/DIRECTION 34/080 DATE 03/01
SKY COVER
POSSIBLE SUNSHINE (PERCENT) MM
AVERAGE SKY COVER 0.60
NUMBER OF DAYS FAIR 7
NUMBER OF DAYS PC 13
NUMBER OF DAYS CLOUDY 11
AVERAGE RH (PERCENT) 78
WEATHER CONDITIONS. NUMBER OF DAYS WITH
THUNDERSTORM MM MIXED PRECIP MM
HEAVY RAIN 9 RAIN 13
LIGHT RAIN 17 FREEZING RAIN MM
LT FREEZING RAIN MM HAIL MM
HEAVY SNOW MM SNOW MM
LIGHT SNOW MM SLEET MM
FOG 17 FOG W/VIS <= 1/4 MILE MM
HAZE 8
- INDICATES NEGATIVE NUMBERS.
R INDICATES RECORD WAS SET OR TIED.
MM INDICATES DATA IS MISSING.
T INDICATES TRACE AMOUNT.
$$