000
CXUS55 KGLD 010800
CF6ITR
PRELIMINARY LOCAL CLIMATOLOGICAL DATA (WS FORM: F-6)
STATION: BURLINGTON CO
MONTH: MARCH
YEAR: 2021
LATITUDE: 39 15 N
LONGITUDE: 102 17 W
TEMPERATURE IN F: :PCPN: SNOW: WIND :SUNSHINE: SKY :PK WND
================================================================================
1 2 3 4 5 6A 6B 7 8 9 10 11 12 13 14 15 16 17 18
12Z AVG MX 2MIN
DY MAX MIN AVG DEP HDD CDD WTR SNW DPTH SPD SPD DIR MIN PSBL S-S WX SPD DR
================================================================================
1 51 15 33 -2 32 0 0.00 M M 8.5 17 340 M M 0 23 340
2 69 24 47 12 18 0 0.00 M M 12.1 15 210 M M 0 M M
3 67 24 46 10 19 0 0.00 M M 9.2 9 100 M M 0 M M
4 55 22 39 3 26 0 0.44 M M 12.1 30 140 M M 9 1 38 40
5 62 34 48 12 17 0 0.01 M M 9.1 15 350 M M 1 21 350
6 68 32 50 13 15 0 0.00 M M 19.7 32 170 M M 0 45 160
7 74 33 54 17 11 0 0.00 M M 11.0 22 180 M M 0 28 180
8 71 37 54 17 11 0 0.00 M M 11.5 22 190 M M 0 29 190
9 75 34 55 17 10 0 0.00 M M 11.5 25 230 M M 0 34 220
10 57 30 44 6 21 0 0.00 M M 13.7 28 330 M M 1 36 320
11 54 21 38 0 27 0 0.00 M M 10.0 21 150 M M 1 29 140
12 45 29 37 -2 28 0 0.00 M M 13.9 23 120 M M 9 128 29 110
13 37 34 36 -3 29 0 2.11 M M 13.5 25 60 M M 10 123 32 70
14 49 34 42 3 23 0 0.56 M M 14.7 26 170 M M 9 123 35 80
15 44 32 38 -2 27 0 0.05 M M 11.6 23 360 M M 8 1 32 350
16 47 29 38 -2 27 0 0.00 M M 13.8 22 360 M M 4 29 350
17 39 25 32 -8 33 0 0.00 M M 16.8 31 360 M M 6 43 10
18 49 22 36 -4 29 0 0.00 M M 8.3 14 150 M M 0 18 10
19 59 27 43 2 22 0 0.00 M M 16.7 24 170 M M 0 36 170
20 73 34 54 13 11 0 0.00 M M 22.0 33 170 M M 0 43 160
21 56 38 47 6 18 0 0.15 M M 15.4 25 360 M M 3 33 210
22 41 34 38 -4 27 0 0.40 M M 14.7 25 30 M M 10 1 32 30
23 52 31 42 0 23 0 0.00 M M 17.1 32 350 M M 3 44 350
24 47 32 40 -2 25 0 0.00 M M 12.0 23 360 M M 5 29 360
25 54 30 42 0 23 0 0.00 M M 14.2 23 210 M M 4 12 31 180
26 55 34 45 2 20 0 0.02 M M 10.4 23 150 M M 6 1 29 310
27 56 28 42 -1 23 0 0.00 M M 13.9 32 330 M M 2 46 320
28 70 27 49 6 16 0 0.00 M M 12.7 26 230 M M 0 33 210
29 86 36 61 18 4 0 0.00 M M 20.4 40 10 M M 0 8 60 350
30 44 23 34 -10 31 0 0.00 M M 8.8 21 350 M M 4 29 330
31 54 24 39 -5 26 0 T M M 10.9 23 320 M M 1 32 340
================================================================================
SM 1760 909 672 0 3.74 M 410.2 M 96
================================================================================
AV 56.8 29.3 13.2 FASTST M M 3 MAX(MPH)
MISC ----> 40 10 60 350
================================================================================
NOTES:
# LAST OF SEVERAL OCCURRENCES
COLUMN 17 PEAK WIND IN M.P.H.
PRELIMINARY LOCAL CLIMATOLOGICAL DATA (WS FORM: F-6) , PAGE 2
STATION: BURLINGTON CO
MONTH: MARCH
YEAR: 2021
LATITUDE: 39 15 N
LONGITUDE: 102 17 W
[TEMPERATURE DATA] [PRECIPITATION DATA] SYMBOLS USED IN COLUMN 16
AVERAGE MONTHLY: 43.0 TOTAL FOR MONTH: 3.74 1 = FOG OR MIST
DPTR FM NORMAL: 3.3 DPTR FM NORMAL: 2.85 2 = FOG REDUCING VISIBILITY
HIGHEST: 86 ON 29 GRTST 24HR 2.28 ON 13-14 TO 1/4 MILE OR LESS
LOWEST: 15 ON 1 3 = THUNDER
SNOW, ICE PELLETS, HAIL 4 = ICE PELLETS
TOTAL MONTH: M 5 = HAIL
GRTST 24HR M ON M 6 = FREEZING RAIN OR DRIZZLE
GRTST DEPTH: M ON M 7 = DUSTSTORM OR SANDSTORM:
VSBY 1/2 MILE OR LESS
8 = SMOKE OR HAZE
[NO. OF DAYS WITH] [WEATHER - DAYS WITH] 9 = BLOWING SNOW
X = TORNADO
MAX 32 OR BELOW: 0 0.01 INCH OR MORE: 8
MAX 90 OR ABOVE: 0 0.10 INCH OR MORE: 5
MIN 32 OR BELOW: 20 0.50 INCH OR MORE: 2
MIN 0 OR BELOW: 0 1.00 INCH OR MORE: 1
[HDD (BASE 65) ]
TOTAL THIS MO. 672 CLEAR (SCALE 0-3) 17
DPTR FM NORMAL -112 PTCLDY (SCALE 4-7) 9
TOTAL FM JUL 1 4982 CLOUDY (SCALE 8-10) 5
DPTR FM NORMAL -349
[CDD (BASE 65) ]
TOTAL THIS MO. 0
DPTR FM NORMAL 0 [PRESSURE DATA]
TOTAL FM JAN 1 0 HIGHEST SLP M ON M
DPTR FM NORMAL 0 LOWEST SLP 29.45 ON 9
[REMARKS]
#FINAL-03-21#