000
CXUS54 KJAN 011833
CF6JAN
PRELIMINARY LOCAL CLIMATOLOGICAL DATA (WS FORM: F-6)
STATION: JACKSON
MONTH: SEPTEMBER
YEAR: 2021
LATITUDE: 32 19 N
LONGITUDE: 90 5 W
TEMPERATURE IN F: :PCPN: SNOW: WIND :SUNSHINE: SKY :PK WND
================================================================================
1 2 3 4 5 6A 6B 7 8 9 10 11 12 13 14 15 16 17 18
12Z AVG MX 2MIN
DY MAX MIN AVG DEP HDD CDD WTR SNW DPTH SPD SPD DIR MIN PSBL S-S WX SPD DR
================================================================================
1 96 70 83 3 0 18 0.41 0.0 0 5.7 30 10 M M 3 13 44 10
2 90 70 80 0 0 15 0.00 0.0 0 4.2 13 360 M M 3 16 30
3 90 69 80 0 0 15 0.00 0.0 0 2.2 9 360 M M 3 1 14 350
4 91 68 80 0 0 15 0.00 0.0 0 1.6 9 350 M M 1 1 11 360
5 93 69 81 1 0 16 0.18 0.0 0 3.6 15 320 M M 4 13 22 330
6 87 71 79 0 0 14 T 0.0 0 6.0 17 20 M M 7 24 20
7 90 68 79 0 0 14 0.00 0.0 0 2.0 12 350 M M 4 19 20
8 90 70 80 1 0 15 0.00 0.0 0 3.2 12 20 M M 3 1 17 50
9 86 60 73 -6 0 8 0.00 0.0 0 6.5 16 10 M M 1 24 10
10 85 56 71 -7 0 6 0.00 0.0 0 4.0 15 330 M M 0 20 330
11 85 58 72 -6 0 7 0.00 0.0 0 3.3 12 90 M M 1 16 80
12 90 62 76 -2 0 11 0.09 0.0 0 5.6 22 150 M M 2 28 140
13 85 70 78 0 0 13 0.01 0.0 0 3.8 10 150 M M 5 1 14 120
14 79 71 75 -3 0 10 0.28 0.0 0 6.7 14 160 M M 6 1 19 130
15 77 70 74 -3 0 9 0.23 0.0 0 8.3 15 70 M M 9 1 22 70
16 81 72 77 0 0 12 T 0.0 0 5.6 10 40 M M 9 1 15 70
17 89 75 82 5 0 17 0.07 0.0 0 7.4 21 150 M M 7 27 150
18 91 73 82 6 0 17 0.00 0.0 0 5.7 14 90 M M 6 20 100
19 88 73 81 5 0 16 0.00 0.0 0 4.6 13 130 M M 6 1 16 140
20 88 73 81 5 0 16 0.62 0.0 0 4.0 15 330 M M 6 1 19 330
21 92 72 82 6 0 17 T 0.0 0 4.2 28 360 M M 3 13 35 360
22 78 55 67 -8 0 2 0.03 0.0 0 12.0 23 360 M M 4 1 32 340
23 78 51 65 -10 0 0 0.00 0.0 0 3.9 16 20 M M 0 1 24 10
24 79 49 64 -11 1 0 0.00 0.0 0 1.8 12 360 M M 1 1 18 10
25 82 50 66 -8 0 1 0.00 0.0 0 1.7 13 20 M M 0 16 10
26 86 55 71 -3 0 6 0.00 0.0 0 1.7 9 80 M M 0 1 13 80
27 87 56 72 -2 0 7 0.00 0.0 0 3.0 10 150 M M 0 12 13 130
28 83 70 77 4 0 12 0.01 0.0 0 5.7 17 120 M M 7 12 23 110
29 83 67 75 2 0 10 0.11 0.0 0 6.3 15 180 M M 7 19 180
30 84 69 77 4 0 12 0.05 0.0 0 6.6 18 130 M M 6 1 23 130
================================================================================
SM 2583 1962 1 331 2.09 0.0 140.9 M 114
================================================================================
AV 86.1 65.4 4.7 FASTST M M 4 MAX(MPH)
MISC ----> 30 10 44 10
================================================================================
NOTES:
# LAST OF SEVERAL OCCURRENCES
COLUMN 17 PEAK WIND IN M.P.H.
PRELIMINARY LOCAL CLIMATOLOGICAL DATA (WS FORM: F-6) , PAGE 2
STATION: JACKSON
MONTH: SEPTEMBER
YEAR: 2021
LATITUDE: 32 19 N
LONGITUDE: 90 5 W
[TEMPERATURE DATA] [PRECIPITATION DATA] SYMBOLS USED IN COLUMN 16
AVERAGE MONTHLY: 75.8 TOTAL FOR MONTH: 2.09 1 = FOG OR MIST
DPTR FM NORMAL: -1.2 DPTR FM NORMAL: -1.39 2 = FOG REDUCING VISIBILITY
HIGHEST: 96 ON 1 GRTST 24HR 0.62 ON 20-20 TO 1/4 MILE OR LESS
LOWEST: 49 ON 24 3 = THUNDER
SNOW, ICE PELLETS, HAIL 4 = ICE PELLETS
TOTAL MONTH: 0.0 INCH 5 = HAIL
GRTST 24HR 0.0 6 = FREEZING RAIN OR DRIZZLE
GRTST DEPTH: 0 7 = DUSTSTORM OR SANDSTORM:
VSBY 1/2 MILE OR LESS
8 = SMOKE OR HAZE
[NO. OF DAYS WITH] [WEATHER - DAYS WITH] 9 = BLOWING SNOW
X = TORNADO
MAX 32 OR BELOW: 0 0.01 INCH OR MORE: 12
MAX 90 OR ABOVE: 10 0.10 INCH OR MORE: 6
MIN 32 OR BELOW: 0 0.50 INCH OR MORE: 1
MIN 0 OR BELOW: 0 1.00 INCH OR MORE: 0
[HDD (BASE 65) ]
TOTAL THIS MO. 1 CLEAR (SCALE 0-3) 12
DPTR FM NORMAL -2 PTCLDY (SCALE 4-7) 16
TOTAL FM JUL 1 1 CLOUDY (SCALE 8-10) 2
DPTR FM NORMAL 1
[CDD (BASE 65) ]
TOTAL THIS MO. 331
DPTR FM NORMAL -29 [PRESSURE DATA]
TOTAL FM JAN 1 2238 HIGHEST SLP 30.20 ON 12
DPTR FM NORMAL -10 LOWEST SLP 29.75 ON 1
[REMARKS]
#FINAL-09-21#