000
CXUS52 KJAX 011321
CLMJAX
CLIMATE REPORT
NATIONAL WEATHER SERVICE JACKSONVILLE FL
921 AM EDT SAT JUL 01 2023
...................................
...THE JACKSONVILLE CLIMATE SUMMARY FOR THE MONTH OF JUNE 2023...
CLIMATE NORMAL PERIOD: 1991 TO 2020
CLIMATE RECORD PERIOD: 1871 TO 2023
WEATHER OBSERVED NORMAL DEPART LAST YEAR`S
VALUE DATE(S) VALUE FROM VALUE DATE(S)
NORMAL
................................................................
TEMPERATURE (F)
RECORD
HIGH 103 06/19/1998
LOW 47 06/01/1984
HIGHEST 98 06/27 97 1 100 06/23
LOWEST 62 06/06 63 -1 63 06/21
AVG. MAXIMUM 90.0 89.9 0.1 91.0
AVG. MINIMUM 70.2 70.7 -0.5 70.5
MEAN 80.1 80.3 -0.2 80.7
DAYS MAX >= 90 17 16.0 1.0 20
DAYS MIN <= 32 0 0.0 0.0 0
PRECIPITATION (INCHES)
RECORD
MAXIMUM 23.32 1932
MINIMUM 1.17 2022
TOTALS 7.63 7.60 0.03 1.17
DAILY AVG. 0.25 0.25 0.00 0.04
DAYS >= .01 16 14.1 1.9 6
DAYS >= .10 12 9.7 2.3 4
DAYS >= .50 5 5.0 0.0 0
DAYS >= 1.00 2 2.4 -0.4 0
GREATEST
24 HR. TOTAL 1.67 06/11 TO 06/11
SNOWFALL (INCHES)
RECORDS
TOTAL T 1996
TOTALS 0.0 0.0 0.0 0.0
DEGREE DAYS
HEATING TOTAL 0 0 0 0
SINCE 7/1 856 1228 -372 MM
COOLING TOTAL 461 459 2 478
SINCE 1/1 1218 1009 209 MM
................................................................
WIND (MPH)
AVERAGE WIND SPEED 7.7
HIGHEST WIND SPEED/DIRECTION 41/280 DATE 06/14
HIGHEST GUST SPEED/DIRECTION 59/280 DATE 06/14
SKY COVER
AVERAGE SKY COVER 0.62
AVERAGE RH (PERCENT) 72
WEATHER CONDITIONS. NUMBER OF DAYS WITH
THUNDERSTORM 16 MIXED PRECIP 0
HEAVY RAIN 10 RAIN 16
LIGHT RAIN 19 FREEZING RAIN 0
LT FREEZING RAIN 0 HAIL 0
HEAVY SNOW 0 SNOW 0
LIGHT SNOW 0 SLEET 0
FOG 17 FOG W/VIS <= 1/4 MILE 1
HAZE 0
- INDICATES NEGATIVE NUMBERS.
R INDICATES RECORD WAS SET OR TIED.
MM INDICATES DATA IS MISSING.
T INDICATES TRACE AMOUNT.
$$