000
CXUS54 KSJT 021534
CF6JCT
PRELIMINARY LOCAL CLIMATOLOGICAL DATA (WS FORM: F-6)
STATION: JUNCTION
MONTH: DECEMBER
YEAR: 2021
LATITUDE: 30 18 N
LONGITUDE: 99 28 W
TEMPERATURE IN F: :PCPN: SNOW: WIND :SUNSHINE: SKY :PK WND
================================================================================
1 2 3 4 5 6A 6B 7 8 9 10 11 12 13 14 15 16 17 18
12Z AVG MX 2MIN
DY MAX MIN AVG DEP HDD CDD WTR SNW DPTH SPD SPD DIR MIN PSBL S-S WX SPD DR
================================================================================
1 80 40 60 8 5 0 0.00 0.0 0 2.8 7 290 M M 1 18 10 310
2 82 42 62 11 3 0 0.00 0.0 0 3.5 15 180 M M 0 18 20 180
3 88 58 73 22 0 8 0.00 0.0 0 5.6 15 200 M M 1 18 21 200
4 83 53 68 17 0 3 0.00 0.0 0 3.1 12 250 M M 2 128 17 240
5 73 57 65 15 0 0 0.00 0.0 0 4.7 16 200 M M 7 18 23 200
6 64 36 50 0 15 0 0.00 0.0 0 8.3 26 360 M M 2 12 36 10
7 75 31 53 3 12 0 0.00 0.0 0 4.9 16 200 M M 0 21 240
8 83 34 59 9 6 0 0.00 0.0 0 3.1 15 190 M M 0 8 21 190
9 85 52 69 19 0 4 0.00 0.0 0 5.2 14 240 M M 2 18 21 230
10 88 50 69 20 0 4 0.00 0.0 0 6.6 25 270 M M 1 18 38 260
11 66 27 47 -2 18 0 0.00 0.0 0 10.0 25 10 M M 1 37 320
12 69 21 45 -4 20 0 0.00 0.0 0 3.2 12 220 M M 0 8 17 220
13 74 31 53 4 12 0 0.00 0.0 0 6.6 20 200 M M 2 8 28 200
14 73 51 62 13 3 0 0.00 0.0 0 4.4 20 200 M M 6 18 28 210
15 78 63 71 23 0 6 0.00 0.0 0 10.7 30 180 M M 5 41 170
16 75 65 70 22 0 5 0.00 0.0 0 4.5 10 180 M M 9 8 14 180
17 75 60 68 20 0 3 T 0.0 0 7.4 22 180 M M 5 18 31 170
18 63 41 52 4 13 0 0.07 0.0 0 9.3 22 30 M M 4 13 33 10
19 48 37 43 -5 22 0 0.06 0.0 0 4.6 12 80 M M 9 17 80
20 66 30 48 0 17 0 T 0.0 0 2.5 12 250 M M 1 1 17 260
21 73 28 51 3 14 0 0.00 0.0 0 4.2 14 240 M M 0 20 240
22 82 36 59 12 6 0 0.00 0.0 0 4.2 12 320 M M 0 8 19 260
23 83 33 58 11 7 0 0.00 0.0 0 6.1 20 200 M M 0 27 200
24 85 55 70 23 0 5 0.00 0.0 0 5.9 15 200 M M 2 18 22 220
25 90 53 72 25 0 7 0.00 0.0 0 4.0 12 300 M M 0 18 17 310
26 89 45 67 20 0 2 0.00 0.0 0 6.5 22 210 M M 0 18 33 210
27 81 48 65 18 0 0 0.00 0.0 0 3.4 15 160 M M 4 128 22 160
28 81 51 66 19 0 1 0.00 0.0 0 1.6 17 310 M M 2 128 22 300
29 80 49 65 18 0 0 0.00 0.0 0 3.8 20 310 M M 2 18 30 290
30 82 42 62 15 3 0 0.00 0.0 0 4.2 20 220 M M 2 8 26 200
31 85 47 66 19 0 1 0.00 0.0 0 5.4 17 330 M M 1 8 25 330
================================================================================
SM 2399 1366 176 49 0.13 0.0 160.3 M 71
================================================================================
AV 77.4 44.1 5.2 FASTST M M 2 MAX(MPH)
MISC ----> 30 180 41 170
================================================================================
NOTES:
# LAST OF SEVERAL OCCURRENCES
COLUMN 17 PEAK WIND IN M.P.H.
PRELIMINARY LOCAL CLIMATOLOGICAL DATA (WS FORM: F-6) , PAGE 2
STATION: JUNCTION
MONTH: DECEMBER
YEAR: 2021
LATITUDE: 30 18 N
LONGITUDE: 99 28 W
[TEMPERATURE DATA] [PRECIPITATION DATA] SYMBOLS USED IN COLUMN 16
AVERAGE MONTHLY: 60.7 TOTAL FOR MONTH: 0.13 1 = FOG OR MIST
DPTR FM NORMAL: 12.1 DPTR FM NORMAL: -0.90 2 = FOG REDUCING VISIBILITY
HIGHEST: 90 ON 25 GRTST 24HR 0.11 ON 18-19 TO 1/4 MILE OR LESS
LOWEST: 21 ON 12 3 = THUNDER
SNOW, ICE PELLETS, HAIL 4 = ICE PELLETS
TOTAL MONTH: 0.0 INCH 5 = HAIL
GRTST 24HR 0.0 6 = FREEZING RAIN OR DRIZZLE
GRTST DEPTH: 0 7 = DUSTSTORM OR SANDSTORM:
VSBY 1/2 MILE OR LESS
8 = SMOKE OR HAZE
[NO. OF DAYS WITH] [WEATHER - DAYS WITH] 9 = BLOWING SNOW
X = TORNADO
MAX 32 OR BELOW: 0 0.01 INCH OR MORE: 2
MAX 90 OR ABOVE: 1 0.10 INCH OR MORE: 0
MIN 32 OR BELOW: 6 0.50 INCH OR MORE: 0
MIN 0 OR BELOW: 0 1.00 INCH OR MORE: 0
[HDD (BASE 65) ]
TOTAL THIS MO. 176 CLEAR (SCALE 0-3) 23
DPTR FM NORMAL -334 PTCLDY (SCALE 4-7) 6
TOTAL FM JUL 1 424 CLOUDY (SCALE 8-10) 2
DPTR FM NORMAL -444
[CDD (BASE 65) ]
TOTAL THIS MO. 49
DPTR FM NORMAL 47 [PRESSURE DATA]
TOTAL FM JAN 1 2678 HIGHEST SLP 30.35 ON 19
DPTR FM NORMAL 58 LOWEST SLP 29.56 ON 31
[REMARKS]
#FINAL-12-21#