000
CXUS55 KGGW 010810
CF6JDN
PRELIMINARY LOCAL CLIMATOLOGICAL DATA (WS FORM: F-6)
STATION: JORDAN ASOS MT
MONTH: APRIL
YEAR: 2021
LATITUDE: 47 19 N
LONGITUDE: 106 50 W
TEMPERATURE IN F: :PCPN: SNOW: WIND :SUNSHINE: SKY :PK WND
================================================================================
1 2 3 4 5 6A 6B 7 8 9 10 11 12 13 14 15 16 17 18
12Z AVG MX 2MIN
DY MAX MIN AVG DEP HDD CDD WTR SNW DPTH SPD SPD DIR MIN PSBL S-S WX SPD DR
================================================================================
1 75 23 49 9 16 0 0.00 M M 11.1 25 230 M M 0 33 230
2 73 34 54 14 11 0 0.00 M M 8.8 25 270 M M 0 35 270
3 77 28 53 13 12 0 0.00 M M 8.8 23 290 M M 0 34 270
4 78 30 54 14 11 0 0.00 M M 10.0 23 280 M M 0 41 250
5 58 42 50 9 15 0 0.00 M M 9.5 21 360 M M 0 30 350
6 58 37 48 7 17 0 0.00 M M 5.6 20 230 M M 0 25 220
7 70 23 47 5 18 0 0.00 M M 4.8 15 200 M M 0 24 230
8 65 31 48 6 17 0 0.00 M M 12.9 37 320 M M 0 48 290
9 57 26 42 0 23 0 0.00 M M 8.7 25 330 M M 0 36 230
10 69 26 48 6 17 0 0.00 M M 14.7 38 320 M M 0 48 320
11 42 26 34 -9 31 0 0.01 M M 20.5 35 320 M M 0 45 300
12 38 26 32 -11 33 0 0.06 M M 17.1 30 330 M M 0 37 330
13 32 25 29 -14 36 0 0.10 M M 12.9 23 330 M M 0 31 350
14 32 25 29 -15 36 0 0.02 M M 7.2 13 30 M M 0 16 30
15 38 28 33 -11 32 0 0.00 M M 3.4 9 30 M M 0 14 10
16 58 26 42 -2 23 0 0.00 M M 7.1 23 340 M M 0 30 320
17 65 23 44 0 21 0 0.00 M M 6.9 17 340 M M 0 25 350
18 47 32 40 -5 25 0 0.22 M M 11.5 20 350 M M 0 26 40
19 42 23 33 -12 32 0 0.02 M M 11.5 31 320 M M 0 39 320
20 42 20 31 -14 34 0 0.02 M M 8.4 17 320 M M 0 22 310
21 56 18 37 -9 28 0 0.00 M M 8.1 18 200 M M 0 26 190
22 65 29 47 1 18 0 0.00 M M 12.0 33 360 M M 0 45 360
23 41 28 35 -11 30 0 0.03 M M 5.3 15 10 M M 0 19 10
24 54 32 43 -3 22 0 0.00 M M 7.4 16 140 M M 0 22 130
25 57 39 48 1 17 0 0.00 M M 6.5 15 350 M M 0 20 360
26 57 36 47 0 18 0 0.00 M M 3.4 12 290 M M 0 18 270
27 69 26 48 1 17 0 0.00 M M 6.5 18 220 M M 0 26 220
28 69 31 50 3 15 0 0.00 M M 11.3 26 310 M M 0 36 270
29 72 36 54 6 11 0 0.00 M M 10.2 21 340 M M 0 30 330
30 88 52 70 22 0 5 0.00 M M 12.4 32 270 M M 0 46 310
================================================================================
SM 1744 881 636 5 0.48 M 284.5 M 0
================================================================================
AV 58.1 29.4 9.5 FASTST M M 0 MAX(MPH)
MISC ----> 38 320 # 48 290
================================================================================
NOTES:
# LAST OF SEVERAL OCCURRENCES
COLUMN 17 PEAK WIND IN M.P.H.
PRELIMINARY LOCAL CLIMATOLOGICAL DATA (WS FORM: F-6) , PAGE 2
STATION: JORDAN ASOS MT
MONTH: APRIL
YEAR: 2021
LATITUDE: 47 19 N
LONGITUDE: 106 50 W
[TEMPERATURE DATA] [PRECIPITATION DATA] SYMBOLS USED IN COLUMN 16
AVERAGE MONTHLY: 43.8 TOTAL FOR MONTH: 0.48 1 = FOG OR MIST
DPTR FM NORMAL: -0.2 DPTR FM NORMAL: -0.60 2 = FOG REDUCING VISIBILITY
HIGHEST: 88 ON 30 GRTST 24HR 0.22 ON 18-18 TO 1/4 MILE OR LESS
LOWEST: 18 ON 21 3 = THUNDER
SNOW, ICE PELLETS, HAIL 4 = ICE PELLETS
TOTAL MONTH: M 5 = HAIL
GRTST 24HR M ON M 6 = FREEZING RAIN OR DRIZZLE
GRTST DEPTH: M ON M 7 = DUSTSTORM OR SANDSTORM:
VSBY 1/2 MILE OR LESS
8 = SMOKE OR HAZE
[NO. OF DAYS WITH] [WEATHER - DAYS WITH] 9 = BLOWING SNOW
X = TORNADO
MAX 32 OR BELOW: 2 0.01 INCH OR MORE: 8
MAX 90 OR ABOVE: 0 0.10 INCH OR MORE: 2
MIN 32 OR BELOW: 23 0.50 INCH OR MORE: 0
MIN 0 OR BELOW: 0 1.00 INCH OR MORE: 0
[HDD (BASE 65) ]
TOTAL THIS MO. 636 CLEAR (SCALE 0-3) 30
DPTR FM NORMAL 4 PTCLDY (SCALE 4-7) 0
TOTAL FM JUL 1 6955 CLOUDY (SCALE 8-10) 0
DPTR FM NORMAL -778
[CDD (BASE 65) ]
TOTAL THIS MO. 5
DPTR FM NORMAL 5 [PRESSURE DATA]
TOTAL FM JAN 1 5 HIGHEST SLP M ON M
DPTR FM NORMAL 5 LOWEST SLP 29.52 ON 10
[REMARKS]
#FINAL-04-21#