000
CXUS55 KBOI 011002
CF6JER
PRELIMINARY LOCAL CLIMATOLOGICAL DATA (WS FORM: F-6)
STATION: JEROME ID
MONTH: MARCH
YEAR: 2022
LATITUDE: 42 43 N
LONGITUDE: 114 27 W
TEMPERATURE IN F: :PCPN: SNOW: WIND :SUNSHINE: SKY :PK WND
================================================================================
1 2 3 4 5 6A 6B 7 8 9 10 11 12 13 14 15 16 17 18
12Z AVG MX 2MIN
DY MAX MIN AVG DEP HDD CDD WTR SNW DPTH SPD SPD DIR MIN PSBL S-S WX SPD DR
================================================================================
1 45 32 39 1 26 0 0.00 M M 16.4 22 60 M M 2 26 60
2 47 33 40 2 25 0 0.00 M M 17.6 22 60 M M 0 27 50
3 54 35 45 7 20 0 0.00 M M 13.9 22 70 M M 0 26 70
4 43 33 38 -1 27 0 0.00 M M 11.7 20 260 M M 7 25 250
5 36 29 33 -6 32 0 0.02 M M 5.4 8 290 M M 10 1 12 310
6 38 27 33 -7 32 0 T M M 6.7 16 300 M M 7 1 20 290
7 43 26 35 -5 30 0 0.00 M M 8.8 21 270 M M 5 1 27 260
8 44 30 37 -3 28 0 T M M 16.2 32 280 M M 7 1 41 290
9 34 19 27 -13 38 0 0.03 M M 13.4 25 90 M M 9 1 33 90
10 31 17 24 -17 41 0 0.00 M M 11.5 25 260 M M 5 30 270
11 46 21 34 -7 31 0 0.00 M M 8.5 22 270 M M 5 34 260
12 60 34 47 6 18 0 0.00 M M 7.0 15 140 M M 1 20 160
13 51 32 42 0 23 0 0.00 M M 16.2 31 290 M M 5 43 270
14 55 31 43 1 22 0 0.00 M M 7.8 18 70 M M 1 24 70
15 48 33 41 -1 24 0 0.15 M M 10.1 18 70 M M 6 1 23 60
16 48 32 40 -2 25 0 T M M 16.6 36 270 M M 4 12 43 280
17 52 27 40 -3 25 0 0.00 M M 6.3 14 70 M M 0 16 70
18 57 30 44 1 21 0 0.00 M M 8.1 16 290 M M 2 23 280
19 62 34 48 5 17 0 T M M 11.4 18 60 M M 3 23 210
20 45 29 37 -6 28 0 T M M 27.4 43 270 M M 3 12 54 270
21 51 29 40 -4 25 0 0.00 M M 12.7 28 280 M M 1 34 270
22 56 28 42 -2 23 0 0.00 M M 4.9 14 280 M M 0 18 280
23 66 36 51 7 14 0 0.00 M M 5.5 10 130 M M 0 13 220
24 65 38 52 8 13 0 0.00 M M 9.0 21 280 M M 1 29 260
25 73 39 56 12 9 0 0.00 M M 8.6 17 300 M M 0 23 80
26 70 39 55 11 10 0 0.00 M M 6.7 12 110 M M 0 16 290
27 73 44 59 14 6 0 0.00 M M 12.2 22 70 M M 0 27 70
28 63 41 52 7 13 0 0.00 M M 7.0 21 280 M M 0 27 270
29 62 39 51 6 14 0 0.00 M M 12.0 29 280 M M 5 38 280
30 60 33 47 2 18 0 0.00 M M 13.5 29 290 M M 0 36 290
31 49 32 41 -4 24 0 0.00 M M 22.4 35 270 M M 0 46 250
================================================================================
SM 1627 982 702 0 0.20 M 355.5 M 89
================================================================================
AV 52.5 31.7 11.5 FASTST M M 3 MAX(MPH)
MISC ----> 43 270 54 270
================================================================================
NOTES:
# LAST OF SEVERAL OCCURRENCES
COLUMN 17 PEAK WIND IN M.P.H.
PRELIMINARY LOCAL CLIMATOLOGICAL DATA (WS FORM: F-6) , PAGE 2
STATION: JEROME ID
MONTH: MARCH
YEAR: 2022
LATITUDE: 42 43 N
LONGITUDE: 114 27 W
[TEMPERATURE DATA] [PRECIPITATION DATA] SYMBOLS USED IN COLUMN 16
AVERAGE MONTHLY: 42.1 TOTAL FOR MONTH: 0.20 1 = FOG OR MIST
DPTR FM NORMAL: 0.0 DPTR FM NORMAL: -0.90 2 = FOG REDUCING VISIBILITY
HIGHEST: 73 ON 27,25 GRTST 24HR 0.15 ON 15-15 TO 1/4 MILE OR LESS
LOWEST: 17 ON 10 3 = THUNDER
SNOW, ICE PELLETS, HAIL 4 = ICE PELLETS
TOTAL MONTH: M 5 = HAIL
GRTST 24HR M ON M 6 = FREEZING RAIN OR DRIZZLE
GRTST DEPTH: M ON M 7 = DUSTSTORM OR SANDSTORM:
VSBY 1/2 MILE OR LESS
8 = SMOKE OR HAZE
[NO. OF DAYS WITH] [WEATHER - DAYS WITH] 9 = BLOWING SNOW
X = TORNADO
MAX 32 OR BELOW: 1 0.01 INCH OR MORE: 3
MAX 90 OR ABOVE: 0 0.10 INCH OR MORE: 1
MIN 32 OR BELOW: 17 0.50 INCH OR MORE: 0
MIN 0 OR BELOW: 0 1.00 INCH OR MORE: 0
[HDD (BASE 65) ]
TOTAL THIS MO. 702 CLEAR (SCALE 0-3) 19
DPTR FM NORMAL -6 PTCLDY (SCALE 4-7) 10
TOTAL FM JUL 1 5318 CLOUDY (SCALE 8-10) 2
DPTR FM NORMAL 114
[CDD (BASE 65) ]
TOTAL THIS MO. 0
DPTR FM NORMAL 0 [PRESSURE DATA]
TOTAL FM JAN 1 0 HIGHEST SLP 30.45 ON 22
DPTR FM NORMAL 0 LOWEST SLP 29.54 ON 28
[REMARKS]
#FINAL-03-22#