000
CXUS51 KOKX 011756
CLMJFK
CLIMATE REPORT
NATIONAL WEATHER SERVICE NEW YORK, NY
156 PM EDT SUN OCT 01 2023
...................................
...THE KENNEDY NY CLIMATE SUMMARY FOR THE MONTH OF SEPTEMBER 2023...
CLIMATE NORMAL PERIOD 1991 TO 2020
CLIMATE RECORD PERIOD 1948 TO 2023
WEATHER OBSERVED NORMAL DEPART LAST YEAR`S
VALUE DATE(S) VALUE FROM VALUE DATE(S)
NORMAL
................................................................
TEMPERATURE (F)
RECORD
HIGH 98 09/10/1983
LOW 40 09/25/1950
09/24/1963
HIGHEST 93 09/05 MM MM 89 09/01
09/06
LOWEST 51 09/27 MM MM 49 09/24
AVG. MAXIMUM 76.2 75.8 0.4 78.0
AVG. MINIMUM 62.5 61.0 1.5 62.7
MEAN 69.4 68.4 1.0 70.3
DAYS MAX >= 90 4 0.5 3.5 0
DAYS MAX <= 32 0 0.0 0.0 0
DAYS MIN <= 32 0 0.0 0.0 0
DAYS MIN <= 0 0 0.0 0.0 0
PRECIPITATION (INCHES)
RECORD
MAXIMUM 13.01 2023
MINIMUM 0.70 1951
TOTALS 13.01R 3.58 9.43 1.85
DAILY AVG. 0.43 0.12 0.31 0.06
DAYS >= .01 12 8.2 3.8 8
DAYS >= .10 9 5.7 3.3 4
DAYS >= .50 6 2.5 3.5 1
DAYS >= 1.00 2 0.9 1.1 0
GREATEST
24 HR. TOTAL 8.65 09/28 TO 09/29 0.87 09/06 TO 09/06
STORM TOTAL 8.65 0.87
(MM/DD(HH)) MM
SNOWFALL (INCHES)
RECORDS
TOTAL 0.0 0
24 HR TOTAL 0.0 MM
TOTALS 0.0 0.0 0.0 0.0
LIQUID EQUIV 0.00 0.00 0.00 0.00
SINCE 7/1 0.0 0.0 0.0
LIQUID 7/1 0.00 0.00 MM
DAYS >= TRACE 0 0.0 0.0 0
DAYS >= 1.0 0 0.0 0.0 0
GREATEST
SNOW DEPTH 0 0 MM
24 HR TOTAL MM MM
STORM TOTAL 0.0 0.0
(MM/DD(HH)) MM
DEGREE DAYS
HEATING TOTAL 37 33 4 20
SINCE 7/1 37 32 5 MM
COOLING TOTAL 179 135 44 188
SINCE 1/1 1035 1001 34 MM
................................................................
WIND (MPH)
AVERAGE WIND SPEED 10.2
HIGHEST WIND SPEED/DIRECTION 29/050 DATE 09/25
HIGHEST GUST SPEED/DIRECTION 40/040 DATE 09/25
SKY COVER
POSSIBLE SUNSHINE (PERCENT) MM
AVERAGE SKY COVER 0.65
NUMBER OF DAYS FAIR 4
NUMBER OF DAYS PC 13
NUMBER OF DAYS CLOUDY 13
AVERAGE RH (PERCENT) 76
WEATHER CONDITIONS. NUMBER OF DAYS WITH
THUNDERSTORM 5 MIXED PRECIP 0
HEAVY RAIN 7 RAIN 8
LIGHT RAIN 15 FREEZING RAIN 0
LT FREEZING RAIN 0 HAIL 0
HEAVY SNOW 0 SNOW 0
LIGHT SNOW 0 SLEET 0
FOG 12 FOG W/VIS <= 1/4 MILE 1
HAZE 0
- INDICATES NEGATIVE NUMBERS.
R INDICATES RECORD WAS SET OR TIED.
MM INDICATES DATA IS MISSING.
T INDICATES TRACE AMOUNT.
$$