000
CXHW50 PHFO 011250
CF6JRF
PRELIMINARY LOCAL CLIMATOLOGICAL DATA (WS FORM: F-6)
STATION: KALAELOA ARPT/OAHU HI
MONTH: JANUARY
YEAR: 2022
LATITUDE: 21 19 N
LONGITUDE: 158 4 W
TEMPERATURE IN F: :PCPN: SNOW: WIND :SUNSHINE: SKY :PK WND
================================================================================
1 2 3 4 5 6A 6B 7 8 9 10 11 12 13 14 15 16 17 18
12Z AVG MX 2MIN
DY MAX MIN AVG DEP HDD CDD WTR SNW DPTH SPD SPD DIR MIN PSBL S-S WX SPD DR
================================================================================
1 79 69 74 1 0 9 1.15 M M 9.3 24 270 M M 7 1 31 170
2 74 67 71 -2 0 6 1.23 M M 5.3 25 210 M M 5 1 31 210
3 79 68 74 1 0 9 0.54 M M 5.5 23 200 M M 4 1 30 200
4 81 69 75 2 0 10 0.21 M M 6.6 23 260 M M 7 1 27 250
5 82 68 75 2 0 10 0.07 M M 4.8 13 270 M M 3 1 15 270
6 82 65 74 1 0 9 0.00 M M 5.8 15 290 M M 2 18 280
7 83 65 74 1 0 9 0.00 M M 7.2 20 300 M M 1 23 290
8 83 62 73 0 0 8 0.00 M M 6.2 16 280 M M 3 22 290
9 81 66 74 1 0 9 0.00 M M 5.4 10 200 M M 1 12 210
10 83 65 74 1 0 9 T M M 6.4 15 230 M M 3 18 220
11 85 67 76 3 0 11 0.00 M M 7.2 13 40 M M 1 20 30
12 84 63 74 1 0 9 T M M 5.1 14 290 M M 5 16 290
13 84 66 75 2 0 10 0.00 M M 4.8 10 210 M M 1 14 230
14 83 65 74 1 0 9 0.01 M M 5.8 13 170 M M 2 15 170
15 84 66 75 2 0 10 0.00 M M 6.3 14 290 M M 2 17 270
16 82 65 74 1 0 9 0.00 M M 5.0 8 170 M M 2 12 60
17 82 65 74 1 0 9 0.00 M M 5.5 10 170 M M 0 13 150
18 82 65 74 1 0 9 0.00 M M 5.4 10 160 M M 0 12 170
19 83 67 75 2 0 10 0.00 M M 5.8 16 140 M M 1 18 130
20 82 66 74 1 0 9 0.00 M M 5.1 9 170 M M 1 12 170
21 85 65 75 2 0 10 0.00 M M 5.4 13 210 M M 2 17 30
22 85 65 75 2 0 10 0.00 M M 4.2 10 50 M M 2 16 50
23 85 64 75 2 0 10 0.00 M M 4.6 10 40 M M 2 18 20
24 83 62 73 0 0 8 0.00 M M 5.3 13 80 M M 0 19 30
25 85 66 76 3 0 11 T M M 5.5 16 120 M M 3 22 130
26 84 68 76 3 0 11 T M M 7.1 17 140 M M 3 22 120
27 82 63 73 0 0 8 0.00 M M 5.2 10 200 M M 2 13 220
28 83 62 73 0 0 8 0.00 M M 6.4 17 140 M M 1 20 140
29 83 67 75 2 0 10 0.00 M M 7.4 18 120 M M 1 23 120
30 82 65 74 1 0 9 T M M 6.7 17 120 M M 2 23 110
31 82 63 73 0 0 8 0.00 M M 4.7 14 150 M M 1 16 160
================================================================================
SM 2557 2029 0 286 3.21 M 181.0 M 70
================================================================================
AV 82.5 65.5 5.8 FASTST M M 2 MAX(MPH)
MISC ----> 25 210 # 31 170
================================================================================
NOTES:
# LAST OF SEVERAL OCCURRENCES
COLUMN 17 PEAK WIND IN M.P.H.
PRELIMINARY LOCAL CLIMATOLOGICAL DATA (WS FORM: F-6) , PAGE 2
STATION: KALAELOA ARPT/OAHU HI
MONTH: JANUARY
YEAR: 2022
LATITUDE: 21 19 N
LONGITUDE: 158 4 W
[TEMPERATURE DATA] [PRECIPITATION DATA] SYMBOLS USED IN COLUMN 16
AVERAGE MONTHLY: 74.0 TOTAL FOR MONTH: 3.21 1 = FOG OR MIST
DPTR FM NORMAL: 1.2 DPTR FM NORMAL: 1.85 2 = FOG REDUCING VISIBILITY
HIGHEST: 85 ON 25,23 GRTST 24HR 1.23 ON 2- 2 TO 1/4 MILE OR LESS
LOWEST: 62 ON 28,24 3 = THUNDER
SNOW, ICE PELLETS, HAIL 4 = ICE PELLETS
TOTAL MONTH: M 5 = HAIL
GRTST 24HR M ON M 6 = FREEZING RAIN OR DRIZZLE
GRTST DEPTH: M ON M 7 = DUSTSTORM OR SANDSTORM:
VSBY 1/2 MILE OR LESS
8 = SMOKE OR HAZE
[NO. OF DAYS WITH] [WEATHER - DAYS WITH] 9 = BLOWING SNOW
X = TORNADO
MAX 32 OR BELOW: 0 0.01 INCH OR MORE: 6
MAX 90 OR ABOVE: 0 0.10 INCH OR MORE: 4
MIN 32 OR BELOW: 0 0.50 INCH OR MORE: 3
MIN 0 OR BELOW: 0 1.00 INCH OR MORE: 2
[HDD (BASE 65) ]
TOTAL THIS MO. 0 CLEAR (SCALE 0-3) 24
DPTR FM NORMAL 0 PTCLDY (SCALE 4-7) 7
TOTAL FM JUL 1 0 CLOUDY (SCALE 8-10) 0
DPTR FM NORMAL 0
[CDD (BASE 65) ]
TOTAL THIS MO. 286
DPTR FM NORMAL 44 [PRESSURE DATA]
TOTAL FM JAN 1 286 HIGHEST SLP 30.18 ON 28
DPTR FM NORMAL 44 LOWEST SLP 29.84 ON 2
[REMARKS]
#FINAL-01-22#