000
CXHW50 PHFO 011250
CF6JRF
PRELIMINARY LOCAL CLIMATOLOGICAL DATA (WS FORM: F-6)
STATION: KALAELOA ARPT/OAHU HI
MONTH: JUNE
YEAR: 2021
LATITUDE: 21 19 N
LONGITUDE: 158 4 W
TEMPERATURE IN F: :PCPN: SNOW: WIND :SUNSHINE: SKY :PK WND
================================================================================
1 2 3 4 5 6A 6B 7 8 9 10 11 12 13 14 15 16 17 18
12Z AVG MX 2MIN
DY MAX MIN AVG DEP HDD CDD WTR SNW DPTH SPD SPD DIR MIN PSBL S-S WX SPD DR
================================================================================
1 86 69 78 0 0 13 0.00 M M 6.4 17 120 M M 3 21 120
2 90 72 81 3 0 16 0.00 M M 7.9 18 140 M M 2 21 130
3 90 68 79 1 0 14 T M M 6.2 16 20 M M 5 21 20
4 88 74 81 3 0 16 0.00 M M 8.2 20 130 M M 4 25 120
5 87 70 79 0 0 14 0.00 M M 7.5 16 50 M M 3 26 80
6 88 67 78 -1 0 13 T M M 7.1 17 40 M M 4 24 50
7 88 71 80 1 0 15 T M M 7.5 17 30 M M 4 25 50
8 89 72 81 2 0 16 T M M 8.7 17 90 M M 3 25 80
9 88 74 81 2 0 16 T M M 8.2 17 50 M M 2 28 50
10 88 75 82 3 0 17 T M M 9.5 20 40 M M 3 33 30
11 87 72 80 1 0 15 T M M 7.7 15 40 M M 5 22 30
12 88 72 80 1 0 15 T M M 6.8 15 30 M M 3 1 22 60
13 87 68 78 -1 0 13 T M M 6.7 16 30 M M 4 23 30
14 88 71 80 1 0 15 T M M 8.1 16 40 M M 1 24 40
15 89 71 80 1 0 15 T M M 7.0 15 80 M M 3 23 20
16 89 71 80 0 0 15 0.00 M M 7.4 18 120 M M 3 25 120
17 88 72 80 0 0 15 T M M 7.1 15 110 M M 3 24 130
18 87 72 80 0 0 15 T M M 8.3 20 120 M M 2 24 120
19 86 70 78 -2 0 13 0.19 M M 5.8 15 300 M M 3 19 270
20 88 71 80 0 0 15 T M M 5.9 14 140 M M 2 8 23 120
21 88 71 80 0 0 15 T M M 7.1 20 130 M M 3 22 130
22 89 69 79 -1 0 14 T M M 6.6 17 140 M M 3 23 140
23 84 71 78 -2 0 13 0.02 M M 5.9 14 120 M M 5 19 120
24 87 69 78 -2 0 13 T M M 8.5 20 130 M M 1 24 130
25 87 66 77 -3 0 12 T M M 7.5 16 150 M M 2 19 140
26 86 69 78 -2 0 13 T M M 5.4 13 150 M M 2 14 210
27 87 69 78 -2 0 13 T M M 8.5 22 120 M M 3 27 120
28 87 68 78 -2 0 13 T M M 8.6 22 130 M M 2 26 140
29 87 67 77 -3 0 12 T M M 8.2 21 130 M M 2 8 24 130
30 89 70 80 0 0 15 T M M 6.9 16 30 M M 3 8 23 40
================================================================================
SM 2630 2111 0 429 0.21 M 221.2 M 88
================================================================================
AV 87.7 70.4 7.4 FASTST M M 3 MAX(MPH)
MISC ----> # 22 120 33 30
================================================================================
NOTES:
# LAST OF SEVERAL OCCURRENCES
COLUMN 17 PEAK WIND IN M.P.H.
PRELIMINARY LOCAL CLIMATOLOGICAL DATA (WS FORM: F-6) , PAGE 2
STATION: KALAELOA ARPT/OAHU HI
MONTH: JUNE
YEAR: 2021
LATITUDE: 21 19 N
LONGITUDE: 158 4 W
[TEMPERATURE DATA] [PRECIPITATION DATA] SYMBOLS USED IN COLUMN 16
AVERAGE MONTHLY: 79.0 TOTAL FOR MONTH: 0.21 1 = FOG OR MIST
DPTR FM NORMAL: -0.3 DPTR FM NORMAL: -0.06 2 = FOG REDUCING VISIBILITY
HIGHEST: 90 ON 3, 2 GRTST 24HR 0.19 ON 19-19 TO 1/4 MILE OR LESS
LOWEST: 66 ON 25 3 = THUNDER
SNOW, ICE PELLETS, HAIL 4 = ICE PELLETS
TOTAL MONTH: M 5 = HAIL
GRTST 24HR M ON M 6 = FREEZING RAIN OR DRIZZLE
GRTST DEPTH: M ON M 7 = DUSTSTORM OR SANDSTORM:
VSBY 1/2 MILE OR LESS
8 = SMOKE OR HAZE
[NO. OF DAYS WITH] [WEATHER - DAYS WITH] 9 = BLOWING SNOW
X = TORNADO
MAX 32 OR BELOW: 0 0.01 INCH OR MORE: 2
MAX 90 OR ABOVE: 2 0.10 INCH OR MORE: 1
MIN 32 OR BELOW: 0 0.50 INCH OR MORE: 0
MIN 0 OR BELOW: 0 1.00 INCH OR MORE: 0
[HDD (BASE 65) ]
TOTAL THIS MO. 0 CLEAR (SCALE 0-3) 19
DPTR FM NORMAL 0 PTCLDY (SCALE 4-7) 11
TOTAL FM JUL 1 0 CLOUDY (SCALE 8-10) 0
DPTR FM NORMAL 0
[CDD (BASE 65) ]
TOTAL THIS MO. 429
DPTR FM NORMAL 0 [PRESSURE DATA]
TOTAL FM JAN 1 1975 HIGHEST SLP 30.23 ON 10
DPTR FM NORMAL 117 LOWEST SLP 29.96 ON 27
[REMARKS]
#FINAL-06-21#