000
CXHW50 PHFO 011250
CF6JRF
PRELIMINARY LOCAL CLIMATOLOGICAL DATA (WS FORM: F-6)
STATION: KALAELOA ARPT/OAHU HI
MONTH: FEBRUARY
YEAR: 2021
LATITUDE: 21 19 N
LONGITUDE: 158 4 W
TEMPERATURE IN F: :PCPN: SNOW: WIND :SUNSHINE: SKY :PK WND
================================================================================
1 2 3 4 5 6A 6B 7 8 9 10 11 12 13 14 15 16 17 18
12Z AVG MX 2MIN
DY MAX MIN AVG DEP HDD CDD WTR SNW DPTH SPD SPD DIR MIN PSBL S-S WX SPD DR
================================================================================
1 82 65 74 2 0 9 0.08 M M 4.9 14 120 M M 3 19 120
2 81 65 73 1 0 8 0.16 M M 8.1 21 160 M M 4 1 24 190
3 76 66 71 -1 0 6 0.56 M M 14.4 31 260 M M 7 1 38 260
4 77 57 67 -5 0 2 0.00 M M 5.6 18 290 M M 5 8 25 290
5 78 60 69 -3 0 4 0.00 M M 6.7 20 290 M M 2 23 300
6 79 60 70 -2 0 5 T M M 7.5 18 280 M M 3 25 280
7 79 59 69 -3 0 4 0.00 M M 4.6 10 180 M M 1 13 180
8 82 60 71 -1 0 6 0.04 M M 8.1 23 280 M M 3 8 26 270
9 79 64 72 0 0 7 0.00 M M 6.3 14 30 M M 1 25 30
10 81 56 69 -3 0 4 0.00 M M 4.7 12 140 M M 2 17 120
11 81 58 70 -2 0 5 0.00 M M 4.9 14 300 M M 2 17 300
12 81 62 72 0 0 7 T M M 3.9 10 160 M M 3 17 120
13 84 63 74 2 0 9 0.00 M M 4.9 14 110 M M 4 22 110
14 84 66 75 3 0 10 0.15 M M 4.6 15 310 M M 3 1 19 330
15 79 67 73 1 0 8 0.07 M M 4.5 14 170 M M 4 1 17 200
16 84 68 76 4 0 11 0.00 M M 5.4 15 300 M M 4 18 300
17 84 66 75 3 0 10 0.00 M M 4.6 14 80 M M 1 21 70
18 84 68 76 4 0 11 T M M 5.3 15 80 M M 2 24 80
19 82 69 76 4 0 11 0.05 M M 5.1 12 70 M M 3 19 30
20 85 69 77 5 0 12 0.00 M M 5.7 14 80 M M 2 21 60
21 86 71 79 7 0 14 0.08 M M 6.5 14 90 M M 5 18 23 100
22 85 67 76 4 0 11 0.00 M M 6.6 16 80 M M 2 25 50
23 84 66 75 3 0 10 T M M 6.9 15 110 M M 3 23 120
24 85 72 79 6 0 14 0.00 M M 9.7 17 80 M M 1 28 100
25 85 72 79 6 0 14 0.00 M M 9.9 20 60 M M 1 31 50
26 85 72 79 6 0 14 0.00 M M 9.4 18 70 M M 2 28 70
27 82 69 76 3 0 11 0.03 M M 8.8 17 50 M M 2 18 28 40
28 83 70 77 4 0 12 0.00 M M 10.5 21 50 M M 2 31 40
================================================================================
SM 2297 1827 0 249 1.22 M 188.1 M 77
================================================================================
AV 82.0 65.3 6.7 FASTST M M 3 MAX(MPH)
MISC ----> 31 260 38 260
================================================================================
NOTES:
# LAST OF SEVERAL OCCURRENCES
COLUMN 17 PEAK WIND IN M.P.H.
PRELIMINARY LOCAL CLIMATOLOGICAL DATA (WS FORM: F-6) , PAGE 2
STATION: KALAELOA ARPT/OAHU HI
MONTH: FEBRUARY
YEAR: 2021
LATITUDE: 21 19 N
LONGITUDE: 158 4 W
[TEMPERATURE DATA] [PRECIPITATION DATA] SYMBOLS USED IN COLUMN 16
AVERAGE MONTHLY: 73.6 TOTAL FOR MONTH: 1.22 1 = FOG OR MIST
DPTR FM NORMAL: 1.2 DPTR FM NORMAL: -0.83 2 = FOG REDUCING VISIBILITY
HIGHEST: 86 ON 21 GRTST 24HR 0.66 ON 2- 3 TO 1/4 MILE OR LESS
LOWEST: 56 ON 10 3 = THUNDER
SNOW, ICE PELLETS, HAIL 4 = ICE PELLETS
TOTAL MONTH: M 5 = HAIL
GRTST 24HR M ON M 6 = FREEZING RAIN OR DRIZZLE
GRTST DEPTH: M ON M 7 = DUSTSTORM OR SANDSTORM:
VSBY 1/2 MILE OR LESS
8 = SMOKE OR HAZE
[NO. OF DAYS WITH] [WEATHER - DAYS WITH] 9 = BLOWING SNOW
X = TORNADO
MAX 32 OR BELOW: 0 0.01 INCH OR MORE: 9
MAX 90 OR ABOVE: 0 0.10 INCH OR MORE: 3
MIN 32 OR BELOW: 0 0.50 INCH OR MORE: 1
MIN 0 OR BELOW: 0 1.00 INCH OR MORE: 0
[HDD (BASE 65) ]
TOTAL THIS MO. 0 CLEAR (SCALE 0-3) 18
DPTR FM NORMAL 0 PTCLDY (SCALE 4-7) 10
TOTAL FM JUL 1 0 CLOUDY (SCALE 8-10) 0
DPTR FM NORMAL 0
[CDD (BASE 65) ]
TOTAL THIS MO. 249
DPTR FM NORMAL 40 [PRESSURE DATA]
TOTAL FM JAN 1 587 HIGHEST SLP 30.21 ON 28
DPTR FM NORMAL 145 LOWEST SLP 29.80 ON 3
[REMARKS]
#FINAL-02-21#