000
CXUS53 KGRR 010910
CF6JXN
PRELIMINARY LOCAL CLIMATOLOGICAL DATA (WS FORM: F-6)
STATION: JACKSON
MONTH: APRIL
YEAR: 2021
LATITUDE: 42 16 N
LONGITUDE: 84 28 W
TEMPERATURE IN F: :PCPN: SNOW: WIND :SUNSHINE: SKY :PK WND
================================================================================
1 2 3 4 5 6A 6B 7 8 9 10 11 12 13 14 15 16 17 18
12Z AVG MX 2MIN
DY MAX MIN AVG DEP HDD CDD WTR SNW DPTH SPD SPD DIR MIN PSBL S-S WX SPD DR
================================================================================
1 36 23 30 -12 35 0 T M M 8.6 21 320 M M 6 1 29 310
2 47 18 33 -10 32 0 0.00 M M 5.1 12 320 M M 0 17 320
3 65 26 46 3 19 0 0.00 M M 10.6 25 210 M M 2 35 210
4 71 30 51 8 14 0 0.00 M M 4.9 16 120 M M 0 1 20 110
5 63 45 54 10 11 0 0.18 M M 7.7 23 170 M M 4 13 32 180
6 80 42 61 17 4 0 0.00 M M 6.2 20 210 M M 1 27 220
7 81 53 67 22 0 2 0.00 M M 9.2 18 150 M M 3 26 140
8 74 54 64 19 1 0 0.04 M M 10.2 22 140 M M 6 32 150
9 73 47 60 14 5 0 0.00 M M 9.9 32 170 M M 4 47 170
10 74 43 59 13 6 0 0.50 M M 6.2 20 80 M M 4 13 26 90
11 57 44 51 5 14 0 0.15 M M 5.5 15 110 M M 7 1 20 110
12 63 41 52 5 13 0 0.00 M M 5.8 21 240 M M 7 12 30 220
13 63 35 49 2 16 0 0.00 M M 8.1 24 220 M M 1 35 180
14 53 32 43 -4 22 0 0.00 M M 7.9 22 200 M M 6 33 240
15 46 33 40 -8 25 0 0.02 M M 9.7 18 260 M M 9 1 30 260
16 58 38 48 0 17 0 T M M 8.1 16 260 M M 6 23 270
17 60 29 45 -3 20 0 0.00 M M 2.7 10 310 M M 5 1 17 300
18 60 33 47 -2 18 0 0.00 M M 5.1 14 240 M M 4 20 250
19 61 37 49 0 16 0 T M M 11.4 29 220 M M 7 44 210
20 38 31 35 -15 30 0 0.10 M M 4.8 10 260 M M 10 1 18 260
21 44 26 35 -15 30 0 T M M 7.1 18 240 M M 5 1 26 310
22 49 23 36 -14 29 0 T M M 6.7 22 230 M M 3 34 260
23 62 28 45 -6 20 0 0.00 M M 9.2 20 200 M M 2 29 170
24 55 36 46 -5 19 0 0.02 M M 3.0 9 180 M M 8 1 12 210
25 53 37 45 -6 20 0 0.00 M M 8.3 16 300 M M 5 12 25 300
26 58 35 47 -5 18 0 0.00 M M 11.6 21 100 M M 4 30 80
27 83 45 64 12 1 0 0.00 M M 11.1 21 180 M M 4 28 180
28 77 54 66 14 0 1 0.03 M M 9.9 23 230 M M 5 1 37 240
29 56 49 53 0 12 0 0.21 M M 7.1 14 270 M M 8 1 24 260
30 56 36 46 -7 19 0 0.00 M M 10.0 21 290 M M 4 33 320
================================================================================
SM 1816 1103 486 3 1.25 M 231.7 M 140
================================================================================
AV 60.5 36.8 7.7 FASTST M M 5 MAX(MPH)
MISC ----> 32 170 47 170
================================================================================
NOTES:
# LAST OF SEVERAL OCCURRENCES
COLUMN 17 PEAK WIND IN M.P.H.
PRELIMINARY LOCAL CLIMATOLOGICAL DATA (WS FORM: F-6) , PAGE 2
STATION: JACKSON
MONTH: APRIL
YEAR: 2021
LATITUDE: 42 16 N
LONGITUDE: 84 28 W
[TEMPERATURE DATA] [PRECIPITATION DATA] SYMBOLS USED IN COLUMN 16
AVERAGE MONTHLY: 48.7 TOTAL FOR MONTH: 1.25 1 = FOG OR MIST
DPTR FM NORMAL: 0.9 DPTR FM NORMAL: -1.36 2 = FOG REDUCING VISIBILITY
HIGHEST: 83 ON 27 GRTST 24HR 0.62 ON 10-11 TO 1/4 MILE OR LESS
LOWEST: 18 ON 2 3 = THUNDER
SNOW, ICE PELLETS, HAIL 4 = ICE PELLETS
TOTAL MONTH: M 5 = HAIL
GRTST 24HR M ON M 6 = FREEZING RAIN OR DRIZZLE
GRTST DEPTH: M ON M 7 = DUSTSTORM OR SANDSTORM:
VSBY 1/2 MILE OR LESS
8 = SMOKE OR HAZE
[NO. OF DAYS WITH] [WEATHER - DAYS WITH] 9 = BLOWING SNOW
X = TORNADO
MAX 32 OR BELOW: 0 0.01 INCH OR MORE: 9
MAX 90 OR ABOVE: 0 0.10 INCH OR MORE: 5
MIN 32 OR BELOW: 10 0.50 INCH OR MORE: 1
MIN 0 OR BELOW: 0 1.00 INCH OR MORE: 0
[HDD (BASE 65) ]
TOTAL THIS MO. 486 CLEAR (SCALE 0-3) 7
DPTR FM NORMAL -36 PTCLDY (SCALE 4-7) 21
TOTAL FM JUL 1 5729 CLOUDY (SCALE 8-10) 2
DPTR FM NORMAL -616
[CDD (BASE 65) ]
TOTAL THIS MO. 3
DPTR FM NORMAL -3 [PRESSURE DATA]
TOTAL FM JAN 1 3 HIGHEST SLP 30.57 ON 2
DPTR FM NORMAL -3 LOWEST SLP 29.36 ON 11
[REMARKS]
#FINAL-04-21#