000
CXUS53 KGID 012139 AAA
CF6JYR
PRELIMINARY LOCAL CLIMATOLOGICAL DATA (WS FORM: F-6)
STATION: YORK NE
MONTH: JULY
YEAR: 2023
LATITUDE: 40 54 N
LONGITUDE: 97 37 W
TEMPERATURE IN F: :PCPN: SNOW: WIND :SUNSHINE: SKY :PK WND
================================================================================
1 2 3 4 5 6A 6B 7 8 9 10 11 12 13 14 15 16 17 18
12Z AVG MX 2MIN
DY MAX MIN AVG DEP HDD CDD WTR SNW DPTH SPD SPD DIR MIN PSBL S-S WX SPD DR
================================================================================
1 73 63 68 M 0 3 0.52 M M 6.6 16 10 M M 5 1 23 20
2 84 59 72 M 0 7 0.00 M M 4.9 9 300 M M 0 1 M M
3 88 63 76 M 0 11 0.00 M M 7.1 12 180 M M 0 1 13 210
4 90 66 78 M 0 13 0.00 M M 9.9 24 60 M M 3 3 31 60
5 75 57 66 M 0 1 T M M 10.1 15 20 M M 7 22 20
6 73 54 64 M 1 0 0.00 M M 5.0 8 150 M M 7 13 120
7 75 59 67 M 0 2 1.27 M M 8.3 18 10 M M 8 28 24 99
8 73 55 64 M 1 0 T M M 5.6 15 10 M M 5 17 20
9 77 57 67 M 0 2 0.00 M M 5.5 9 230 M M 1 1 13 230
10 86 59 73 M 0 8 T M M 10.0 20 110 M M 1 33 120
11 84 63 74 M 0 9 T M M 6.1 12 70 M M 1 14 110
12 81 63 72 M 0 7 0.20 M M 6.3 16 30 M M 4 13 48 210
13 82 59 71 M 0 6 0.07 M M 5.1 12 270 M M 1 1 18 270
14 79 63 71 M 0 6 0.10 M M 5.6 12 30 M M 2 1 24 50
15 82 61 72 M 0 7 0.00 M M 6.1 10 260 M M 1 1 M M
16 81 63 72 M 0 7 0.69 M M 6.0 31 350 M M 3 13 45 350
17 75 63 69 M 0 4 0.02 M M 8.9 14 60 M M 3 18 18 50
18 75 61 68 M 0 3 0.16 M M 9.0 17 90 M M 4 20 160
19 79 61 70 M 0 5 T M M 4.7 9 90 M M 2 12 M M
20 79 64 72 M 0 7 0.00 M M 6.7 13 10 M M 1 1 17 350
21 79 61 70 M 0 5 0.00 M M 4.4 7 300 M M 2 14 300
22 88 59 74 M 0 9 0.00 M M 5.7 9 280 M M 0 M M
23 88 63 76 M 0 11 0.00 M M 8.3 13 150 M M 0 16 150
24 91 66 79 M 0 14 0.00 M M 9.3 15 70 M M 0 21 70
25 90 72 81 M 0 16 0.00 M M 7.3 12 140 M M 0 28 100
26 95 72 84 M 0 19 0.00 M M 5.7 10 310 M M 0 1 15 320
27 97 73 85 M 0 20 0.00 M M 7.2 14 220 M M 0 12 200
28 97 70 84 M 0 19 0.00 M M 4.3 13 30 M M 0 17 220
29 82 66 74 M 0 9 2.03 M M 10.5 30 330 M M 3 123 43 330
30 84 64 74 M 0 9 0.00 M M 8.4 16 100 M M 2 20 90
31 79 68 74 M 0 9 0.18 M M 8.2 17 150 M M 7 1 27 150
================================================================================
SM 2561 1947 2 248 5.24 M 216.8 M 73
================================================================================
AV 82.6 62.8 7.0 FASTST M M 2 MAX(MPH)
MISC ----> 31 350 M M
================================================================================
NOTES:
# LAST OF SEVERAL OCCURRENCES
COLUMN 17 PEAK WIND IN M.P.H.
PRELIMINARY LOCAL CLIMATOLOGICAL DATA (WS FORM: F-6) , PAGE 2
STATION: YORK NE
MONTH: JULY
YEAR: 2023
LATITUDE: 40 54 N
LONGITUDE: 97 37 W
[TEMPERATURE DATA] [PRECIPITATION DATA] SYMBOLS USED IN COLUMN 16
AVERAGE MONTHLY: 72.7 TOTAL FOR MONTH: 5.24 1 = FOG OR MIST
DPTR FM NORMAL: M DPTR FM NORMAL: M 2 = FOG REDUCING VISIBILITY
HIGHEST: 97 ON 28,27 GRTST 24HR 2.03 ON 29-29 TO 1/4 MILE OR LESS
LOWEST: 54 ON 6 3 = THUNDER
SNOW, ICE PELLETS, HAIL 4 = ICE PELLETS
TOTAL MONTH: M 5 = HAIL
GRTST 24HR M ON M 6 = FREEZING RAIN OR DRIZZLE
GRTST DEPTH: M ON M 7 = DUSTSTORM OR SANDSTORM:
VSBY 1/2 MILE OR LESS
8 = SMOKE OR HAZE
[NO. OF DAYS WITH] [WEATHER - DAYS WITH] 9 = BLOWING SNOW
X = TORNADO
MAX 32 OR BELOW: 0 0.01 INCH OR MORE: 10
MAX 90 OR ABOVE: 6 0.10 INCH OR MORE: 7
MIN 32 OR BELOW: 0 0.50 INCH OR MORE: 4
MIN 0 OR BELOW: 0 1.00 INCH OR MORE: 2
[HDD (BASE 65) ]
TOTAL THIS MO. 2 CLEAR (SCALE 0-3) 22
DPTR FM NORMAL M PTCLDY (SCALE 4-7) 9
TOTAL FM JUL 1 2 CLOUDY (SCALE 8-10) 0
DPTR FM NORMAL M
[CDD (BASE 65) ]
TOTAL THIS MO. 248
DPTR FM NORMAL M [PRESSURE DATA]
TOTAL FM JAN 1 549 HIGHEST SLP M ON M
DPTR FM NORMAL M LOWEST SLP M ON M
[REMARKS]
#FINAL-07-23#