000
CXHW53 PHFO 011250
CF6KOA
PRELIMINARY LOCAL CLIMATOLOGICAL DATA (WS FORM: F-6)
STATION: KONA HI
MONTH: APRIL
YEAR: 2020
LATITUDE: 19 38 N
LONGITUDE: 156 0 W
TEMPERATURE IN F: :PCPN: SNOW: WIND :SUNSHINE: SKY :PK WND
================================================================================
1 2 3 4 5 6A 6B 7 8 9 10 11 12 13 14 15 16 17 18
12Z AVG MX 2MIN
DY MAX MIN AVG DEP HDD CDD WTR SNW DPTH SPD SPD DIR MIN PSBL S-S WX SPD DR
================================================================================
1 82 71 77 0 0 12 0.05 0.0 M 6.6 12 160 M M M 1 14 270
2 83 69 76 -1 0 11 0.00 0.0 M 9.3 16 140 M M M 19 170
3 83 69 76 -1 0 11 0.00 0.0 M 8.5 16 330 M M M 19 360
4 84 70 77 0 0 12 0.00 0.0 M 6.9 14 210 M M M 18 190
5 83 73 78 1 0 13 0.00 0.0 M 8.6 18 340 M M M 22 330
6 83 72 78 1 0 13 0.00 0.0 M 7.9 15 210 M M M 20 190
7 84 73 79 2 0 14 0.00 0.0 M 6.3 14 290 M M M 17 280
8 84 71 78 1 0 13 0.00 0.0 M 7.1 14 310 M M M 19 310
9 83 73 78 1 0 13 0.09 0.0 M 6.2 18 290 M M M 23 290
10 84 72 78 1 0 13 0.00 0.0 M 8.1 16 200 M M M 19 200
11 84 73 79 2 0 14 0.00 0.0 M 7.1 13 180 M M M 15 260
12 85 72 79 2 0 14 0.00 0.0 M 6.3 14 310 M M M 18 320
13 85 73 79 2 0 14 0.00 0.0 M 7.5 14 300 M M M 19 320
14 82 75 79 2 0 14 0.00 0.0 M 7.4 18 260 M M M 22 270
15 84 74 79 2 0 14 T 0.0 M 6.8 13 260 M M M 15 270
16 85 72 79 2 0 14 0.00 0.0 M 8.0 13 270 M M M 16 190
17 84 72 78 1 0 13 T 0.0 M 8.1 16 170 M M M 20 140
18 85 72 79 2 0 14 0.00 0.0 M 7.0 16 320 M M M 20 320
19 84 75 80 3 0 15 0.00 0.0 M 6.3 13 290 M M M 15 290
20 85 73 79 2 0 14 0.00 0.0 M 8.2 13 340 M M M 16 340
21 85 72 79 2 0 14 0.00 0.0 M 6.8 13 290 M M M 17 310
22 86 74 80 3 0 15 0.01 0.0 M 10.9 21 360 M M M 24 360
23 84 76 80 3 0 15 0.00 0.0 M 7.2 16 250 M M M 18 250
24 84 73 79 2 0 14 T 0.0 M 6.8 20 40 M M M 26 20
25 84 71 78 1 0 13 0.00 0.0 M 6.6 16 20 M M M 19 180
26 85 73 79 2 0 14 T 0.0 M 7.7 14 150 M M M 18 200
27 86 73 80 3 0 15 T 0.0 M 6.9 17 90 M M M 25 100
28 M M M M M M M M M M M M M M M M M
29 M M M M M M M M M M M M M M M M M
30 84 71 78 1 0 13 0.00 0.0 M 8.3 18 90 M M M 26 70
================================================================================
SM 2354 2027 0 378 0.15 0.0 209.4 M M
================================================================================
AV 84.1 72.4 7.5 FASTST M M 0 MAX(MPH)
MISC ----> # 21 360 # 26 20
================================================================================
NOTES:
# LAST OF SEVERAL OCCURRENCES
COLUMN 17 PEAK WIND IN M.P.H.
PRELIMINARY LOCAL CLIMATOLOGICAL DATA (WS FORM: F-6) , PAGE 2
STATION: KONA HI
MONTH: APRIL
YEAR: 2020
LATITUDE: 19 38 N
LONGITUDE: 156 0 W
[TEMPERATURE DATA] [PRECIPITATION DATA] SYMBOLS USED IN COLUMN 16
AVERAGE MONTHLY: 78.2 TOTAL FOR MONTH: 0.15 1 = FOG OR MIST
DPTR FM NORMAL: 1.4 DPTR FM NORMAL: -1.21 2 = FOG REDUCING VISIBILITY
HIGHEST: 86 ON 27,22 GRTST 24HR 0.09 ON 9- 9 TO 1/4 MILE OR LESS
LOWEST: 69 ON 3, 2 3 = THUNDER
SNOW, ICE PELLETS, HAIL 4 = ICE PELLETS
TOTAL MONTH: 0.0 INCH 5 = HAIL
GRTST 24HR 0.0 6 = FREEZING RAIN OR DRIZZLE
GRTST DEPTH: M ON M 7 = DUSTSTORM OR SANDSTORM:
VSBY 1/2 MILE OR LESS
8 = SMOKE OR HAZE
[NO. OF DAYS WITH] [WEATHER - DAYS WITH] 9 = BLOWING SNOW
X = TORNADO
MAX 32 OR BELOW: 0 0.01 INCH OR MORE: 3
MAX 90 OR ABOVE: 0 0.10 INCH OR MORE: 0
MIN 32 OR BELOW: 0 0.50 INCH OR MORE: 0
MIN 0 OR BELOW: 0 1.00 INCH OR MORE: 0
[HDD (BASE 65) ]
TOTAL THIS MO. 0 CLEAR (SCALE 0-3) 0
DPTR FM NORMAL 0 PTCLDY (SCALE 4-7) 0
TOTAL FM JUL 1 0 CLOUDY (SCALE 8-10) 0
DPTR FM NORMAL 0
[CDD (BASE 65) ]
TOTAL THIS MO. 378
DPTR FM NORMAL 24 [PRESSURE DATA]
TOTAL FM JAN 1 1325 HIGHEST SLP 30.14 ON 15
DPTR FM NORMAL 51 LOWEST SLP 29.84 ON 2
[REMARKS]
#FINAL-04-20#