000
CXUS53 KIND 010600
CF6LAF
PRELIMINARY LOCAL CLIMATOLOGICAL DATA (WS FORM: F-6)
STATION: LAFAYETTE IN
MONTH: MARCH
YEAR: 2020
LATITUDE: 40 25 N
LONGITUDE: 86 56 W
TEMPERATURE IN F: :PCPN: SNOW: WIND :SUNSHINE: SKY :PK WND
================================================================================
1 2 3 4 5 6A 6B 7 8 9 10 11 12 13 14 15 16 17 18
12Z AVG MX 2MIN
DY MAX MIN AVG DEP HDD CDD WTR SNW DPTH SPD SPD DIR MIN PSBL S-S WX SPD DR
================================================================================
1 59 29 44 9 21 0 0.00 M M 8.0 18 180 M M 0 29 180
2 57 40 49 14 16 0 0.23 M M 7.4 17 220 M M 7 1 29 180
3 55 33 44 8 21 0 0.00 M M 9.0 29 270 M M 5 18 42 270
4 51 30 41 5 24 0 0.01 M M 6.1 21 360 M M 3 26 360
5 57 27 42 6 23 0 0.00 M M 9.2 25 240 M M 2 36 290
6 40 24 32 -5 33 0 T M M 13.8 29 280 M M 8 43 260
7 51 18 35 -2 30 0 0.00 M M 4.9 15 190 M M 0 20 160
8 65 36 51 13 14 0 0.00 M M 10.0 21 210 M M 0 32 200
9 62 50 56 18 9 0 0.27 M M 12.3 24 180 M M 5 1 42 180
10 57 37 47 9 18 0 0.25 M M 8.7 20 280 M M 10 18 32 230
11 45 37 41 2 24 0 0.00 M M 3.2 13 250 M M 10 1 17 240
12 59 40 50 11 15 0 0.25 M M 5.6 23 280 M M 8 18 33 290
13 63 34 49 9 16 0 0.00 M M 11.7 22 290 M M 0 37 310
14 44 34 39 -1 26 0 0.41 M M 8.1 17 20 M M 10 1 24 10
15 49 33 41 1 24 0 0.00 M M 8.3 15 50 M M 6 21 110
16 47 35 41 0 24 0 0.03 M M 4.4 10 160 M M 10 1 16 150
17 54 40 47 6 18 0 0.00 M M 6.3 15 330 M M 5 18 23 280
18 49 40 45 3 20 0 0.56 M M 6.9 15 70 M M 7 1 20 60
19 69 45 57 15 8 0 0.56 M M 8.1 14 210 M M 8 1 24 180
20 70 34 52 10 13 0 0.01 M M 14.5 29 310 M M 9 18 41 310
21 37 30 34 -9 31 0 0.00 M M 8.7 17 20 M M 10 23 360
22 39 30 35 -8 30 0 0.16 M M 9.2 15 100 M M 9 1 19 110
23 45 36 41 -3 24 0 0.00 M M 4.0 10 320 M M 10 18 13 350
24 49 38 44 0 21 0 0.02 M M 8.5 17 90 M M 8 22 90
25 66 31 49 5 16 0 0.00 M M 3.9 14 220 M M 3 128 18 210
26 64 48 56 11 9 0 0.07 M M 6.4 17 50 M M 5 18 24 50
27 59 50 55 10 10 0 0.15 M M 11.1 21 90 M M 9 18 28 100
28 74 54 64 19 1 0 0.10 M M 6.9 21 190 M M 7 138 32 180
29 72 53 63 17 2 0 T M M 17.9 38 260 M M 8 52 260
30 63 44 54 8 11 0 0.00 M M 12.7 31 280 M M 5 45 290
31 50 42 46 0 19 0 0.00 M M 8.3 15 360 M M 8 22 360
================================================================================
SM 1721 1152 571 0 3.08 M 264.1 M 195
================================================================================
AV 55.5 37.2 8.5 FASTST M M 6 MAX(MPH)
MISC ----> 38 260 52 260
================================================================================
NOTES:
# LAST OF SEVERAL OCCURRENCES
COLUMN 17 PEAK WIND IN M.P.H.
PRELIMINARY LOCAL CLIMATOLOGICAL DATA (WS FORM: F-6) , PAGE 2
STATION: LAFAYETTE IN
MONTH: MARCH
YEAR: 2020
LATITUDE: 40 25 N
LONGITUDE: 86 56 W
[TEMPERATURE DATA] [PRECIPITATION DATA] SYMBOLS USED IN COLUMN 16
AVERAGE MONTHLY: 46.3 TOTAL FOR MONTH: 3.08 1 = FOG OR MIST
DPTR FM NORMAL: 5.5 DPTR FM NORMAL: 0.41 2 = FOG REDUCING VISIBILITY
HIGHEST: 74 ON 28 GRTST 24HR 0.78 ON 18-19 TO 1/4 MILE OR LESS
LOWEST: 18 ON 7 3 = THUNDER
SNOW, ICE PELLETS, HAIL 4 = ICE PELLETS
TOTAL MONTH: M 5 = HAIL
GRTST 24HR M ON M 6 = FREEZING RAIN OR DRIZZLE
GRTST DEPTH: M ON M 7 = DUSTSTORM OR SANDSTORM:
VSBY 1/2 MILE OR LESS
8 = SMOKE OR HAZE
[NO. OF DAYS WITH] [WEATHER - DAYS WITH] 9 = BLOWING SNOW
X = TORNADO
MAX 32 OR BELOW: 0 0.01 INCH OR MORE: 15
MAX 90 OR ABOVE: 0 0.10 INCH OR MORE: 10
MIN 32 OR BELOW: 8 0.50 INCH OR MORE: 2
MIN 0 OR BELOW: 0 1.00 INCH OR MORE: 0
[HDD (BASE 65) ]
TOTAL THIS MO. 571 CLEAR (SCALE 0-3) 5
DPTR FM NORMAL -180 PTCLDY (SCALE 4-7) 15
TOTAL FM JUL 1 4649 CLOUDY (SCALE 8-10) 11
DPTR FM NORMAL -437
[CDD (BASE 65) ]
TOTAL THIS MO. 0
DPTR FM NORMAL -1 [PRESSURE DATA]
TOTAL FM JAN 1 0 HIGHEST SLP M ON M
DPTR FM NORMAL -1 LOWEST SLP 29.51 ON 29
[REMARKS]
#FINAL-03-20#