000
CXUS55 KCYS 041154
CF6LAR
PRELIMINARY LOCAL CLIMATOLOGICAL DATA (WS FORM: F-6)
STATION: LARAMIE WYOMING AIRPORT
MONTH: JULY
YEAR: 2023
LATITUDE: 41 18 N
LONGITUDE: 105 40 W
TEMPERATURE IN F: :PCPN: SNOW: WIND :SUNSHINE: SKY :PK WND
================================================================================
1 2 3 4 5 6A 6B 7 8 9 10 11 12 13 14 15 16 17 18
12Z AVG MX 2MIN
DY MAX MIN AVG DEP HDD CDD WTR SNW DPTH SPD SPD DIR MIN PSBL S-S WX SPD DR
================================================================================
1 76 42 59 -3 6 0 T M M 9.5 24 320 M M 1 3 33 320
2 79 49 64 1 1 0 0.00 M M 10.3 22 320 M M 1 32 330
3 84 45 65 2 0 0 T M M 11.9 35 320 M M 2 3 45 320
4 73 49 61 -2 4 0 0.38 M M 11.7 33 80 M M 7 13 41 80
5 67 49 58 -5 7 0 0.00 M M 12.4 23 150 M M 4 28 140
6 69 47 58 -6 7 0 T M M 14.1 37 260 M M 3 1 47 270
7 69 42 56 -8 9 0 0.01 M M 8.4 20 130 M M 4 3 27 110
8 73 48 61 -3 4 0 0.03 M M 8.8 31 250 M M 4 3 43 220
9 78 46 62 -2 3 0 T M M 7.9 38 280 M M 1 50 290
10 83 49 66 2 0 1 T M M 7.1 20 240 M M 3 27 250
11 85 47 66 1 0 1 0.00 M M 13.4 26 270 M M 0 38 280
12 85 48 67 2 0 2 0.00 M M 10.2 26 330 M M 1 36 330
13 85 52 69 4 0 4 0.00 M M 9.4 28 290 M M 1 37 300
14 81 49 65 0 0 0 T M M 7.9 28 310 M M 2 44 310
15 81 46 64 -1 1 0 T M M 6.5 21 310 M M 2 32 290
16 86 48 67 2 0 2 0.00 M M 8.2 26 320 M M 0 36 280
17 93 47 70 5 0 5 T M M 10.8 29 260 M M 0 51 270
18 86 56 71 5 0 6 0.01 M M 15.2 38 330 M M 2 3 57 330
19 82 57 70 4 0 5 0.08 M M 10.2 33 340 M M 4 3 46 340
20 74 48 61 -5 4 0 0.64 M M 7.7 25 170 M M 5 1238 31 160
21 79 43 61 -5 4 0 0.04 M M 7.6 28 50 M M 1 13 34 50
22 85 47 66 0 0 1 0.00 M M 8.0 20 320 M M 0 25 320
23 87 52 70 4 0 5 0.00 M M 9.6 32 320 M M 1 42 330
24 89 54 72 6 0 7 0.02 M M 6.8 39 210 M M 1 3 56 200
25 87 52 70 4 0 5 T M M 12.0 29 290 M M 2 40 280
26 86 53 70 4 0 5 0.06 M M 10.5 30 270 M M 3 3 40 210
27 88 50 69 3 0 4 0.06 M M 11.4 25 230 M M 2 3 37 220
28 85 54 70 4 0 5 T M M 9.8 25 150 M M 2 3 34 150
29 85 50 68 2 0 3 T M M 9.4 28 330 M M 1 3 37 330
30 88 52 70 4 0 5 T M M 9.7 26 200 M M 2 3 34 220
31 88 53 71 6 0 6 0.14 M M 8.5 30 120 M M 4 3 41 120
================================================================================
SM 2536 1524 50 72 1.47 M 304.9 M 66
================================================================================
AV 81.8 49.2 9.8 FASTST M M 2 MAX(MPH)
MISC ----> 39 210 57 330
================================================================================
NOTES:
# LAST OF SEVERAL OCCURRENCES
COLUMN 17 PEAK WIND IN M.P.H.
PRELIMINARY LOCAL CLIMATOLOGICAL DATA (WS FORM: F-6) , PAGE 2
STATION: LARAMIE WYOMING AIRPORT
MONTH: JULY
YEAR: 2023
LATITUDE: 41 18 N
LONGITUDE: 105 40 W
[TEMPERATURE DATA] [PRECIPITATION DATA] SYMBOLS USED IN COLUMN 16
AVERAGE MONTHLY: 65.5 TOTAL FOR MONTH: 1.47 1 = FOG OR MIST
DPTR FM NORMAL: 0.7 DPTR FM NORMAL: 0.13 2 = FOG REDUCING VISIBILITY
HIGHEST: 93 ON 17 GRTST 24HR 0.64 ON 19-20 TO 1/4 MILE OR LESS
LOWEST: 42 ON 7, 1 3 = THUNDER
SNOW, ICE PELLETS, HAIL 4 = ICE PELLETS
TOTAL MONTH: M 5 = HAIL
GRTST 24HR M ON M 6 = FREEZING RAIN OR DRIZZLE
GRTST DEPTH: M ON M 7 = DUSTSTORM OR SANDSTORM:
VSBY 1/2 MILE OR LESS
8 = SMOKE OR HAZE
[NO. OF DAYS WITH] [WEATHER - DAYS WITH] 9 = BLOWING SNOW
X = TORNADO
MAX 32 OR BELOW: 0 0.01 INCH OR MORE: 11
MAX 90 OR ABOVE: 1 0.10 INCH OR MORE: 3
MIN 32 OR BELOW: 0 0.50 INCH OR MORE: 1
MIN 0 OR BELOW: 0 1.00 INCH OR MORE: 0
[HDD (BASE 65) ]
TOTAL THIS MO. 50 CLEAR (SCALE 0-3) 22
DPTR FM NORMAL -6 PTCLDY (SCALE 4-7) 9
TOTAL FM JUL 1 50 CLOUDY (SCALE 8-10) 0
DPTR FM NORMAL -2
[CDD (BASE 65) ]
TOTAL THIS MO. 72
DPTR FM NORMAL 23 [PRESSURE DATA]
TOTAL FM JAN 1 72 HIGHEST SLP 30.23 ON 21
DPTR FM NORMAL 13 LOWEST SLP 29.77 ON 13
[REMARKS]
#FINAL-07-23#
JULY 17... RECORD HIGH TEMPERATURE: 93F (PREVIOUS: 90F IN 1977, 2003, 2002)
JULY 19... RECORD HIGH MINIMUM TEMPERATURE TIED: 57F (PREVIOUS IN 2017, 2022)