000
CXUS55 KCYS 230932
CF6LAR
PRELIMINARY LOCAL CLIMATOLOGICAL DATA (WS FORM: F-6) ...CORRECTED...
STATION: LARAMIE WYOMING AIRPORT
MONTH: JUNE
YEAR: 2021
LATITUDE: 41 18 N
LONGITUDE: 105 40 W
TEMPERATURE IN F: :PCPN: SNOW: WIND :SUNSHINE: SKY :PK WND
================================================================================
1 2 3 4 5 6A 6B 7 8 9 10 11 12 13 14 15 16 17 18
12Z AVG MX 2MIN
DY MAX MIN AVG DEP HDD CDD WTR SNW DPTH SPD SPD DIR MIN PSBL S-S WX SPD DR
================================================================================
1 67 36 52 -2 13 0 T M M 8.1 21 60 M M 4 27 340
2 73 37 55 1 10 0 0.00 M M 8.1 17 10 M M 1 24 20
3 79 40 60 6 5 0 0.00 M M 8.1 17 320 M M 1 25 310
4 84 41 63 9 2 0 0.00 M M 8.1 16 160 M M 0 24 300
5 86 47 67 12 0 2 0.03 M M 9.5 29 180 M M 2 3 42 180
6 84 53 69 14 0 4 0.00 M M 16.8 38 160 M M 1 48 160
7 83 46 65 10 0 0 T M M 12.5 36 150 M M 1 46 150
8 85 45 65 9 0 0 0.00 M M 11.9 26 160 M M 0 35 150
9 84 40 62 6 3 0 0.00 M M 12.6 29 150 M M 0 37 140
10 89 46 68 12 0 3 0.00 M M 18.9 40 220 M M 0 55 200
11 74 35 55 -2 10 0 0.00 M M 12.0 24 150 M M 0 31 150
12 85 38 62 5 3 0 0.00 M M 8.9 22 150 M M 0 35 150
13 89 44 67 10 0 2 0.00 M M 11.0 32 50 M M 0 43 60
14 92 53 73 15 0 8 0.00 M M 10.1 21 150 M M 0 27 160
15 94 47 71 13 0 6 0.00 M M 9.0 24 270 M M 0 34 280
16 92 52 72 14 0 7 T M M 8.2 22 100 M M 0 3 30 90
17 91 50 71 13 0 6 0.00 M M 12.5 28 300 M M 0 37 280
18 87 53 70 11 0 5 0.00 M M 8.8 24 140 M M 0 32 140
19 81 54 68 9 0 3 0.01 M M 11.4 30 280 M M 2 40 300
20 79 45 62 3 3 0 0.04 M M 10.7 28 70 M M 4 1 35 60
21 73 42 58 -2 7 0 T M M 6.1 17 150 M M 2 22 150
22 89 41 65 5 0 0 0.00 M M 14.3 35 290 M M 0 46 290
23 86 50 68 8 0 3 0.00 M M 10.9 25 310 M M 1 37 320
24 79 55 67 7 0 2 T M M 8.1 23 130 M M 5 31 120
25 62 50 56 -5 9 0 0.44 M M 6.9 21 360 M M 9 13 31 20
26 63 46 55 -6 10 0 0.13 M M 9.8 25 360 M M 9 12 32 350
27 62 47 55 -6 10 0 0.27 M M 8.0 25 30 M M 8 13 38 350
28 69 40 55 -7 10 0 0.00 M M 6.0 22 40 M M 7 12 29 50
29 72 44 58 -4 7 0 0.00 M M 13.3 23 120 M M 1 34 150
30 77 48 63 1 2 0 0.60 M M 9.3 28 170 M M 3 38 35 180
================================================================================
SM 2410 1365 104 51 1.52 M 309.9 M 61
================================================================================
AV 80.3 45.5 10.3 FASTST M M 2 MAX(MPH)
MISC ----> 40 220 55 200
================================================================================
NOTES:
# LAST OF SEVERAL OCCURRENCES
COLUMN 17 PEAK WIND IN M.P.H.
PRELIMINARY LOCAL CLIMATOLOGICAL DATA (WS FORM: F-6) , PAGE 2
STATION: LARAMIE WYOMING AIRPORT
MONTH: JUNE
YEAR: 2021
LATITUDE: 41 18 N
LONGITUDE: 105 40 W
[TEMPERATURE DATA] [PRECIPITATION DATA] SYMBOLS USED IN COLUMN 16
AVERAGE MONTHLY: 62.9 TOTAL FOR MONTH: 1.52 1 = FOG OR MIST
DPTR FM NORMAL: 4.9 DPTR FM NORMAL: 0.03 2 = FOG REDUCING VISIBILITY
HIGHEST: 94 ON 15 GRTST 24HR 0.60 ON 30-30 TO 1/4 MILE OR LESS
LOWEST: 35 ON 11 3 = THUNDER
SNOW, ICE PELLETS, HAIL 4 = ICE PELLETS
TOTAL MONTH: M 5 = HAIL
GRTST 24HR M ON M 6 = FREEZING RAIN OR DRIZZLE
GRTST DEPTH: M ON M 7 = DUSTSTORM OR SANDSTORM:
VSBY 1/2 MILE OR LESS
8 = SMOKE OR HAZE
[NO. OF DAYS WITH] [WEATHER - DAYS WITH] 9 = BLOWING SNOW
X = TORNADO
MAX 32 OR BELOW: 0 0.01 INCH OR MORE: 7
MAX 90 OR ABOVE: 4 0.10 INCH OR MORE: 4
MIN 32 OR BELOW: 0 0.50 INCH OR MORE: 1
MIN 0 OR BELOW: 0 1.00 INCH OR MORE: 0
[HDD (BASE 65) ]
TOTAL THIS MO. 104 CLEAR (SCALE 0-3) 23
DPTR FM NORMAL -117 PTCLDY (SCALE 4-7) 5
TOTAL FM JUL 1 8572 CLOUDY (SCALE 8-10) 2
DPTR FM NORMAL -103
[CDD (BASE 65) ]
TOTAL THIS MO. 51
DPTR FM NORMAL 41 [PRESSURE DATA]
TOTAL FM JAN 1 51 HIGHEST SLP 30.19 ON 28
DPTR FM NORMAL 41 LOWEST SLP 29.55 ON 10
[REMARKS]
JUNE 13TH...RECORD HIGH 89 DEGREES (PREVIOUS 87 DEGREES IN 2018)
JUNE 14TH...RECORD HIGH 92 DEGREES (PREVIOUS 88 DEGRRES IN 2006)
JUNE 15TH...RECORD HIGH 94* DEGREES (PREVIOUS 86 DEGREES IN 2018)
JUNE 16TH...RECORD HIGH 92 DEGREES (PREVIOUS 85 DEGREES IN 2007)
JUNE 17TH...RECORD HIGH 91 DEGREES (PREVIOUS 87 DEGREES IN 2012)
JUNE 18TH...TIED RECORD HIGH 87 DEGREEES PREVIOUSLY SET IN 2012
MEAN TEMPERATURE 62.9 DEGREES WAS 3RD WARMEST FOR JUNE
*ALL-TIME HIGH FOR THE MONTH AND YEAR
#FINAL-06-21#