000
CXUS55 KVEF 190910
CF6LAS
PRELIMINARY LOCAL CLIMATOLOGICAL DATA (WS FORM: F-6)
STATION: LAS VEGAS NV
MONTH: APRIL
YEAR: 2024
LATITUDE: 36 4 N
LONGITUDE: 115 10 W
TEMPERATURE IN F: :PCPN: SNOW: WIND :SUNSHINE: SKY :PK WND
================================================================================
1 2 3 4 5 6A 6B 7 8 9 10 11 12 13 14 15 16 17 18
12Z AVG MX 2MIN
DY MAX MIN AVG DEP HDD CDD WTR SNW DPTH SPD SPD DIR MIN PSBL S-S WX SPD DR
================================================================================
1 68 47 58 -6 7 0 0.00 0.0 0 7.2 21 340 M M 6 27 320
2 72 54 63 -2 2 0 0.00 0.0 0 7.7 23 30 M M 0 29 20
3 79 51 65 0 0 0 0.00 0.0 0 5.9 14 200 M M 1 23 220
4 78 51 65 0 0 0 0.00 0.0 0 14.2 28 200 M M 4 47 190
5 56 44 50 -15 15 0 0.00 0.0 0 13.2 24 240 M M 5 37 220
6 63 41 52 -13 13 0 0.00 0.0 0 6.1 18 310 M M 1 30 310
7 67 45 56 -10 9 0 0.00 0.0 0 5.9 18 70 M M 4 22 90
8 68 53 61 -5 4 0 0.00 0.0 0 15.5 29 30 M M 3 39 30
9 74 54 64 -2 1 0 0.00 0.0 0 9.8 22 350 M M 0 30 350
10 80 53 67 1 0 2 0.00 0.0 0 4.1 12 50 M M 1 19 70
11 85 58 72 6 0 7 0.00 0.0 0 3.3 10 80 M M 0 15 100
12 86 59 73 6 0 8 0.00 0.0 0 6.9 21 200 M M 2 37 240
13 79 58 69 2 0 4 0.00 0.0 0 13.0 24 170 M M 0 40 170
14 68 52 60 -7 5 0 0.00 0.0 0 14.5 36 260 M M 4 47 280
15 74 48 61 -6 4 0 0.00 0.0 0 8.3 20 330 M M 2 30 330
16 81 56 69 1 0 4 0.00 0.0 0 4.3 13 270 M M 3 20 220
17 88 60 74 6 0 9 0.00 0.0 0 6.2 15 180 M M 5 23 190
18 85 64 75 7 0 10 0.00 0.0 0 6.4 17 240 M M 7 27 210
================================================================================
SM 1351 948 60 44 0.00 0.0 152.5 M 48
================================================================================
AV 75.1 52.7 8.5 FASTST M M 3 MAX(MPH)
MISC ----> 36 260 # 47 190
================================================================================
NOTES:
# LAST OF SEVERAL OCCURRENCES
COLUMN 17 PEAK WIND IN M.P.H.
PRELIMINARY LOCAL CLIMATOLOGICAL DATA (WS FORM: F-6) , PAGE 2
STATION: LAS VEGAS NV
MONTH: APRIL
YEAR: 2024
LATITUDE: 36 4 N
LONGITUDE: 115 10 W
[TEMPERATURE DATA] [PRECIPITATION DATA] SYMBOLS USED IN COLUMN 16
AVERAGE MONTHLY: 63.9 TOTAL FOR MONTH: 0.00 1 = FOG OR MIST
DPTR FM NORMAL: -2.3 DPTR FM NORMAL: -0.14 2 = FOG REDUCING VISIBILITY
HIGHEST: 88 ON 17 GRTST 24HR 0.00 ON 1- 1 TO 1/4 MILE OR LESS
LOWEST: 41 ON 6 3 = THUNDER
SNOW, ICE PELLETS, HAIL 4 = ICE PELLETS
TOTAL MONTH: 0.0 INCH 5 = HAIL
GRTST 24HR 0.0 6 = FREEZING RAIN OR DRIZZLE
GRTST DEPTH: 0 7 = DUSTSTORM OR SANDSTORM:
VSBY 1/2 MILE OR LESS
8 = SMOKE OR HAZE
[NO. OF DAYS WITH] [WEATHER - DAYS WITH] 9 = BLOWING SNOW
X = TORNADO
MAX 32 OR BELOW: 0 0.01 INCH OR MORE: 0
MAX 90 OR ABOVE: 0 0.10 INCH OR MORE: 0
MIN 32 OR BELOW: 0 0.50 INCH OR MORE: 0
MIN 0 OR BELOW: 0 1.00 INCH OR MORE: 0
[HDD (BASE 65) ]
TOTAL THIS MO. 60 CLEAR (SCALE 0-3) 11
DPTR FM NORMAL 17 PTCLDY (SCALE 4-7) 7
TOTAL FM JUL 1 1683 CLOUDY (SCALE 8-10) 0
DPTR FM NORMAL -130
[CDD (BASE 65) ]
TOTAL THIS MO. 44
DPTR FM NORMAL -19 [PRESSURE DATA]
TOTAL FM JAN 1 49 HIGHEST SLP M ON M
DPTR FM NORMAL -51 LOWEST SLP 29.49 ON 4
[REMARKS]