000
CXUS55 KVEF 011841
CF6LAS
PRELIMINARY LOCAL CLIMATOLOGICAL DATA (WS FORM: F-6)
STATION: LAS VEGAS NV
MONTH: AUGUST
YEAR: 2020
LATITUDE: 36 4 N
LONGITUDE: 115 10 W
TEMPERATURE IN F: :PCPN: SNOW: WIND :SUNSHINE: SKY :PK WND
================================================================================
1 2 3 4 5 6A 6B 7 8 9 10 11 12 13 14 15 16 17 18
12Z AVG MX 2MIN
DY MAX MIN AVG DEP HDD CDD WTR SNW DPTH SPD SPD DIR MIN PSBL S-S WX SPD DR
================================================================================
1 112 92 102 10 0 37 0.00 0.0 0 11.5 21 210 M M 1 27 230
2 108 86 97 5 0 32 0.00 0.0 0 9.5 18 200 M M 4 25 230
3 108 81 95 3 0 30 0.00 0.0 0 5.0 13 90 M M 1 17 210
4 106 82 94 2 0 29 0.00 0.0 0 6.5 16 230 M M 0 23 200
5 103 82 93 1 0 28 0.00 0.0 0 8.9 18 240 M M 0 29 220
6 101 79 90 -2 0 25 0.00 0.0 0 8.2 16 180 M M 0 22 180
7 101 74 88 -4 0 23 0.00 0.0 0 5.1 23 90 M M 1 27 90
8 103 77 90 -2 0 25 0.00 0.0 0 6.3 15 70 M M 2 21 80
9 104 76 90 -2 0 25 0.00 0.0 0 4.8 14 100 M M 0 20 60
10 105 78 92 0 0 27 0.00 0.0 0 6.1 17 220 M M 0 23 230
11 106 84 95 3 0 30 0.00 0.0 0 8.6 23 260 M M 2 33 240
12 106 83 95 4 0 30 0.00 0.0 0 10.1 21 200 M M 0 29 240
13 108 83 96 5 0 31 0.00 0.0 0 7.4 20 260 M M 5 25 270
14 110 84 97 6 0 32 0.00 0.0 0 4.2 14 340 M M 3 17 340
15 113 87 100 9 0 35 0.00 0.0 0 3.8 13 10 M M 2 16 20
16 113 87 100 9 0 35 0.00 0.0 0 4.1 10 270 M M 6 14 110
17 112 89 101 10 0 36 0.00 0.0 0 5.2 12 310 M M 4 16 50
18 114 89 102 11 0 37 0.00 0.0 0 5.8 18 220 M M 2 26 220
19 113 89 101 11 0 36 0.00 0.0 0 5.6 24 290 M M 4 38 33 250
20 112 87 100 10 0 35 0.00 0.0 0 6.5 17 230 M M 2 23 200
21 111 87 99 9 0 34 0.00 0.0 0 6.9 18 170 M M 2 8 25 200
22 105 86 96 6 0 31 0.00 0.0 0 5.2 16 180 M M 6 21 180
23 105 87 96 6 0 31 0.00 0.0 0 5.2 14 90 M M 5 17 100
24 107 84 96 6 0 31 0.00 0.0 0 4.4 18 280 M M 1 25 290
25 110 87 99 10 0 34 0.00 0.0 0 7.9 18 200 M M 2 24 200
26 108 88 98 9 0 33 0.00 0.0 0 9.2 20 240 M M 1 27 250
27 106 86 96 7 0 31 0.00 0.0 0 10.3 18 200 M M 2 27 180
28 106 85 96 7 0 31 0.00 0.0 0 7.2 18 230 M M 3 26 220
29 105 84 95 7 0 30 0.00 0.0 0 6.3 18 260 M M 4 27 140
30 103 82 93 5 0 28 0.00 0.0 0 6.8 14 170 M M 1 19 160
31 102 77 90 2 0 25 0.00 0.0 0 6.3 16 230 M M 1 28 240
================================================================================
SM 3326 2602 0 957 0.00 0.0 208.9 M 67
================================================================================
AV107.3 83.9 6.7 FASTST M M 2 MAX(MPH)
MISC ----> 24 290 # 33 240
================================================================================
NOTES:
# LAST OF SEVERAL OCCURRENCES
COLUMN 17 PEAK WIND IN M.P.H.
PRELIMINARY LOCAL CLIMATOLOGICAL DATA (WS FORM: F-6) , PAGE 2
STATION: LAS VEGAS NV
MONTH: AUGUST
YEAR: 2020
LATITUDE: 36 4 N
LONGITUDE: 115 10 W
[TEMPERATURE DATA] [PRECIPITATION DATA] SYMBOLS USED IN COLUMN 16
AVERAGE MONTHLY: 95.6 TOTAL FOR MONTH: 0.00 1 = FOG OR MIST
DPTR FM NORMAL: 5.0 DPTR FM NORMAL: -0.33 2 = FOG REDUCING VISIBILITY
HIGHEST: 114 ON 18 GRTST 24HR 0.00 ON 1- 1 TO 1/4 MILE OR LESS
LOWEST: 74 ON 7 3 = THUNDER
SNOW, ICE PELLETS, HAIL 4 = ICE PELLETS
TOTAL MONTH: 0.0 INCH 5 = HAIL
GRTST 24HR 0.0 6 = FREEZING RAIN OR DRIZZLE
GRTST DEPTH: 0 7 = DUSTSTORM OR SANDSTORM:
VSBY 1/2 MILE OR LESS
8 = SMOKE OR HAZE
[NO. OF DAYS WITH] [WEATHER - DAYS WITH] 9 = BLOWING SNOW
X = TORNADO
MAX 32 OR BELOW: 0 0.01 INCH OR MORE: 0
MAX 90 OR ABOVE: 31 0.10 INCH OR MORE: 0
MIN 32 OR BELOW: 0 0.50 INCH OR MORE: 0
MIN 0 OR BELOW: 0 1.00 INCH OR MORE: 0
[HDD (BASE 65) ]
TOTAL THIS MO. 0 CLEAR (SCALE 0-3) 22
DPTR FM NORMAL 0 PTCLDY (SCALE 4-7) 9
TOTAL FM JUL 1 0 CLOUDY (SCALE 8-10) 0
DPTR FM NORMAL 0
[CDD (BASE 65) ]
TOTAL THIS MO. 957
DPTR FM NORMAL 162 [PRESSURE DATA]
TOTAL FM JAN 1 3201 HIGHEST SLP 29.93 ON 17
DPTR FM NORMAL 352 LOWEST SLP 29.57 ON 27
[REMARKS]
#FINAL-08-20#