000
CXUS52 KILM 011000
CF6LBT
PRELIMINARY LOCAL CLIMATOLOGICAL DATA (WS FORM: F-6)
STATION: LUMBERTON NORTH CAROLINA
MONTH: JUNE
YEAR: 2020
LATITUDE: 34 35 N
LONGITUDE: 79 4 W
TEMPERATURE IN F: :PCPN: SNOW: WIND :SUNSHINE: SKY :PK WND
================================================================================
1 2 3 4 5 6A 6B 7 8 9 10 11 12 13 14 15 16 17 18
12Z AVG MX 2MIN
DY MAX MIN AVG DEP HDD CDD WTR SNW DPTH SPD SPD DIR MIN PSBL S-S WX SPD DR
================================================================================
1 79 57 68 -6 0 3 0.00 M M M M M M M M M M
2 83 59 71 -4 0 6 0.00 M M M M M M M M M M
3 88 67 78 3 0 13 0.00 M M M M M M M M M M
4 87 68 78 3 0 13 0.00 M M M M M M M M M M
5 88 71 80 4 0 15 0.28 M M M M M M M M M M
6 87 72 80 4 0 15 0.00 M M M M M M M M M M
7 89 72 81 5 0 16 1.28 M M M M M M M M M M
8 86 73 80 4 0 15 0.58 M M M M M M M M M M
9 89 72 81 4 0 16 0.00 M M M M M M M M M M
10 90 75 83 6 0 18 0.15 M M M M M M M M M M
11 83 74 79 2 0 14 1.96 M M M M M M M M M M
12 80 70 75 -2 0 10 0.08 M M M M M M M M M M
13 83 65 74 -4 0 9 0.00 M M M M M M M M M M
14 75 65 70 -8 0 5 0.36 M M M M M M M M M M
15 64 59 62 -16 3 0 2.63 M M M M M M M M M M
16 65 61 63 -15 2 0 0.06 M M M M M M M M M M
17 75 62 69 -9 0 4 0.00 M M M M M M M M M M
18 80 62 71 -8 0 6 0.00 M M M M M M M M M M
19 85 65 75 -4 0 10 0.01 M M M M M M M M M M
20 86 64 75 -4 0 10 0.00 M M M M M M M M M M
21 91 65 78 -1 0 13 0.01 M M M M M M M M M M
22 91 71 81 2 0 16 0.00 M M M M M M M M M M
23 88 71 80 0 0 15 0.07 M M M M M M M M M M
24 88 71 80 0 0 15 0.16 M M M M M M M M M M
25 82 70 76 -4 0 11 0.37 M M M M M M M M M M
26 90 70 80 0 0 15 0.00 M M M M M M M M M M
27 89 70 80 0 0 15 0.00 M M M M M M M M M M
28 92 70 81 1 0 16 0.24 M M M M M M M M M M
29 90 71 81 1 0 16 0.00 M M M M M M M M M M
30 92 73 83 2 0 18 0.42 M M M M M M M M M M
================================================================================
SM 2535 2035 5 348 8.66 M M M M
================================================================================
AV 84.5 67.8 M FASTST M M M MAX(MPH)
MISC ----> M M M M
================================================================================
NOTES:
# LAST OF SEVERAL OCCURRENCES
COLUMN 17 PEAK WIND IN M.P.H.
PRELIMINARY LOCAL CLIMATOLOGICAL DATA (WS FORM: F-6) , PAGE 2
STATION: LUMBERTON NORTH CAROLINA
MONTH: JUNE
YEAR: 2020
LATITUDE: 34 35 N
LONGITUDE: 79 4 W
[TEMPERATURE DATA] [PRECIPITATION DATA] SYMBOLS USED IN COLUMN 16
AVERAGE MONTHLY: 76.2 TOTAL FOR MONTH: 8.66 1 = FOG OR MIST
DPTR FM NORMAL: -1.8 DPTR FM NORMAL: 4.32 2 = FOG REDUCING VISIBILITY
HIGHEST: 92 ON 30,28 GRTST 24HR 2.63 ON 15-15 TO 1/4 MILE OR LESS
LOWEST: 57 ON 1 3 = THUNDER
SNOW, ICE PELLETS, HAIL 4 = ICE PELLETS
TOTAL MONTH: M 5 = HAIL
GRTST 24HR M ON M 6 = FREEZING RAIN OR DRIZZLE
GRTST DEPTH: M ON M 7 = DUSTSTORM OR SANDSTORM:
VSBY 1/2 MILE OR LESS
8 = SMOKE OR HAZE
[NO. OF DAYS WITH] [WEATHER - DAYS WITH] 9 = BLOWING SNOW
X = TORNADO
MAX 32 OR BELOW: 0 0.01 INCH OR MORE: 16
MAX 90 OR ABOVE: 7 0.10 INCH OR MORE: 11
MIN 32 OR BELOW: 0 0.50 INCH OR MORE: 4
MIN 0 OR BELOW: 0 1.00 INCH OR MORE: 3
[HDD (BASE 65) ]
TOTAL THIS MO. 5 CLEAR (SCALE 0-3) 0
DPTR FM NORMAL 5 PTCLDY (SCALE 4-7) 0
TOTAL FM JUL 1 2247 CLOUDY (SCALE 8-10) 30
DPTR FM NORMAL -514
[CDD (BASE 65) ]
TOTAL THIS MO. 348
DPTR FM NORMAL -40 [PRESSURE DATA]
TOTAL FM JAN 1 631 HIGHEST SLP M ON M
DPTR FM NORMAL -7 LOWEST SLP M ON M
[REMARKS]
#FINAL-06-20#