000
CXUS54 KLCH 010930
CF6LCH
PRELIMINARY LOCAL CLIMATOLOGICAL DATA (WS FORM: F-6)
STATION: LAKE CHARLES
MONTH: NOVEMBER
YEAR: 2023
LATITUDE: 30 7 N
LONGITUDE: 93 13 W
TEMPERATURE IN F: :PCPN: SNOW: WIND :SUNSHINE: SKY :PK WND
================================================================================
1 2 3 4 5 6A 6B 7 8 9 10 11 12 13 14 15 16 17 18
12Z AVG MX 2MIN
DY MAX MIN AVG DEP HDD CDD WTR SNW DPTH SPD SPD DIR MIN PSBL S-S WX SPD DR
================================================================================
1 63 38 51 -15 14 0 0.00 0.0 M 9.8 22 40 M M 0 29 30
2 67 34 51 -14 14 0 0.00 0.0 M 5.2 12 80 M M 0 16 70
3 77 40 59 -6 6 0 0.00 0.0 M 4.0 12 70 M M 0 1 17 60
4 82 50 66 1 0 1 0.00 0.0 M 3.5 12 220 M M 1 12 15 200
5 84 52 68 4 0 3 0.00 0.0 M 3.2 12 200 M M 5 12 16 210
6 81 52 67 3 0 2 0.00 0.0 M 5.1 14 190 M M 3 12 20 230
7 84 60 72 8 0 7 0.00 0.0 M 7.5 21 200 M M 2 12 28 210
8 83 59 71 8 0 6 0.00 0.0 M 8.1 17 200 M M 1 12 24 190
9 85 63 74 11 0 9 0.00 0.0 M 6.5 15 190 M M 2 20 170
10 72 56 64 1 1 0 0.26 0.0 M 10.8 20 40 M M 9 1 26 50
11 61 57 59 -3 6 0 0.02 0.0 M 9.4 15 40 M M 10 1 20 40
12 69 59 64 2 1 0 0.05 0.0 M 8.7 14 50 M M 6 20 20
13 63 60 62 0 3 0 0.41 0.0 M 11.7 18 60 M M 9 1 24 50
14 66 58 62 0 3 0 0.05 0.0 M 10.2 17 40 M M 10 1 24 40
15 64 58 61 0 4 0 0.00 0.0 M 10.1 16 20 M M 10 1 22 50
16 67 59 63 2 2 0 0.00 0.0 M 5.3 12 50 M M 10 18 16 50
17 77 60 69 8 0 4 0.00 0.0 M 3.9 12 260 M M 6 128 17 250
18 76 54 65 4 0 0 0.00 0.0 M 6.4 15 30 M M 6 19 40
19 74 50 62 2 3 0 0.00 0.0 M 6.0 13 130 M M 1 1 16 230
20 82 61 72 12 0 7 0.60 0.0 M 12.7 26 180 M M 7 18 36 160
21 70 51 61 1 4 0 0.00 0.0 M 16.2 26 330 M M 5 36 340
22 61 42 52 -8 13 0 0.00 0.0 M 5.9 13 310 M M 0 18 360
23 55 44 50 -9 15 0 0.11 M M 3.7 10 30 M M 7 1 11 30
24 66 47 57 -2 8 0 0.00 0.0 M 6.4 12 50 M M 5 1 15 30
25 69 44 57 -2 8 0 0.00 0.0 M 8.9 15 60 M M 1 20 110
26 68 46 57 -2 8 0 0.00 0.0 M 11.3 21 340 M M 4 1 27 10
27 59 39 49 -9 16 0 0.00 0.0 M 10.0 16 10 M M 0 21 30
28 64 40 52 -6 13 0 0.00 0.0 M 6.0 16 50 M M 3 21 40
29 66 38 52 -6 13 0 0.00 0.0 M 5.9 13 180 M M 0 8 18 150
30 69 50 60 2 5 0 4.65 0.0 0 16.0 35 130 M M 9 138 43 140
================================================================================
SM 2124 1521 160 39 6.15 0.0 238.4 M 132
================================================================================
AV 70.8 50.7 7.9 FASTST M M 4 MAX(MPH)
MISC ----> 35 130 43 140
================================================================================
NOTES:
# LAST OF SEVERAL OCCURRENCES
COLUMN 17 PEAK WIND IN M.P.H.
PRELIMINARY LOCAL CLIMATOLOGICAL DATA (WS FORM: F-6) , PAGE 2
STATION: LAKE CHARLES
MONTH: NOVEMBER
YEAR: 2023
LATITUDE: 30 7 N
LONGITUDE: 93 13 W
[TEMPERATURE DATA] [PRECIPITATION DATA] SYMBOLS USED IN COLUMN 16
AVERAGE MONTHLY: 60.8 TOTAL FOR MONTH: 6.15 1 = FOG OR MIST
DPTR FM NORMAL: -0.7 DPTR FM NORMAL: 2.02 2 = FOG REDUCING VISIBILITY
HIGHEST: 85 ON 9 GRTST 24HR 4.65 ON 30-30 TO 1/4 MILE OR LESS
LOWEST: 34 ON 2 3 = THUNDER
SNOW, ICE PELLETS, HAIL 4 = ICE PELLETS
TOTAL MONTH: 0.0 INCH 5 = HAIL
GRTST 24HR 0.0 6 = FREEZING RAIN OR DRIZZLE
GRTST DEPTH: 0 7 = DUSTSTORM OR SANDSTORM:
VSBY 1/2 MILE OR LESS
8 = SMOKE OR HAZE
[NO. OF DAYS WITH] [WEATHER - DAYS WITH] 9 = BLOWING SNOW
X = TORNADO
MAX 32 OR BELOW: 0 0.01 INCH OR MORE: 8
MAX 90 OR ABOVE: 0 0.10 INCH OR MORE: 5
MIN 32 OR BELOW: 0 0.50 INCH OR MORE: 2
MIN 0 OR BELOW: 0 1.00 INCH OR MORE: 1
[HDD (BASE 65) ]
TOTAL THIS MO. 160 CLEAR (SCALE 0-3) 13
DPTR FM NORMAL -6 PTCLDY (SCALE 4-7) 10
TOTAL FM JUL 1 192 CLOUDY (SCALE 8-10) 7
DPTR FM NORMAL -2
[CDD (BASE 65) ]
TOTAL THIS MO. 39
DPTR FM NORMAL -19 [PRESSURE DATA]
TOTAL FM JAN 1 3397 HIGHEST SLP 30.48 ON 1
DPTR FM NORMAL 357 LOWEST SLP 29.73 ON 20
[REMARKS]
#FINAL-11-23#