000
CXUS54 KLCH 011513
CF6LCH
PRELIMINARY LOCAL CLIMATOLOGICAL DATA (WS FORM: F-6)
STATION: LAKE CHARLES
MONTH: OCTOBER
YEAR: 2023
LATITUDE: 30 7 N
LONGITUDE: 93 13 W
TEMPERATURE IN F: :PCPN: SNOW: WIND :SUNSHINE: SKY :PK WND
================================================================================
1 2 3 4 5 6A 6B 7 8 9 10 11 12 13 14 15 16 17 18
12Z AVG MX 2MIN
DY MAX MIN AVG DEP HDD CDD WTR SNW DPTH SPD SPD DIR MIN PSBL S-S WX SPD DR
================================================================================
1 94 69 82 6 0 17 0.00 0.0 0 8.6 20 80 M M 0 26 80
2 91 66 79 3 0 14 0.00 0.0 0 8.5 22 60 M M 0 28 50
3 91 69 80 4 0 15 0.00 0.0 M 11.1 22 130 M M 4 1 30 140
4 89 74 82 7 0 17 0.00 0.0 M 10.3 20 140 M M 2 18 26 130
5 77 70 74 -1 0 9 0.56 0.0 M 7.1 21 360 M M 4 13 27 360
6 86 69 78 3 0 13 0.00 0.0 0 10.5 18 50 M M 2 1 27 10
7 76 61 69 -5 0 4 0.00 0.0 M 11.8 21 40 M M 0 32 60
8 75 51 63 -11 2 0 0.00 0.0 0 5.2 15 70 M M 0 18 70
9 80 50 65 -9 0 0 0.00 0.0 M 3.6 13 210 M M 0 18 200
10 80 59 70 -3 0 5 0.00 0.0 M 4.6 10 130 M M 0 14 150
11 68 61 65 -8 0 0 0.12 0.0 M 9.9 18 90 M M 8 18 25 100
12 77 59 68 -5 0 3 0.00 0.0 M 4.7 10 110 M M 6 1 13 120
13 86 59 73 1 0 8 0.00 0.0 0 4.6 14 120 M M 2 12 18 120
14 78 59 69 -3 0 4 0.03 0.0 M 11.5 21 350 M M 2 12 29 340
15 73 53 63 -9 2 0 0.00 0.0 M 13.1 25 360 M M 2 34 360
16 70 48 59 -12 6 0 0.00 0.0 M 10.1 20 340 M M 1 27 360
17 75 43 59 -12 6 0 0.00 0.0 M 2.7 12 220 M M 0 21 280
18 80 48 64 -7 1 0 0.00 0.0 M 6.5 15 170 M M 1 1 23 210
19 85 61 73 3 0 8 0.00 0.0 M 6.8 14 210 M M 1 1 19 240
20 90 60 75 5 0 10 0.00 0.0 M 4.6 14 250 M M 1 12 21 250
21 90 56 73 3 0 8 0.00 0.0 M 3.9 14 200 M M 1 12 19 210
22 88 66 77 8 0 12 0.00 0.0 M 4.0 12 200 M M 5 12 17 220
23 88 66 77 8 0 12 0.00 0.0 M 8.6 20 160 M M 5 128 23 160
24 88 67 78 10 0 13 0.00 0.0 M 12.1 24 160 M M 4 12 32 130
25 88 70 79 11 0 14 0.00 0.0 0 12.9 25 140 M M 4 8 32 150
26 88 72 80 12 0 15 0.03 0.0 M 12.1 24 140 M M 5 18 30 140
27 89 71 80 13 0 15 0.07 0.0 M 6.9 14 110 M M 4 18 17 110
28 87 69 78 11 0 13 0.00 0.0 M 7.2 18 160 M M 4 12 23 200
29 88 64 76 9 0 11 0.00 0.0 M 6.1 16 300 M M 2 12 21 300
30 73 47 60 -6 5 0 0.14 0.0 M 18.1 28 20 M M 7 1 36 30
31 62 47 55 -11 10 0 0.00 0.0 M 15.8 25 30 M M 6 35 20
================================================================================
SM 2550 1884 32 240 0.95 0.0 263.5 M 83
================================================================================
AV 82.3 60.8 8.5 FASTST M M 3 MAX(MPH)
MISC ----> 28 20 36 30
================================================================================
NOTES:
# LAST OF SEVERAL OCCURRENCES
COLUMN 17 PEAK WIND IN M.P.H.
PRELIMINARY LOCAL CLIMATOLOGICAL DATA (WS FORM: F-6) , PAGE 2
STATION: LAKE CHARLES
MONTH: OCTOBER
YEAR: 2023
LATITUDE: 30 7 N
LONGITUDE: 93 13 W
[TEMPERATURE DATA] [PRECIPITATION DATA] SYMBOLS USED IN COLUMN 16
AVERAGE MONTHLY: 71.5 TOTAL FOR MONTH: 0.95 1 = FOG OR MIST
DPTR FM NORMAL: 0.2 DPTR FM NORMAL: -3.85 2 = FOG REDUCING VISIBILITY
HIGHEST: 94 ON 1 GRTST 24HR 0.56 ON 5- 5 TO 1/4 MILE OR LESS
LOWEST: 43 ON 17 3 = THUNDER
SNOW, ICE PELLETS, HAIL 4 = ICE PELLETS
TOTAL MONTH: 0.0 INCH 5 = HAIL
GRTST 24HR 0.0 6 = FREEZING RAIN OR DRIZZLE
GRTST DEPTH: 0 7 = DUSTSTORM OR SANDSTORM:
VSBY 1/2 MILE OR LESS
8 = SMOKE OR HAZE
[NO. OF DAYS WITH] [WEATHER - DAYS WITH] 9 = BLOWING SNOW
X = TORNADO
MAX 32 OR BELOW: 0 0.01 INCH OR MORE: 6
MAX 90 OR ABOVE: 5 0.10 INCH OR MORE: 3
MIN 32 OR BELOW: 0 0.50 INCH OR MORE: 1
MIN 0 OR BELOW: 0 1.00 INCH OR MORE: 0
[HDD (BASE 65) ]
TOTAL THIS MO. 32 CLEAR (SCALE 0-3) 18
DPTR FM NORMAL 4 PTCLDY (SCALE 4-7) 12
TOTAL FM JUL 1 32 CLOUDY (SCALE 8-10) 1
DPTR FM NORMAL 7
[CDD (BASE 65) ]
TOTAL THIS MO. 240
DPTR FM NORMAL 18 [PRESSURE DATA]
TOTAL FM JAN 1 3358 HIGHEST SLP 30.37 ON 31
DPTR FM NORMAL 376 LOWEST SLP 29.68 ON 11
[REMARKS]
#FINAL-10-23#