000
CXUS51 KOKX 011559
CF6LGA
PRELIMINARY LOCAL CLIMATOLOGICAL DATA (WS FORM: F-6)
STATION: LAGUARDIA NY
MONTH: FEBRUARY
YEAR: 2021
LATITUDE: 40 46 N
LONGITUDE: 73 54 W
TEMPERATURE IN F: :PCPN: SNOW: WIND :SUNSHINE: SKY :PK WND
================================================================================
1 2 3 4 5 6A 6B 7 8 9 10 11 12 13 14 15 16 17 18
12Z AVG MX 2MIN
DY MAX MIN AVG DEP HDD CDD WTR SNW DPTH SPD SPD DIR MIN PSBL S-S WX SPD DR
================================================================================
1 35 25 30 -3 35 0 0.86 11.7 4 25.9 36 60 M M 10 129 44 30
2 35 30 33 -1 32 0 0.10 0.9 13 17.5 24 350 M M 10 18 33 340
3 38 30 34 0 31 0 T 0.2 13 13.8 24 330 M M 9 8 31 340
4 43 33 38 4 27 0 0.00 0.0 10 11.1 21 290 M M 4 27 320
5 49 36 43 9 22 0 0.06 0.0 8 9.2 28 280 M M 7 38 270
6 46 33 40 6 25 0 0.00 0.0 6 13.3 31 280 M M 6 45 270
7 40 27 34 0 31 0 0.39 4.4 4 11.1 23 330 M M 9 12 30 330
8 31 19 25 -9 40 0 0.00 0.0 8 11.6 23 330 M M 2 29 330
9 34 24 29 -5 36 0 0.01 0.0 8 8.9 17 350 M M 8 18 22 350
10 36 27 32 -2 33 0 T T 7 7.4 18 310 M M 7 24 320
11 33 26 30 -5 35 0 0.10 1.2 7 8.9 15 340 M M 10 1 19 340
12 30 21 26 -9 39 0 0.00 0.0 7 7.3 17 20 M M 8 23 30
13 31 26 29 -6 36 0 T 0.0 6 10.9 20 50 M M 10 6 23 60
14 39 28 34 -1 31 0 T 0.0 5 7.1 18 50 M M 9 6 24 50
15 35 32 34 -1 31 0 0.01 0.0 4 8.1 15 70 M M 10 18 17 70
16 53 34 44 8 21 0 0.85 0.0 3 12.2 28 270 M M 8 12 37 290
17 36 23 30 -6 35 0 0.00 0.0 2 11.7 28 310 M M 5 35 300
18 30 25 28 -8 37 0 0.32 3.1 1 12.5 22 40 M M 10 1468 26 50
19 34 28 31 -5 34 0 0.10 1.1 3 11.4 22 60 M M 10 168 26 60
20 36 28 32 -4 33 0 0.00 0.0 4 15.2 23 310 M M 6 31 310
21 38 25 32 -4 33 0 0.00 0.0 3 10.2 20 300 M M 2 25 310
22 40 33 37 0 28 0 0.56 0.6 2 10.3 23 190 M M 10 128 31 170
23 46 38 42 5 23 0 0.01 0.0 1 13.4 22 270 M M 8 33 280
24 53 41 47 10 18 0 0.00 0.0 T 11.5 22 170 M M 4 29 240
25 52 41 47 10 18 0 0.00 0.0 0 16.8 31 310 M M 3 41 330
26 47 35 41 4 24 0 0.00 0.0 0 9.1 15 160 M M 7 19 160
27 52 37 45 7 20 0 0.47 0.0 0 8.2 18 270 M M 9 18 24 280
28 47 39 43 5 22 0 0.29 0.0 0 7.8 15 40 M M 10 1 18 120
================================================================================
SM 1119 844 830 0 4.13 23.2 322.4 M 211
================================================================================
AV 40.0 30.1 11.5 FASTST M M 8 MAX(MPH)
MISC ----> 36 60 45 270
================================================================================
NOTES:
# LAST OF SEVERAL OCCURRENCES
COLUMN 17 PEAK WIND IN M.P.H.
PRELIMINARY LOCAL CLIMATOLOGICAL DATA (WS FORM: F-6) , PAGE 2
STATION: LAGUARDIA NY
MONTH: FEBRUARY
YEAR: 2021
LATITUDE: 40 46 N
LONGITUDE: 73 54 W
[TEMPERATURE DATA] [PRECIPITATION DATA] SYMBOLS USED IN COLUMN 16
AVERAGE MONTHLY: 35.1 TOTAL FOR MONTH: 4.13 1 = FOG OR MIST
DPTR FM NORMAL: -0.2 DPTR FM NORMAL: 1.37 2 = FOG REDUCING VISIBILITY
HIGHEST: 53 ON 24,16 GRTST 24HR 0.86 ON 1- 1 TO 1/4 MILE OR LESS
LOWEST: 19 ON 8 3 = THUNDER
SNOW, ICE PELLETS, HAIL 4 = ICE PELLETS
TOTAL MONTH: 24.7 INCHES 5 = HAIL
GRTST 24HR 11.7 ON 1- 1 6 = FREEZING RAIN OR DRIZZLE
GRTST DEPTH: 13 ON 3, 2 7 = DUSTSTORM OR SANDSTORM:
VSBY 1/2 MILE OR LESS
8 = SMOKE OR HAZE
[NO. OF DAYS WITH] [WEATHER - DAYS WITH] 9 = BLOWING SNOW
X = TORNADO
MAX 32 OR BELOW: 4 0.01 INCH OR MORE: 14
MAX 90 OR ABOVE: 0 0.10 INCH OR MORE: 10
MIN 32 OR BELOW: 17 0.50 INCH OR MORE: 3
MIN 0 OR BELOW: 0 1.00 INCH OR MORE: 0
[HDD (BASE 65) ]
TOTAL THIS MO. 830 CLEAR (SCALE 0-3) 3
DPTR FM NORMAL 0 PTCLDY (SCALE 4-7) 9
TOTAL FM JUL 1 2954 CLOUDY (SCALE 8-10) 16
DPTR FM NORMAL -475
[CDD (BASE 65) ]
TOTAL THIS MO. 0
DPTR FM NORMAL 0 [PRESSURE DATA]
TOTAL FM JAN 1 0 HIGHEST SLP M ON M
DPTR FM NORMAL 0 LOWEST SLP 29.38 ON 2
[REMARKS]
#FINAL-02-21#