000
CXUS51 KOKX 052315
CF6LGA
PRELIMINARY LOCAL CLIMATOLOGICAL DATA (WS FORM: F-6)
STATION: LAGUARDIA NY
MONTH: DECEMBER
YEAR: 2020
LATITUDE: 40 46 N
LONGITUDE: 73 54 W
TEMPERATURE IN F: :PCPN: SNOW: WIND :SUNSHINE: SKY :PK WND
================================================================================
1 2 3 4 5 6A 6B 7 8 9 10 11 12 13 14 15 16 17 18
12Z AVG MX 2MIN
DY MAX MIN AVG DEP HDD CDD WTR SNW DPTH SPD SPD DIR MIN PSBL S-S WX SPD DR
================================================================================
1 60 40 50 7 15 0 0.00 0.0 0 13.9 25 240 M M 7 35 260
2 45 39 42 -1 23 0 0.00 0.0 0 16.4 24 260 M M 5 31 260
3 52 37 45 3 20 0 T 0.0 0 10.1 16 230 M M 5 23 250
4 53 47 50 8 15 0 0.13 0.0 0 9.2 20 200 M M 9 25 210
5 48 41 45 3 20 0 1.01 0.0 0 16.7 31 310 M M 8 1 39 300
6 43 36 40 -1 25 0 0.00 0.0 0 20.6 32 300 M M 3 44 300
7 42 34 38 -3 27 0 0.00 0.0 0 10.2 20 360 M M 4 26 360
8 38 32 35 -6 30 0 0.00 0.0 0 15.0 23 310 M M 7 28 310
9 40 34 37 -3 28 0 0.02 T 0 12.0 21 270 M M 8 8 26 250
10 50 39 45 5 20 0 0.00 0.0 0 10.4 22 310 M M 3 26 310
11 55 38 47 7 18 0 0.00 0.0 0 7.0 17 190 M M 5 24 230
12 58 43 51 12 14 0 T 0.0 0 5.9 12 180 M M 8 128 15 170
13 62 49 56 17 9 0 0.00 0.0 0 10.3 24 270 M M 6 30 270
14 49 38 44 5 21 0 0.23 T 0 10.2 31 330 M M 8 40 320
15 41 32 37 -1 28 0 0.00 0.0 0 14.5 24 310 M M 4 31 290
16 33 28 31 -7 34 0 0.35 5.6 0 21.2 39 50 M M 9 1249 48 50
17 34 26 30 -8 35 0 0.34 4.5 9 17.9 40 60 M M 7 1489 48 60
18 33 27 30 -7 35 0 0.00 0.0 6 10.6 17 320 M M 6 21 320
19 34 24 29 -8 36 0 0.00 0.0 6 4.6 15 330 M M 5 18 330
20 40 32 36 -1 29 0 0.01 T 5 4.2 13 180 M M 9 18 15 190
21 48 37 43 7 22 0 0.00 0.0 4 5.3 16 240 M M 9 18 22 240
22 48 40 44 8 21 0 T 0.0 2 13.6 31 300 M M 8 8 37 300
23 45 39 42 6 23 0 0.00 0.0 1 8.9 28 290 M M 5 35 290
24 62 42 52 16 13 0 0.17 0.0 T 17.2 32 150 M M 10 8 48 150
25 63 31 47 11 18 0 0.74 0.0 0 21.6 43 190 M M 10 18 63 160
26 34 26 30 -5 35 0 0.00 0.0 0 15.9 28 260 M M 4 33 270
27 40 27 34 -1 31 0 0.00 0.0 0 6.4 16 270 M M 3 21 280
28 52 36 44 9 21 0 T 0.0 0 7.9 18 270 M M 6 26 270
29 45 32 39 4 26 0 0.00 0.0 0 16.0 26 310 M M 4 35 290
30 45 30 38 4 27 0 0.00 0.0 0 10.1 18 210 M M 8 25 200
31 50 38 44 10 21 0 0.53 0.0 0 10.8 21 240 M M 9 27 240
================================================================================
SM 1442 1094 740 0 3.53 10.1 374.6 M 202
================================================================================
AV 46.5 35.3 12.1 FASTST M M 7 MAX(MPH)
MISC ----> 43 190 63 160
================================================================================
NOTES:
# LAST OF SEVERAL OCCURRENCES
COLUMN 17 PEAK WIND IN M.P.H.
PRELIMINARY LOCAL CLIMATOLOGICAL DATA (WS FORM: F-6) , PAGE 2
STATION: LAGUARDIA NY
MONTH: DECEMBER
YEAR: 2020
LATITUDE: 40 46 N
LONGITUDE: 73 54 W
[TEMPERATURE DATA] [PRECIPITATION DATA] SYMBOLS USED IN COLUMN 16
AVERAGE MONTHLY: 40.9 TOTAL FOR MONTH: 3.53 1 = FOG OR MIST
DPTR FM NORMAL: 2.7 DPTR FM NORMAL: -0.03 2 = FOG REDUCING VISIBILITY
HIGHEST: 63 ON 25 GRTST 24HR 1.14 ON 4- 5 TO 1/4 MILE OR LESS
LOWEST: 24 ON 19 3 = THUNDER
SNOW, ICE PELLETS, HAIL 4 = ICE PELLETS
TOTAL MONTH: 10.1 INCHES 5 = HAIL
GRTST 24HR 5.6 ON 16-16 6 = FREEZING RAIN OR DRIZZLE
GRTST DEPTH: 9 ON 17 7 = DUSTSTORM OR SANDSTORM:
VSBY 1/2 MILE OR LESS
8 = SMOKE OR HAZE
[NO. OF DAYS WITH] [WEATHER - DAYS WITH] 9 = BLOWING SNOW
X = TORNADO
MAX 32 OR BELOW: 0 0.01 INCH OR MORE: 10
MAX 90 OR ABOVE: 0 0.10 INCH OR MORE: 8
MIN 32 OR BELOW: 12 0.50 INCH OR MORE: 3
MIN 0 OR BELOW: 0 1.00 INCH OR MORE: 1
[HDD (BASE 65) ]
TOTAL THIS MO. 740 CLEAR (SCALE 0-3) 3
DPTR FM NORMAL -91 PTCLDY (SCALE 4-7) 19
TOTAL FM JUL 1 1253 CLOUDY (SCALE 8-10) 9
DPTR FM NORMAL -352
[CDD (BASE 65) ]
TOTAL THIS MO. 0
DPTR FM NORMAL 0 [PRESSURE DATA]
TOTAL FM JAN 1 1652 HIGHEST SLP 30.57 ON 30
DPTR FM NORMAL 438 LOWEST SLP 29.41 ON 25
[REMARKS]
#FINAL-12-20#