000
CXUS56 KLOX 011155
CF6LGB
PRELIMINARY LOCAL CLIMATOLOGICAL DATA (WS FORM: F-6)
STATION: LONG BEACH AIRPORT CA
MONTH: JULY
YEAR: 2022
LATITUDE: 33 49 N
LONGITUDE: 118 9 W
TEMPERATURE IN F: :PCPN: SNOW: WIND :SUNSHINE: SKY :PK WND
================================================================================
1 2 3 4 5 6A 6B 7 8 9 10 11 12 13 14 15 16 17 18
12Z AVG MX 2MIN
DY MAX MIN AVG DEP HDD CDD WTR SNW DPTH SPD SPD DIR MIN PSBL S-S WX SPD DR
================================================================================
1 82 65 74 3 0 9 0.00 M M 6.0 13 290 M M 2 16 100
2 82 64 73 1 0 8 0.00 M M 5.7 14 290 M M 0 16 160
3 76 64 70 -2 0 5 0.00 M M 6.2 14 310 M M 3 17 310
4 77 63 70 -2 0 5 0.00 M M 5.8 16 310 M M 2 8 19 310
5 81 64 73 1 0 8 0.00 M M 6.3 17 290 M M 2 8 21 300
6 81 65 73 1 0 8 0.00 M M 6.0 15 290 M M 4 19 290
7 85 64 75 3 0 10 0.00 M M 6.2 13 290 M M 0 16 290
8 79 63 71 -1 0 6 0.00 M M 5.7 13 300 M M 3 16 170
9 83 64 74 1 0 9 0.00 M M 6.0 14 310 M M 3 18 18 290
10 85 62 74 1 0 9 0.00 M M 5.8 12 280 M M 2 128 14 300
11 82 63 73 0 0 8 0.00 M M 5.1 12 290 M M 3 18 15 310
12 78 63 71 -2 0 6 0.00 M M 6.3 12 310 M M 4 17 190
13 79 63 71 -2 0 6 0.00 M M 6.6 16 310 M M 3 8 20 290
14 74 64 69 -4 0 4 0.00 M M 5.9 13 190 M M 1 17 210
15 82 65 74 1 0 9 0.00 M M 6.3 13 130 M M 0 18 130
16 83 64 74 1 0 9 0.00 M M 5.4 15 180 M M 4 18 19 180
17 81 64 73 -1 0 8 0.00 M M 6.3 16 200 M M 1 18 22 180
18 88 68 78 4 0 13 0.00 M M 5.8 10 290 M M 0 M M
19 90 68 79 5 0 14 0.00 M M 5.8 13 300 M M 0 17 300
20 86 69 78 4 0 13 0.00 M M 5.6 15 170 M M 0 17 210
21 81 67 74 0 0 9 0.00 M M 5.9 14 150 M M 0 17 150
22 80 65 73 -1 0 8 0.00 M M 6.4 12 190 M M 4 16 180
23 80 68 74 0 0 9 0.00 M M 6.4 14 200 M M 5 17 200
24 81 67 74 0 0 9 0.00 M M 5.5 13 290 M M 6 16 180
25 83 67 75 1 0 10 0.00 M M 5.6 13 290 M M 6 17 290
26 83 65 74 0 0 9 0.00 M M 6.3 15 290 M M 4 18 300
27 84 64 74 0 0 9 0.00 M M 4.8 15 280 M M 3 8 18 290
28 79 65 72 -2 0 7 0.00 M M 4.6 12 210 M M 1 14 180
29 79 66 73 -1 0 8 0.00 M M 6.0 14 170 M M 0 18 170
30 84 68 76 2 0 11 0.00 M M 5.0 14 180 M M 1 18 180
31 89 70 80 6 0 15 0.00 M M 4.7 13 290 M M 1 14 300
================================================================================
SM 2537 2021 0 271 0.00 M 180.0 M 68
================================================================================
AV 81.8 65.2 5.8 FASTST M M 2 MAX(MPH)
MISC ----> 17 290 22 180
================================================================================
NOTES:
# LAST OF SEVERAL OCCURRENCES
COLUMN 17 PEAK WIND IN M.P.H.
PRELIMINARY LOCAL CLIMATOLOGICAL DATA (WS FORM: F-6) , PAGE 2
STATION: LONG BEACH AIRPORT CA
MONTH: JULY
YEAR: 2022
LATITUDE: 33 49 N
LONGITUDE: 118 9 W
[TEMPERATURE DATA] [PRECIPITATION DATA] SYMBOLS USED IN COLUMN 16
AVERAGE MONTHLY: 73.5 TOTAL FOR MONTH: 0.00 1 = FOG OR MIST
DPTR FM NORMAL: 0.4 DPTR FM NORMAL: -0.05 2 = FOG REDUCING VISIBILITY
HIGHEST: 90 ON 19 GRTST 24HR 0.00 ON 1- 1 TO 1/4 MILE OR LESS
LOWEST: 62 ON 10 3 = THUNDER
SNOW, ICE PELLETS, HAIL 4 = ICE PELLETS
TOTAL MONTH: M 5 = HAIL
GRTST 24HR M ON M 6 = FREEZING RAIN OR DRIZZLE
GRTST DEPTH: M ON M 7 = DUSTSTORM OR SANDSTORM:
VSBY 1/2 MILE OR LESS
8 = SMOKE OR HAZE
[NO. OF DAYS WITH] [WEATHER - DAYS WITH] 9 = BLOWING SNOW
X = TORNADO
MAX 32 OR BELOW: 0 0.01 INCH OR MORE: 0
MAX 90 OR ABOVE: 1 0.10 INCH OR MORE: 0
MIN 32 OR BELOW: 0 0.50 INCH OR MORE: 0
MIN 0 OR BELOW: 0 1.00 INCH OR MORE: 0
[HDD (BASE 65) ]
TOTAL THIS MO. 0 CLEAR (SCALE 0-3) 21
DPTR FM NORMAL 0 PTCLDY (SCALE 4-7) 10
TOTAL FM JUL 1 0 CLOUDY (SCALE 8-10) 0
DPTR FM NORMAL 0
[CDD (BASE 65) ]
TOTAL THIS MO. 271
DPTR FM NORMAL 18 [PRESSURE DATA]
TOTAL FM JAN 1 613 HIGHEST SLP 30.11 ON 9
DPTR FM NORMAL 137 LOWEST SLP 29.79 ON 22
[REMARKS]
#FINAL-07-22#