353
CXUS56 KLOX 011255
CF6LGB
PRELIMINARY LOCAL CLIMATOLOGICAL DATA (WS FORM: F-6)
STATION: LONG BEACH AIRPORT CA
MONTH: FEBRUARY
YEAR: 2021
LATITUDE: 33 49 N
LONGITUDE: 118 9 W
TEMPERATURE IN F: :PCPN: SNOW: WIND :SUNSHINE: SKY :PK WND
================================================================================
1 2 3 4 5 6A 6B 7 8 9 10 11 12 13 14 15 16 17 18
12Z AVG MX 2MIN
DY MAX MIN AVG DEP HDD CDD WTR SNW DPTH SPD SPD DIR MIN PSBL S-S WX SPD DR
================================================================================
1 71 57 64 7 1 0 T M M 4.1 12 300 M M 6 13 300
2 70 51 61 4 4 0 0.00 M M 4.5 18 300 M M 2 20 290
3 65 50 58 1 7 0 0.00 M M 3.8 14 280 M M 4 128 18 270
4 67 50 59 2 6 0 0.00 M M 4.2 13 290 M M 5 1 14 290
5 70 48 59 2 6 0 0.00 M M 3.3 13 290 M M 0 18 14 290
6 74 45 60 3 5 0 0.00 M M 2.6 10 290 M M 0 18 12 300
7 64 48 56 -1 9 0 0.00 M M 3.3 9 200 M M 4 128 11 210
8 59 50 55 -2 10 0 0.00 M M 4.0 12 200 M M 6 18 14 170
9 59 53 56 -1 9 0 0.00 M M 4.1 10 180 M M 7 14 170
10 62 50 56 -1 9 0 0.00 M M 2.4 10 210 M M 5 18 14 230
11 65 46 56 -1 9 0 0.00 M M 3.9 15 290 M M 0 18 18 290
12 67 51 59 2 6 0 0.05 M M 8.0 29 310 M M 4 1 34 310
13 62 50 56 -1 9 0 0.00 M M 7.3 18 320 M M 5 24 290
14 70 53 62 4 3 0 0.00 M M 13.8 28 290 M M 0 32 290
15 62 48 55 -3 10 0 0.00 M M 4.0 13 180 M M 1 18 170
16 70 52 61 3 4 0 0.00 M M 7.2 23 320 M M 3 18 29 320
17 66 46 56 -2 9 0 0.00 M M 4.0 17 260 M M 0 24 260
18 70 50 60 2 5 0 0.00 M M 7.8 20 80 M M 0 25 80
19 71 44 58 0 7 0 0.00 M M 3.1 13 290 M M 0 14 220
20 72 45 59 1 6 0 0.00 M M 7.8 30 310 M M 1 37 350
21 76 44 60 2 5 0 0.00 M M 5.8 18 290 M M 0 21 280
22 84 49 67 9 0 2 0.00 M M 5.6 16 300 M M 0 25 90
23 75 47 61 3 4 0 0.00 M M 3.4 12 310 M M 0 1 14 280
24 67 50 59 1 6 0 0.00 M M 3.6 10 210 M M 1 1 M M
25 77 48 63 5 2 0 0.00 M M 3.8 14 290 M M 1 18 17 310
26 72 44 58 0 7 0 0.00 M M 3.5 13 200 M M 0 16 220
27 69 48 59 1 6 0 0.00 M M 4.4 16 290 M M 2 20 290
28 74 47 61 3 4 0 0.00 M M 6.6 21 80 M M 0 27 80
================================================================================
SM 1930 1364 168 2 0.05 M 139.9 M 57
================================================================================
AV 68.9 48.7 5.0 FASTST M M 2 MAX(MPH)
MISC ----> 30 310 37 350
================================================================================
NOTES:
# LAST OF SEVERAL OCCURRENCES
COLUMN 17 PEAK WIND IN M.P.H.
PRELIMINARY LOCAL CLIMATOLOGICAL DATA (WS FORM: F-6) , PAGE 2
STATION: LONG BEACH AIRPORT CA
MONTH: FEBRUARY
YEAR: 2021
LATITUDE: 33 49 N
LONGITUDE: 118 9 W
[TEMPERATURE DATA] [PRECIPITATION DATA] SYMBOLS USED IN COLUMN 16
AVERAGE MONTHLY: 58.8 TOTAL FOR MONTH: 0.05 1 = FOG OR MIST
DPTR FM NORMAL: 1.2 DPTR FM NORMAL: -3.04 2 = FOG REDUCING VISIBILITY
HIGHEST: 84 ON 22 GRTST 24HR 0.05 ON 12-12 TO 1/4 MILE OR LESS
LOWEST: 44 ON 26,21 3 = THUNDER
SNOW, ICE PELLETS, HAIL 4 = ICE PELLETS
TOTAL MONTH: M 5 = HAIL
GRTST 24HR M ON M 6 = FREEZING RAIN OR DRIZZLE
GRTST DEPTH: M ON M 7 = DUSTSTORM OR SANDSTORM:
VSBY 1/2 MILE OR LESS
8 = SMOKE OR HAZE
[NO. OF DAYS WITH] [WEATHER - DAYS WITH] 9 = BLOWING SNOW
X = TORNADO
MAX 32 OR BELOW: 0 0.01 INCH OR MORE: 1
MAX 90 OR ABOVE: 0 0.10 INCH OR MORE: 0
MIN 32 OR BELOW: 0 0.50 INCH OR MORE: 0
MIN 0 OR BELOW: 0 1.00 INCH OR MORE: 0
[HDD (BASE 65) ]
TOTAL THIS MO. 168 CLEAR (SCALE 0-3) 18
DPTR FM NORMAL -44 PTCLDY (SCALE 4-7) 10
TOTAL FM JUL 1 747 CLOUDY (SCALE 8-10) 0
DPTR FM NORMAL -145
[CDD (BASE 65) ]
TOTAL THIS MO. 2
DPTR FM NORMAL -3 [PRESSURE DATA]
TOTAL FM JAN 1 16 HIGHEST SLP 30.33 ON 18
DPTR FM NORMAL 13 LOWEST SLP 29.81 ON 13
[REMARKS]
#FINAL-02-21#