000
CXUS56 KLOX 011730
CLMLGB
CLIMATE REPORT
NATIONAL WEATHER SERVICE LOS ANGELES/OXNARD
930 AM PST FRI DEC 01 2023
...................................
...THE LONG BEACH AIRPORT CA CLIMATE SUMMARY FOR THE MONTH OF NOVEMBER 2023...
CLIMATE NORMAL PERIOD: 1991 TO 2020
CLIMATE RECORD PERIOD: 1958 TO 2023
WEATHER OBSERVED NORMAL DEPART LAST YEAR`S
VALUE DATE(S) VALUE FROM VALUE
NORMAL
..............................................................
TEMPERATURE (F)
HIGHEST 89 11/01
11/12
LOWEST 48 11/11
AVG. MAXIMUM 79.1 72.5 6.6
AVG. MINIMUM 54.0 51.6 2.4
MEAN 66.6 62.0 4.6
DAYS MAX >= 90 0
DAYS MAX <= 32 0
DAYS MIN <= 32 0
DAYS MIN <= 0 0
PRECIPITATION (INCHES)
TOTALS 0.53 0.75 -0.22
DAILY AVG. 0.02
DAYS >= .01 0
DAYS >= .10 0
DAYS >= .50 0
DAYS >= 1.00 0
GREATEST
24 HR. TOTAL 0.52 11/15 TO 11/15
STORM TOTAL 0.52
DEGREE DAYS
HEATING TOTAL 9 118 -109 116
SINCE 7/1 14 139 -125 MM
COOLING TOTAL 51 29 22 4
SINCE 1/1 1209 1164 45 MM
..............................................................
WIND (MPH)
AVERAGE WIND SPEED 3.6
HIGHEST WIND SPEED/DIRECTION 20/310 DATE 11/19
HIGHEST GUST SPEED/DIRECTION 25/290 DATE 11/19
SKY COVER
POSSIBLE SUNSHINE (PERCENT) MM
AVERAGE SKY COVER 0.16
NUMBER OF DAYS FAIR 23
NUMBER OF DAYS PC 5
NUMBER OF DAYS CLOUDY 2
AVERAGE RH (PERCENT) 53
WEATHER CONDITIONS. NUMBER OF DAYS WITH
THUNDERSTORM 1 MIXED PRECIP 0
HEAVY RAIN 1 RAIN 1
LIGHT RAIN 4 FREEZING RAIN 0
LT FREEZING RAIN 0 HAIL 0
HEAVY SNOW 0 SNOW 0
LIGHT SNOW 0 SLEET 0
FOG 7 FOG W/VIS <= 1/4 MILE 2
HAZE 10
- INDICATES NEGATIVE NUMBERS.
R INDICATES RECORD WAS SET OR TIED.
MM INDICATES DATA IS MISSING.
T INDICATES TRACE AMOUNT.
$$