000
CXUS55 KBOU 012358
CF6LIC
PRELIMINARY LOCAL CLIMATOLOGICAL DATA (WS FORM: F-6)
STATION: LIMON CO
MONTH: SEPTEMBER
YEAR: 2020
LATITUDE: 39 10 N
LONGITUDE: 103 42 W
TEMPERATURE IN F: :PCPN: SNOW: WIND :SUNSHINE: SKY :PK WND
================================================================================
1 2 3 4 5 6A 6B 7 8 9 10 11 12 13 14 15 16 17 18
12Z AVG MX 2MIN
DY MAX MIN AVG DEP HDD CDD WTR SNW DPTH SPD SPD DIR MIN PSBL S-S WX SPD DR
================================================================================
1 77 51 64 M 1 0 0.02 M M 3.1 12 90 M M 1 13 19 10
2 87 48 68 M 0 3 0.00 M M 6.0 15 200 M M 0 21 230
3 81 52 67 M 0 2 0.00 M M 11.9 26 20 M M 0 36 20
4 90 47 69 M 0 4 0.00 M M 5.0 13 150 M M 0 19 180
5 95 49 72 M 0 7 0.00 M M 8.1 18 180 M M 0 29 160
6 98 52 75 M 0 10 0.00 M M 10.5 28 360 M M 0 42 320
7 94 45 70 M 0 5 T M M 12.1 39 70 M M 1 18 48 70
8 45 31 38 M 27 0 0.32 M M 17.0 29 30 M M 10 1236 39 50
9 39 28 34 M 31 0 0.22 M M 7.3 14 30 M M 10 12 18 30
10 51 37 44 M 21 0 0.05 M M 6.4 16 150 M M 10 23 150
11 66 34 50 M 15 0 0.00 M M 5.1 21 10 M M 3 1 25 10
12 79 41 60 M 5 0 0.00 M M 8.9 23 360 M M 0 30 350
13 84 39 62 M 3 0 0.00 M M 5.5 15 140 M M 0 22 170
14 83 40 62 M 3 0 0.00 M M 7.5 20 150 M M 0 32 170
15 86 39 63 M 2 0 0.00 M M 3.1 16 150 M M 0 20 150
16 73 41 57 M 8 0 0.00 M M 10.5 29 10 M M 0 18 41 20
17 83 40 62 M 3 0 0.00 M M 8.2 20 190 M M 0 18 25 200
18 83 44 64 M 1 0 0.00 M M 9.3 18 190 M M 0 8 28 160
19 89 42 66 M 0 1 0.00 M M 7.6 21 190 M M 0 28 180
20 84 43 64 M 1 0 0.00 M M 7.0 21 120 M M 1 8 32 130
21 87 46 67 M 0 2 T M M 5.7 14 140 M M 1 18 250
22 86 42 64 M 1 0 0.00 M M 6.8 15 190 M M 0 8 23 170
23 84 42 63 M 2 0 0.00 M M 8.2 22 360 M M 0 28 10
24 87 46 67 M 0 2 0.00 M M 5.8 12 210 M M 0 17 180
25 91 43 67 M 0 2 0.00 M M 6.8 20 100 M M 0 24 90
26 88 50 69 M 0 4 0.00 M M 10.7 23 50 M M 0 8 32 280
27 59 41 50 M 15 0 T M M 11.2 26 30 M M 6 36 30
28 60 32 46 M 19 0 M M M 13.4 26 310 M M 1 35 340
29 80 32 56 M 9 0 0.00 M M 8.8 20 340 M M 0 28 340
30 74 41 58 M 7 0 0.00 M M 7.6 21 350 M M 1 35 350
================================================================================
SM 2363 1258 174 42 0.61 M 245.1 M 45
================================================================================
AV 78.8 41.9 8.2 FASTST M M 2 MAX(MPH)
MISC ----> 39 70 48 70
================================================================================
NOTES:
# LAST OF SEVERAL OCCURRENCES
COLUMN 17 PEAK WIND IN M.P.H.
PRELIMINARY LOCAL CLIMATOLOGICAL DATA (WS FORM: F-6) , PAGE 2
STATION: LIMON CO
MONTH: SEPTEMBER
YEAR: 2020
LATITUDE: 39 10 N
LONGITUDE: 103 42 W
[TEMPERATURE DATA] [PRECIPITATION DATA] SYMBOLS USED IN COLUMN 16
AVERAGE MONTHLY: 60.4 TOTAL FOR MONTH: 0.61 1 = FOG OR MIST
DPTR FM NORMAL: 1.4 DPTR FM NORMAL: -0.24 2 = FOG REDUCING VISIBILITY
HIGHEST: 98 ON 6 GRTST 24HR 0.50 ON 8- 9 TO 1/4 MILE OR LESS
LOWEST: 28 ON 9 3 = THUNDER
SNOW, ICE PELLETS, HAIL 4 = ICE PELLETS
TOTAL MONTH: M 5 = HAIL
GRTST 24HR M ON M 6 = FREEZING RAIN OR DRIZZLE
GRTST DEPTH: M ON M 7 = DUSTSTORM OR SANDSTORM:
VSBY 1/2 MILE OR LESS
8 = SMOKE OR HAZE
[NO. OF DAYS WITH] [WEATHER - DAYS WITH] 9 = BLOWING SNOW
X = TORNADO
MAX 32 OR BELOW: 0 0.01 INCH OR MORE: 4
MAX 90 OR ABOVE: 5 0.10 INCH OR MORE: 2
MIN 32 OR BELOW: 4 0.50 INCH OR MORE: 0
MIN 0 OR BELOW: 0 1.00 INCH OR MORE: 0
[HDD (BASE 65) ]
TOTAL THIS MO. 174 CLEAR (SCALE 0-3) 25
DPTR FM NORMAL M PTCLDY (SCALE 4-7) 2
TOTAL FM JUL 1 179 CLOUDY (SCALE 8-10) 3
DPTR FM NORMAL 179
[CDD (BASE 65) ]
TOTAL THIS MO. 42
DPTR FM NORMAL M [PRESSURE DATA]
TOTAL FM JAN 1 636 HIGHEST SLP 30.47 ON 9
DPTR FM NORMAL 493 LOWEST SLP 29.52 ON 7
[REMARKS]
#FINAL-09-20#