000
CXUS56 KMFR 011000
CF6LMT
PRELIMINARY LOCAL CLIMATOLOGICAL DATA (WS FORM: F-6)
STATION: KLAMATH FALLS OR
MONTH: APRIL
YEAR: 2020
LATITUDE: 42 9 N
LONGITUDE: 121 44 W
TEMPERATURE IN F: :PCPN: SNOW: WIND :SUNSHINE: SKY :PK WND
================================================================================
1 2 3 4 5 6A 6B 7 8 9 10 11 12 13 14 15 16 17 18
12Z AVG MX 2MIN
DY MAX MIN AVG DEP HDD CDD WTR SNW DPTH SPD SPD DIR MIN PSBL S-S WX SPD DR
================================================================================
1 42 22 32 -8 33 0 T M M 8.3 24 340 M M 6 29 330
2 47 17 32 -8 33 0 0.00 M M 4.3 20 330 M M 4 24 340
3 48 21 35 -5 30 0 0.00 M M 5.1 18 280 M M 3 32 290
4 44 20 32 -8 33 0 0.09 M M 8.6 28 190 M M 8 1 32 200
5 48 28 38 -3 27 0 0.05 M M 13.5 25 160 M M 6 33 150
6 53 22 38 -3 27 0 0.00 M M 2.7 9 290 M M 4 13 190
7 63 22 43 2 22 0 0.00 M M 4.2 14 340 M M 2 12 17 320
8 69 39 54 13 11 0 0.00 M M 10.3 18 30 M M 0 24 50
9 72 30 51 10 14 0 0.00 M M 10.6 22 320 M M 0 25 330
10 71 33 52 10 13 0 0.00 M M 7.5 23 330 M M 0 28 330
11 60 29 45 3 20 0 0.00 M M 8.3 25 330 M M 0 29 320
12 61 30 46 4 19 0 0.00 M M 7.8 22 330 M M 1 27 330
13 57 23 40 -2 25 0 0.00 M M 7.1 15 60 M M 0 20 60
14 65 20 43 1 22 0 0.00 M M 6.9 21 340 M M 0 25 330
15 64 26 45 2 20 0 0.00 M M 8.5 21 340 M M 0 8 27 360
16 60 34 47 4 18 0 0.00 M M 10.4 21 60 M M 0 26 60
17 64 23 44 1 21 0 0.00 M M 3.4 10 80 M M 0 8 14 230
18 63 26 45 1 20 0 0.00 M M 8.2 25 300 M M 3 28 310
19 61 31 46 2 19 0 T M M 3.2 10 160 M M 4 14 180
20 64 26 45 1 20 0 0.00 M M 4.5 17 280 M M 2 20 280
21 66 29 48 4 17 0 0.00 M M 6.3 21 280 M M 2 12 25 270
22 59 34 47 2 18 0 0.09 M M 6.8 22 260 M M 7 1 28 250
23 60 42 51 6 14 0 0.00 M M 9.3 24 260 M M 3 8 31 250
24 64 37 51 6 14 0 T M M 5.7 23 290 M M 6 27 290
25 66 36 51 5 14 0 0.00 M M 5.2 18 290 M M 3 22 280
26 72 33 53 7 12 0 0.00 M M 6.0 20 260 M M 3 12 25 280
27 66 40 53 7 12 0 T M M 5.8 16 330 M M 8 19 330
28 77 33 55 9 10 0 0.00 M M 1.7 9 330 M M 1 12 11 300
29 75 42 59 12 6 0 0.00 M M 6.3 21 280 M M 1 25 280
30 62 34 48 1 17 0 0.00 M M 7.9 20 270 M M 3 27 270
================================================================================
SM 1843 882 581 0 0.23 M 204.4 M 80
================================================================================
AV 61.4 29.4 6.8 FASTST M M 3 MAX(MPH)
MISC ----> # 28 190 # 33 150
================================================================================
NOTES:
# LAST OF SEVERAL OCCURRENCES
COLUMN 17 PEAK WIND IN M.P.H.
PRELIMINARY LOCAL CLIMATOLOGICAL DATA (WS FORM: F-6) , PAGE 2
STATION: KLAMATH FALLS OR
MONTH: APRIL
YEAR: 2020
LATITUDE: 42 9 N
LONGITUDE: 121 44 W
[TEMPERATURE DATA] [PRECIPITATION DATA] SYMBOLS USED IN COLUMN 16
AVERAGE MONTHLY: 45.4 TOTAL FOR MONTH: 0.23 1 = FOG OR MIST
DPTR FM NORMAL: 2.3 DPTR FM NORMAL: -1.14 2 = FOG REDUCING VISIBILITY
HIGHEST: 77 ON 28 GRTST 24HR 0.09 ON 22-22 TO 1/4 MILE OR LESS
LOWEST: 17 ON 2 3 = THUNDER
SNOW, ICE PELLETS, HAIL 4 = ICE PELLETS
TOTAL MONTH: M 5 = HAIL
GRTST 24HR M ON M 6 = FREEZING RAIN OR DRIZZLE
GRTST DEPTH: M ON M 7 = DUSTSTORM OR SANDSTORM:
VSBY 1/2 MILE OR LESS
8 = SMOKE OR HAZE
[NO. OF DAYS WITH] [WEATHER - DAYS WITH] 9 = BLOWING SNOW
X = TORNADO
MAX 32 OR BELOW: 0 0.01 INCH OR MORE: 3
MAX 90 OR ABOVE: 0 0.10 INCH OR MORE: 0
MIN 32 OR BELOW: 18 0.50 INCH OR MORE: 0
MIN 0 OR BELOW: 0 1.00 INCH OR MORE: 0
[HDD (BASE 65) ]
TOTAL THIS MO. 581 CLEAR (SCALE 0-3) 19
DPTR FM NORMAL -76 PTCLDY (SCALE 4-7) 11
TOTAL FM JUL 1 6076 CLOUDY (SCALE 8-10) 0
DPTR FM NORMAL -243
[CDD (BASE 65) ]
TOTAL THIS MO. 0
DPTR FM NORMAL 0 [PRESSURE DATA]
TOTAL FM JAN 1 0 HIGHEST SLP 30.44 ON 14
DPTR FM NORMAL 0 LOWEST SLP 29.50 ON 5
[REMARKS]
#FINAL-04-20#