000
CXUS56 KMFR 011030
CF6LMT
PRELIMINARY LOCAL CLIMATOLOGICAL DATA (WS FORM: F-6)
STATION: KLAMATH FALLS OR
MONTH: NOVEMBER
YEAR: 2023
LATITUDE: 42 9 N
LONGITUDE: 121 44 W
TEMPERATURE IN F: :PCPN: SNOW: WIND :SUNSHINE: SKY :PK WND
================================================================================
1 2 3 4 5 6A 6B 7 8 9 10 11 12 13 14 15 16 17 18
12Z AVG MX 2MIN
DY MAX MIN AVG DEP HDD CDD WTR SNW DPTH SPD SPD DIR MIN PSBL S-S WX SPD DR
================================================================================
1 66 26 46 4 19 0 0.00 M M 1.6 8 120 M M 3 8 11 180
2 52 40 46 5 19 0 0.10 M M 3.0 7 350 M M 8 18 9 250
3 60 37 49 8 16 0 0.04 M M 1.1 6 100 M M 7 12 8 250
4 64 44 54 13 11 0 0.04 M M 9.5 26 280 M M 7 1 37 220
5 59 35 47 7 18 0 0.01 M M 9.9 24 170 M M 7 30 180
6 51 36 44 4 21 0 0.19 M M 8.9 24 250 M M 6 1 32 230
7 47 25 36 -4 29 0 0.00 M M 5.6 13 290 M M 4 17 290
8 48 19 34 -5 31 0 0.00 M M 1.9 8 140 M M 3 128 13 340
9 46 16 31 -8 34 0 0.00 M M 2.0 10 230 M M 4 12 15 230
10 53 28 41 2 24 0 T M M 2.8 12 280 M M 5 15 270
11 56 24 40 2 25 0 0.00 M M 4.9 22 270 M M 0 1 27 270
12 58 22 40 2 25 0 0.00 M M 9.0 26 170 M M 2 12 35 180
13 56 32 44 6 21 0 0.00 M M 5.9 16 160 M M 1 25 170
14 54 32 43 6 22 0 T M M 5.8 21 200 M M 7 1 29 220
15 56 29 43 6 22 0 0.01 M M 2.1 14 290 M M 5 1 15 290
16 55 26 41 4 24 0 0.00 M M 2.3 8 210 M M 5 1 14 220
17 58 23 41 5 24 0 T M M 2.9 16 170 M M 4 12 21 170
18 49 37 43 7 22 0 0.23 M M 12.8 26 280 M M 9 1 38 250
19 40 22 31 -5 34 0 T M M 6.9 21 270 M M 5 1 29 290
20 48 19 34 -2 31 0 0.00 M M 2.3 8 320 M M 0 10 340
21 52 23 38 3 27 0 0.00 M M 2.9 12 80 M M 0 16 90
22 50 19 35 0 30 0 0.02 M M 1.8 13 340 M M 5 16 340
23 44 28 36 2 29 0 T M M 11.3 23 330 M M 2 8 29 30
24 43 23 33 -1 32 0 0.00 M M 9.4 15 50 M M 4 23 30
25 42 15 29 -5 36 0 0.00 M M 4.0 13 80 M M 0 14 80
26 45 12 29 -5 36 0 0.00 M M 2.7 10 80 M M 0 12 80
27 46 9 28 -5 37 0 0.00 M M 3.4 12 340 M M 0 13 330
28 48 10 29 -4 36 0 0.00 M M 1.8 8 340 M M 0 11 350
29 47 17 32 -1 33 0 0.00 M M 1.7 13 340 M M 7 17 340
30 38 28 33 0 32 0 0.02 M M 6.7 23 270 M M 9 1 31 270
================================================================================
SM 1531 756 800 0 0.66 M 146.9 M 119
================================================================================
AV 51.0 25.2 4.9 FASTST M M 4 MAX(MPH)
MISC ----> # 26 280 38 250
================================================================================
NOTES:
# LAST OF SEVERAL OCCURRENCES
COLUMN 17 PEAK WIND IN M.P.H.
PRELIMINARY LOCAL CLIMATOLOGICAL DATA (WS FORM: F-6) , PAGE 2
STATION: KLAMATH FALLS OR
MONTH: NOVEMBER
YEAR: 2023
LATITUDE: 42 9 N
LONGITUDE: 121 44 W
[TEMPERATURE DATA] [PRECIPITATION DATA] SYMBOLS USED IN COLUMN 16
AVERAGE MONTHLY: 38.1 TOTAL FOR MONTH: 0.66 1 = FOG OR MIST
DPTR FM NORMAL: 1.1 DPTR FM NORMAL: -0.72 2 = FOG REDUCING VISIBILITY
HIGHEST: 66 ON 1 GRTST 24HR 0.23 ON 17-18 TO 1/4 MILE OR LESS
LOWEST: 9 ON 27 3 = THUNDER
SNOW, ICE PELLETS, HAIL 4 = ICE PELLETS
TOTAL MONTH: M 5 = HAIL
GRTST 24HR M ON M 6 = FREEZING RAIN OR DRIZZLE
GRTST DEPTH: M ON M 7 = DUSTSTORM OR SANDSTORM:
VSBY 1/2 MILE OR LESS
8 = SMOKE OR HAZE
[NO. OF DAYS WITH] [WEATHER - DAYS WITH] 9 = BLOWING SNOW
X = TORNADO
MAX 32 OR BELOW: 0 0.01 INCH OR MORE: 9
MAX 90 OR ABOVE: 0 0.10 INCH OR MORE: 3
MIN 32 OR BELOW: 24 0.50 INCH OR MORE: 0
MIN 0 OR BELOW: 0 1.00 INCH OR MORE: 0
[HDD (BASE 65) ]
TOTAL THIS MO. 800 CLEAR (SCALE 0-3) 12
DPTR FM NORMAL -40 PTCLDY (SCALE 4-7) 15
TOTAL FM JUL 1 1620 CLOUDY (SCALE 8-10) 3
DPTR FM NORMAL -76
[CDD (BASE 65) ]
TOTAL THIS MO. 0
DPTR FM NORMAL 0 [PRESSURE DATA]
TOTAL FM JAN 1 264 HIGHEST SLP 30.61 ON 20
DPTR FM NORMAL 48 LOWEST SLP 29.61 ON 6
[REMARKS]
#FINAL-11-23#