000
CXUS53 KMKX 010910
CF6LNR
PRELIMINARY LOCAL CLIMATOLOGICAL DATA (WS FORM: F-6)
STATION: LONE ROCK WI
MONTH: DECEMBER
YEAR: 2021
LATITUDE: 43 12 N
LONGITUDE: 90 11 W
TEMPERATURE IN F: :PCPN: SNOW: WIND :SUNSHINE: SKY :PK WND
================================================================================
1 2 3 4 5 6A 6B 7 8 9 10 11 12 13 14 15 16 17 18
12Z AVG MX 2MIN
DY MAX MIN AVG DEP HDD CDD WTR SNW DPTH SPD SPD DIR MIN PSBL S-S WX SPD DR
================================================================================
1 50 30 40 10 25 0 0.01 M M 6.3 15 210 M M 5 21 200
2 52 40 46 16 19 0 T M M 10.7 24 310 M M 2 37 310
3 47 27 37 8 28 0 0.04 M M 3.5 12 360 M M 7 18 17 360
4 36 26 31 2 34 0 0.00 M M 5.5 12 280 M M 7 1 15 280
5 35 31 33 5 32 0 0.02 M M 8.8 26 270 M M 10 16 36 280
6 33 8 21 -7 44 0 T M M 18.6 31 280 M M 5 8 44 270
7 23 8 16 -12 49 0 0.00 M M 4.8 15 140 M M 8 18 140
8 29 13 21 -6 44 0 0.00 M M 4.2 12 110 M M 3 14 100
9 37 20 29 2 36 0 T M M 6.2 14 120 M M 5 18 20 110
10 35 22 29 3 36 0 0.61 M M 9.7 23 70 M M 6 18 33 90
11 35 17 26 0 39 0 0.06 M M 10.6 25 300 M M 5 1 38 280
12 45 18 32 6 33 0 0.00 M M 6.8 20 250 M M 0 29 240
13 50 25 38 13 27 0 0.00 M M 2.0 10 260 M M 0 18 220
14 48 23 36 11 29 0 0.00 M M 7.0 17 100 M M 3 22 100
15 69 47 58 33 7 0 0.01 M M 15.3 41 200 M M 8 138 66 180
16 60 25 43 19 22 0 T M M 17.6 37 250 M M 6 8 66 260
17 31 16 24 0 41 0 0.00 M M 6.4 15 80 M M 3 19 80
18 32 20 26 2 39 0 0.00 M M 5.9 13 310 M M 8 17 340
19 33 21 27 3 38 0 0.00 M M 6.9 17 190 M M 6 24 210
20 39 20 30 7 35 0 0.00 M M 6.7 15 300 M M 0 22 300
21 32 13 23 0 42 0 0.00 M M 11.4 28 280 M M 3 8 39 250
22 26 11 19 -4 46 0 0.00 M M 5.4 21 290 M M 4 28 300
23 41 18 30 8 35 0 0.00 M M 5.1 13 100 M M 3 18 16 110
24 46 19 33 11 32 0 0.00 M M 5.1 13 330 M M 7 12 18 330
25 45 20 33 11 32 0 0.00 M M 5.6 13 340 M M 2 20 340
26 37 14 26 4 39 0 0.11 M M 10.6 31 100 M M 3 12 41 90
27 37 21 29 8 36 0 T M M 11.3 29 100 M M 5 18 39 280
28 32 21 27 6 38 0 0.12 M M 7.5 18 100 M M 8 12 23 280
29 32 8 20 -1 45 0 0.00 M M 6.9 20 300 M M 4 27 300
30 28 14 21 0 44 0 T M M 4.4 10 100 M M 10 1 13 90
31 30 24 27 7 38 0 0.00 M M 6.9 14 360 M M 10 18 18 350
================================================================================
SM 1205 640 1084 0 0.98 M 243.7 M 156
================================================================================
AV 38.9 20.6 7.9 FASTST M M 5 MAX(MPH)
MISC ----> 41 200 # 66 180
================================================================================
NOTES:
# LAST OF SEVERAL OCCURRENCES
COLUMN 17 PEAK WIND IN M.P.H.
PRELIMINARY LOCAL CLIMATOLOGICAL DATA (WS FORM: F-6) , PAGE 2
STATION: LONE ROCK WI
MONTH: DECEMBER
YEAR: 2021
LATITUDE: 43 12 N
LONGITUDE: 90 11 W
[TEMPERATURE DATA] [PRECIPITATION DATA] SYMBOLS USED IN COLUMN 16
AVERAGE MONTHLY: 29.8 TOTAL FOR MONTH: 0.98 1 = FOG OR MIST
DPTR FM NORMAL: 5.1 DPTR FM NORMAL: -0.22 2 = FOG REDUCING VISIBILITY
HIGHEST: 69 ON 15 GRTST 24HR 0.67 ON 10-11 TO 1/4 MILE OR LESS
LOWEST: 8 ON 29, 7 3 = THUNDER
SNOW, ICE PELLETS, HAIL 4 = ICE PELLETS
TOTAL MONTH: M 5 = HAIL
GRTST 24HR M ON M 6 = FREEZING RAIN OR DRIZZLE
GRTST DEPTH: M ON M 7 = DUSTSTORM OR SANDSTORM:
VSBY 1/2 MILE OR LESS
8 = SMOKE OR HAZE
[NO. OF DAYS WITH] [WEATHER - DAYS WITH] 9 = BLOWING SNOW
X = TORNADO
MAX 32 OR BELOW: 10 0.01 INCH OR MORE: 8
MAX 90 OR ABOVE: 0 0.10 INCH OR MORE: 3
MIN 32 OR BELOW: 29 0.50 INCH OR MORE: 1
MIN 0 OR BELOW: 0 1.00 INCH OR MORE: 0
[HDD (BASE 65) ]
TOTAL THIS MO. 1084 CLEAR (SCALE 0-3) 9
DPTR FM NORMAL -165 PTCLDY (SCALE 4-7) 18
TOTAL FM JUL 1 2362 CLOUDY (SCALE 8-10) 4
DPTR FM NORMAL -388
[CDD (BASE 65) ]
TOTAL THIS MO. 0
DPTR FM NORMAL 0 [PRESSURE DATA]
TOTAL FM JAN 1 750 HIGHEST SLP 30.38 ON 19
DPTR FM NORMAL 104 LOWEST SLP 29.20 ON 11
[REMARKS]
#FINAL-12-21#