000
CXUS54 KCRP 011310
CF6LRD
PRELIMINARY LOCAL CLIMATOLOGICAL DATA (WS FORM: F-6)
STATION: LAREDO
MONTH: FEBRUARY
YEAR: 2021
LATITUDE: 27 31 N
LONGITUDE: 99 28 W
TEMPERATURE IN F: :PCPN: SNOW: WIND :SUNSHINE: SKY :PK WND
================================================================================
1 2 3 4 5 6A 6B 7 8 9 10 11 12 13 14 15 16 17 18
12Z AVG MX 2MIN
DY MAX MIN AVG DEP HDD CDD WTR SNW DPTH SPD SPD DIR MIN PSBL S-S WX SPD DR
================================================================================
1 71 45 58 0 7 0 0.00 0.0 0 M M M M M 0 M M
2 76 45 61 2 4 0 0.00 0.0 0 M M M M M 0 M M
3 84 53 69 10 0 4 0.00 0.0 0 M M M M M 0 M M
4 93 57 75 16 0 10 0.00 0.0 0 M M M M M 0 M M
5 72 53 63 4 2 0 0.00 0.0 0 M M M M M 4 M M
6 79 53 66 7 0 1 0.00 0.0 0 M M M M M 5 1 M M
7 79 48 64 4 1 0 0.00 0.0 0 M M M M M 0 M M
8 80 61 71 11 0 6 0.00 0.0 0 M M M M M 4 M M
9 86 64 75 15 0 10 0.00 0.0 0 M M M M M 4 1 M M
10 79 52 66 6 0 1 T 0.0 0 M M M M M 8 M M
11 52 40 46 -14 19 0 0.05 0.0 0 M M M M M 10 13 M M
12 42 38 40 -21 25 0 0.00 0.0 0 M M M M M 10 1 M M
13 39 33 36 -25 29 0 0.01 0.0 0 M M M M M 10 1 M M
14 35 25 30 -31 35 0 0.01 T 0 M M M M M 10 16 M M
15 34 18 26 -35 39 0 0.01 T 0 M M M M M 3 M M
16 40 22 31 -30 34 0 0.02 0.0 0 M M M M M M 6 M M
17 57 29 43 -19 22 0 0.04 0.0 0 M M M M M 2 6 M M
18 44 29 37 -25 28 0 0.00 0.0 0 M M M M M 5 M M
19 54 25 40 -22 25 0 0.00 0.0 0 M M M M M 1 M M
20 70 32 51 -11 14 0 0.00 0.0 0 M M M M M 0 M M
21 79 48 64 1 1 0 0.00 0.0 0 M M M M M 0 M M
22 80 54 67 4 0 2 0.00 0.0 0 M M M M M 2 M M
23 85 55 70 7 0 5 0.00 0.0 0 M M M M M 1 12 M M
24 91 61 76 13 0 11 0.00 0.0 0 M M M M M 1 1 M M
25 91 66 79 15 0 14 0.00 0.0 0 M M M M M 3 M M
26 75 56 66 2 0 1 T 0.0 0 M M M M M 6 1 M M
27 84 61 73 9 0 8 T 0.0 M M M M M M 5 M M
28 86 69 78 14 0 13 0.00 0.0 0 M M M M M 5 M M
================================================================================
SM 1937 1292 285 86 0.14 T M M 99
================================================================================
AV 69.2 46.1 M FASTST M M 4 MAX(MPH)
MISC ----> M M M M
================================================================================
NOTES:
# LAST OF SEVERAL OCCURRENCES
COLUMN 17 PEAK WIND IN M.P.H.
PRELIMINARY LOCAL CLIMATOLOGICAL DATA (WS FORM: F-6) , PAGE 2
STATION: LAREDO
MONTH: FEBRUARY
YEAR: 2021
LATITUDE: 27 31 N
LONGITUDE: 99 28 W
[TEMPERATURE DATA] [PRECIPITATION DATA] SYMBOLS USED IN COLUMN 16
AVERAGE MONTHLY: 57.7 TOTAL FOR MONTH: 0.14 1 = FOG OR MIST
DPTR FM NORMAL: -3.5 DPTR FM NORMAL: -0.80 2 = FOG REDUCING VISIBILITY
HIGHEST: 93 ON 4 GRTST 24HR 0.05 ON 11-11 TO 1/4 MILE OR LESS
LOWEST: 18 ON 15 3 = THUNDER
SNOW, ICE PELLETS, HAIL 4 = ICE PELLETS
TOTAL MONTH: T 5 = HAIL
GRTST 24HR T ON 14-14 6 = FREEZING RAIN OR DRIZZLE
GRTST DEPTH: 0 7 = DUSTSTORM OR SANDSTORM:
VSBY 1/2 MILE OR LESS
8 = SMOKE OR HAZE
[NO. OF DAYS WITH] [WEATHER - DAYS WITH] 9 = BLOWING SNOW
X = TORNADO
MAX 32 OR BELOW: 0 0.01 INCH OR MORE: 6
MAX 90 OR ABOVE: 3 0.10 INCH OR MORE: 0
MIN 32 OR BELOW: 7 0.50 INCH OR MORE: 0
MIN 0 OR BELOW: 0 1.00 INCH OR MORE: 0
[HDD (BASE 65) ]
TOTAL THIS MO. 285 CLEAR (SCALE 0-3) 12
DPTR FM NORMAL 120 PTCLDY (SCALE 4-7) 11
TOTAL FM JUL 1 792 CLOUDY (SCALE 8-10) 5
DPTR FM NORMAL -51
[CDD (BASE 65) ]
TOTAL THIS MO. 86
DPTR FM NORMAL 29 [PRESSURE DATA]
TOTAL FM JAN 1 122 HIGHEST SLP 30.63 ON 19
DPTR FM NORMAL 36 LOWEST SLP 29.72 ON 27
[REMARKS]
#FINAL-02-21#