000
CXUS54 KEPZ 191030
CF6LRU
PRELIMINARY LOCAL CLIMATOLOGICAL DATA (WS FORM: F-6)
STATION: LAS CRUCES
MONTH: MARCH
YEAR: 2024
LATITUDE: 32 17 N
LONGITUDE: 106 46 W
TEMPERATURE IN F: :PCPN: SNOW: WIND :SUNSHINE: SKY :PK WND
================================================================================
1 2 3 4 5 6A 6B 7 8 9 10 11 12 13 14 15 16 17 18
12Z AVG MX 2MIN
DY MAX MIN AVG DEP HDD CDD WTR SNW DPTH SPD SPD DIR MIN PSBL S-S WX SPD DR
================================================================================
1 72 40 56 M 9 0 0.00 M M 7.9 18 260 M M 0 27 250
2 76 43 60 M 5 0 0.00 M M 9.2 20 250 M M 0 26 270
3 72 47 60 M 5 0 0.00 M M 13.6 32 270 M M 0 38 270
4 71 45 58 M 7 0 0.00 M M 14.0 26 260 M M 0 35 260
5 73 45 59 M 6 0 0.00 M M 10.7 18 260 M M 0 25 250
6 72 46 59 M 6 0 0.00 M M 10.0 21 230 M M 2 25 230
7 70 49 60 M 5 0 0.00 M M 14.7 28 230 M M 2 35 270
8 64 40 52 M 13 0 0.00 M M 11.0 18 280 M M 5 24 230
9 62 41 52 M 13 0 0.00 M M 6.0 12 140 M M 4 17 140
10 67 36 52 M 13 0 0.00 M M 3.8 7 160 M M 0 M M
11 76 37 57 M 8 0 0.00 M M 3.7 17 240 M M 0 20 220
12 76 44 60 M 5 0 0.00 M M 11.8 22 240 M M 0 30 240
13 74 42 58 M 7 0 0.00 M M 12.8 35 270 M M 0 40 260
14 75 43 59 M 6 0 0.00 M M 7.6 22 130 M M 3 35 180
15 69 50 60 M 5 0 0.00 M M 18.9 27 110 M M 2 38 110
16 70 43 57 M 8 0 0.00 M M 7.4 21 130 M M 5 26 130
17 71 41 56 M 9 0 0.00 M M 5.8 18 110 M M 3 33 110
18 65 49 57 M 8 0 0.00 M M 14.6 24 100 M M 8 31 100
================================================================================
SM 1275 781 138 0 0.00 M 183.4 M 34
================================================================================
AV 70.8 43.4 10.2 FASTST M M 2 MAX(MPH)
MISC ----> 35 270 40 260
================================================================================
NOTES:
# LAST OF SEVERAL OCCURRENCES
COLUMN 17 PEAK WIND IN M.P.H.
PRELIMINARY LOCAL CLIMATOLOGICAL DATA (WS FORM: F-6) , PAGE 2
STATION: LAS CRUCES
MONTH: MARCH
YEAR: 2024
LATITUDE: 32 17 N
LONGITUDE: 106 46 W
[TEMPERATURE DATA] [PRECIPITATION DATA] SYMBOLS USED IN COLUMN 16
AVERAGE MONTHLY: 57.1 TOTAL FOR MONTH: 0.00 1 = FOG OR MIST
DPTR FM NORMAL: 0.0 DPTR FM NORMAL: 0.00 2 = FOG REDUCING VISIBILITY
HIGHEST: 76 ON 12,11 GRTST 24HR 0.00 ON 1- 1 TO 1/4 MILE OR LESS
LOWEST: 36 ON 10 3 = THUNDER
SNOW, ICE PELLETS, HAIL 4 = ICE PELLETS
TOTAL MONTH: M 5 = HAIL
GRTST 24HR M ON M 6 = FREEZING RAIN OR DRIZZLE
GRTST DEPTH: M ON M 7 = DUSTSTORM OR SANDSTORM:
VSBY 1/2 MILE OR LESS
8 = SMOKE OR HAZE
[NO. OF DAYS WITH] [WEATHER - DAYS WITH] 9 = BLOWING SNOW
X = TORNADO
MAX 32 OR BELOW: 0 0.01 INCH OR MORE: 0
MAX 90 OR ABOVE: 0 0.10 INCH OR MORE: 0
MIN 32 OR BELOW: 0 0.50 INCH OR MORE: 0
MIN 0 OR BELOW: 0 1.00 INCH OR MORE: 0
[HDD (BASE 65) ]
TOTAL THIS MO. 138 CLEAR (SCALE 0-3) 13
DPTR FM NORMAL M PTCLDY (SCALE 4-7) 5
TOTAL FM JUL 1 2149 CLOUDY (SCALE 8-10) 0
DPTR FM NORMAL M
[CDD (BASE 65) ]
TOTAL THIS MO. 0
DPTR FM NORMAL M [PRESSURE DATA]
TOTAL FM JAN 1 0 HIGHEST SLP M ON M
DPTR FM NORMAL M LOWEST SLP M ON M
[REMARKS]