000
CXUS54 KEPZ 011030
CF6LRU
PRELIMINARY LOCAL CLIMATOLOGICAL DATA (WS FORM: F-6)
STATION: LAS CRUCES
MONTH: MARCH
YEAR: 2021
LATITUDE: 32 17 N
LONGITUDE: 106 46 W
TEMPERATURE IN F: :PCPN: SNOW: WIND :SUNSHINE: SKY :PK WND
================================================================================
1 2 3 4 5 6A 6B 7 8 9 10 11 12 13 14 15 16 17 18
12Z AVG MX 2MIN
DY MAX MIN AVG DEP HDD CDD WTR SNW DPTH SPD SPD DIR MIN PSBL S-S WX SPD DR
================================================================================
1 57 33 45 M 20 0 0.00 M M 6.9 12 50 M M 2 20 150
2 60 23 42 M 23 0 0.00 M M 3.1 9 100 M M 0 M M
3 74 28 51 M 14 0 0.00 M M 4.4 12 170 M M 1 16 170
4 69 47 58 M 7 0 0.00 M M 17.6 33 270 M M 1 40 270
5 71 40 56 M 9 0 0.00 M M 11.1 23 10 M M 0 31 10
6 67 42 55 M 10 0 0.00 M M 10.3 18 120 M M 0 23 110
7 75 33 54 M 11 0 0.00 M M 4.6 7 150 M M 0 M M
8 82 43 63 M 2 0 0.00 M M 6.6 14 240 M M 1 22 240
9 81 55 68 M 0 3 0.00 M M 11.3 29 280 M M 1 8 43 280
10 76 46 61 M 4 0 0.00 M M 17.8 31 250 M M 0 39 250
11 76 31 54 M 11 0 0.00 M M 8.6 23 250 M M 0 31 250
12 78 45 62 M 3 0 0.00 M M 11.3 22 230 M M 0 32 220
13 56 39 48 M 17 0 0.00 M M 19.3 39 270 M M 2 8 47 270
14 59 35 47 M 18 0 0.00 M M 24.6 40 260 M M 2 8 53 280
15 71 40 56 M 9 0 0.00 M M 12.0 22 270 M M 0 30 240
16 71 40 56 M 9 0 0.00 M M 22.9 43 280 M M 3 8 56 270
17 69 30 50 M 15 0 0.00 M M 5.7 18 290 M M 0 29 290
18 71 38 55 M 10 0 0.00 M M 6.2 10 150 M M 0 17 120
19 76 38 57 M 8 0 0.00 M M 7.0 18 140 M M 0 23 140
20 83 39 61 M 4 0 0.00 M M 8.2 16 270 M M 0 24 240
21 80 47 64 M 1 0 0.00 M M 10.5 23 230 M M 1 31 230
22 65 46 56 M 9 0 0.00 M M 19.9 30 260 M M 1 8 45 280
23 72 38 55 M 10 0 0.00 M M 14.1 21 270 M M 0 33 270
24 56 39 48 M 17 0 0.02 M M 11.5 23 280 M M 4 28 280
25 64 36 50 M 15 0 0.00 M M 11.1 22 240 M M 0 31 240
26 70 38 54 M 11 0 0.00 M M 10.8 22 230 M M 1 33 230
27 64 46 55 M 10 0 0.00 M M 8.7 15 330 M M 6 22 350
28 73 37 55 M 10 0 0.00 M M 4.9 10 160 M M 0 16 160
29 81 39 60 M 5 0 0.00 M M 7.1 13 250 M M 0 21 220
30 84 50 67 M 0 2 0.06 M M 13.4 30 260 M M 0 39 250
31 75 51 63 M 2 0 0.00 M M 11.0 23 330 M M 0 29 330
================================================================================
SM 2206 1232 294 5 0.08 M 342.5 M 26
================================================================================
AV 71.2 39.7 11.0 FASTST M M 1 MAX(MPH)
MISC ----> 43 280 56 270
================================================================================
NOTES:
# LAST OF SEVERAL OCCURRENCES
COLUMN 17 PEAK WIND IN M.P.H.
PRELIMINARY LOCAL CLIMATOLOGICAL DATA (WS FORM: F-6) , PAGE 2
STATION: LAS CRUCES
MONTH: MARCH
YEAR: 2021
LATITUDE: 32 17 N
LONGITUDE: 106 46 W
[TEMPERATURE DATA] [PRECIPITATION DATA] SYMBOLS USED IN COLUMN 16
AVERAGE MONTHLY: 55.5 TOTAL FOR MONTH: 0.08 1 = FOG OR MIST
DPTR FM NORMAL: 0.0 DPTR FM NORMAL: M 2 = FOG REDUCING VISIBILITY
HIGHEST: 84 ON 30 GRTST 24HR 0.06 ON 30-30 TO 1/4 MILE OR LESS
LOWEST: 23 ON 2 3 = THUNDER
SNOW, ICE PELLETS, HAIL 4 = ICE PELLETS
TOTAL MONTH: M 5 = HAIL
GRTST 24HR M ON M 6 = FREEZING RAIN OR DRIZZLE
GRTST DEPTH: M ON M 7 = DUSTSTORM OR SANDSTORM:
VSBY 1/2 MILE OR LESS
8 = SMOKE OR HAZE
[NO. OF DAYS WITH] [WEATHER - DAYS WITH] 9 = BLOWING SNOW
X = TORNADO
MAX 32 OR BELOW: 0 0.01 INCH OR MORE: 2
MAX 90 OR ABOVE: 0 0.10 INCH OR MORE: 0
MIN 32 OR BELOW: 4 0.50 INCH OR MORE: 0
MIN 0 OR BELOW: 0 1.00 INCH OR MORE: 0
[HDD (BASE 65) ]
TOTAL THIS MO. 294 CLEAR (SCALE 0-3) 29
DPTR FM NORMAL M PTCLDY (SCALE 4-7) 2
TOTAL FM JUL 1 2004 CLOUDY (SCALE 8-10) 0
DPTR FM NORMAL M
[CDD (BASE 65) ]
TOTAL THIS MO. 5
DPTR FM NORMAL M [PRESSURE DATA]
TOTAL FM JAN 1 5 HIGHEST SLP M ON M
DPTR FM NORMAL M LOWEST SLP M ON M
[REMARKS]
#FINAL-03-21#