000
CXUS54 KEPZ 011030
CF6LRU
PRELIMINARY LOCAL CLIMATOLOGICAL DATA (WS FORM: F-6)
STATION: LAS CRUCES
MONTH: JULY
YEAR: 2020
LATITUDE: 32 17 N
LONGITUDE: 106 46 W
TEMPERATURE IN F: :PCPN: SNOW: WIND :SUNSHINE: SKY :PK WND
================================================================================
1 2 3 4 5 6A 6B 7 8 9 10 11 12 13 14 15 16 17 18
12Z AVG MX 2MIN
DY MAX MIN AVG DEP HDD CDD WTR SNW DPTH SPD SPD DIR MIN PSBL S-S WX SPD DR
================================================================================
1 91 61 76 M 0 11 0.00 M M 9.9 17 270 M M 3 24 230
2 97 69 83 M 0 18 0.00 M M 7.7 16 270 M M 3 21 260
3 100 69 85 M 0 20 0.00 M M 8.0 20 150 M M 2 26 150
4 101 68 85 M 0 20 0.00 M M 6.6 20 160 M M 0 28 200
5 103 70 87 M 0 22 0.00 M M 7.0 18 210 M M 0 24 210
6 101 73 87 M 0 22 0.00 M M 9.8 22 20 M M 1 31 120
7 101 72 87 M 0 22 0.00 M M 5.9 25 320 M M 2 8 35 320
8 105 68 87 M 0 22 0.00 M M 7.0 14 20 M M 0 20 240
9 104 74 89 M 0 24 0.00 M M 7.5 14 270 M M 0 18 360
10 108 74 91 M 0 26 0.00 M M 4.8 12 30 M M 0 28 30
11 107 77 92 M 0 27 0.00 M M 5.8 15 150 M M 0 20 150
12 108 74 91 M 0 26 0.00 M M 7.3 15 160 M M 0 21 160
13 109 69 89 M 0 24 0.00 M M 7.5 21 340 M M 0 33 320
14 105 74 90 M 0 25 0.00 M M 9.2 24 270 M M 2 8 30 270
15 102 72 87 M 0 22 0.04 M M 11.4 28 230 M M 2 39 100
16 100 70 85 M 0 20 0.06 M M 8.9 24 280 M M 1 39 160
17 101 71 86 M 0 21 0.00 M M 6.8 16 220 M M 1 40 170
18 100 76 88 M 0 23 T M M 8.5 21 260 M M 3 25 260
19 98 69 84 M 0 19 0.18 M M 8.6 22 290 M M 4 3 28 290
20 99 68 84 M 0 19 0.03 M M 5.5 17 110 M M 2 3 29 110
21 96 69 83 M 0 18 0.08 M M 7.3 22 110 M M 1 36 110
22 91 69 80 M 0 15 0.52 M M 7.6 18 40 M M 6 3 25 80
23 91 66 79 M 0 14 0.03 M M 4.8 16 210 M M 4 24 110
24 89 65 77 M 0 12 0.21 M M 6.3 24 140 M M 5 32 220
25 88 64 76 M 0 11 T M M 3.3 13 200 M M 5 20 170
26 95 69 82 M 0 17 0.00 M M 7.7 23 350 M M 3 29 350
27 93 69 81 M 0 16 0.00 M M 6.1 14 130 M M 1 20 130
28 97 72 85 M 0 20 0.00 M M 4.8 9 200 M M 2 18 260
29 101 71 86 M 0 21 0.00 M M 5.2 16 330 M M 0 25 330
30 105 70 88 M 0 23 0.00 M M 5.9 13 50 M M 0 21 50
31 97 73 85 M 0 20 0.02 M M 9.1 30 20 M M 0 36 20
================================================================================
SM 3083 2175 0 620 1.17 M 221.7 M 53
================================================================================
AV 99.5 70.2 7.2 FASTST M M 2 MAX(MPH)
MISC ----> 30 20 40 170
================================================================================
NOTES:
# LAST OF SEVERAL OCCURRENCES
COLUMN 17 PEAK WIND IN M.P.H.
PRELIMINARY LOCAL CLIMATOLOGICAL DATA (WS FORM: F-6) , PAGE 2
STATION: LAS CRUCES
MONTH: JULY
YEAR: 2020
LATITUDE: 32 17 N
LONGITUDE: 106 46 W
[TEMPERATURE DATA] [PRECIPITATION DATA] SYMBOLS USED IN COLUMN 16
AVERAGE MONTHLY: 84.8 TOTAL FOR MONTH: 1.17 1 = FOG OR MIST
DPTR FM NORMAL: 0.0 DPTR FM NORMAL: M 2 = FOG REDUCING VISIBILITY
HIGHEST: 109 ON 13 GRTST 24HR 0.52 ON 22-22 TO 1/4 MILE OR LESS
LOWEST: 61 ON 1 3 = THUNDER
SNOW, ICE PELLETS, HAIL 4 = ICE PELLETS
TOTAL MONTH: M 5 = HAIL
GRTST 24HR M ON M 6 = FREEZING RAIN OR DRIZZLE
GRTST DEPTH: M ON M 7 = DUSTSTORM OR SANDSTORM:
VSBY 1/2 MILE OR LESS
8 = SMOKE OR HAZE
[NO. OF DAYS WITH] [WEATHER - DAYS WITH] 9 = BLOWING SNOW
X = TORNADO
MAX 32 OR BELOW: 0 0.01 INCH OR MORE: 9
MAX 90 OR ABOVE: 29 0.10 INCH OR MORE: 3
MIN 32 OR BELOW: 0 0.50 INCH OR MORE: 1
MIN 0 OR BELOW: 0 1.00 INCH OR MORE: 0
[HDD (BASE 65) ]
TOTAL THIS MO. 0 CLEAR (SCALE 0-3) 26
DPTR FM NORMAL M PTCLDY (SCALE 4-7) 5
TOTAL FM JUL 1 0 CLOUDY (SCALE 8-10) 0
DPTR FM NORMAL M
[CDD (BASE 65) ]
TOTAL THIS MO. 620
DPTR FM NORMAL M [PRESSURE DATA]
TOTAL FM JAN 1 1431 HIGHEST SLP M ON M
DPTR FM NORMAL M LOWEST SLP M ON M
[REMARKS]
#FINAL-07-20#