000
CXUS54 KFWD 010730
CF6LUD
PRELIMINARY LOCAL CLIMATOLOGICAL DATA (WS FORM: F-6)
STATION: DECATUR
MONTH: JUNE
YEAR: 2023
LATITUDE: 33 15 N
LONGITUDE: 97 30 W
TEMPERATURE IN F: :PCPN: SNOW: WIND :SUNSHINE: SKY :PK WND
================================================================================
1 2 3 4 5 6A 6B 7 8 9 10 11 12 13 14 15 16 17 18
12Z AVG MX 2MIN
DY MAX MIN AVG DEP HDD CDD WTR SNW DPTH SPD SPD DIR MIN PSBL S-S WX SPD DR
================================================================================
1 87 67 77 3 0 12 0.00 M M 5.8 12 180 M M 1 17 130
2 90 65 78 3 0 13 0.12 M M 6.9 14 280 M M 1 27 280
3 88 63 76 1 0 11 0.00 M M 4.5 17 70 M M 1 24 70
4 86 63 75 0 0 10 0.00 M M 4.6 13 60 M M 2 20 50
5 85 64 75 0 0 10 0.10 M M 4.0 8 50 M M 2 8 23 90
6 89 67 78 2 0 13 0.49 M M 2.6 14 170 M M 1 24 170
7 88 65 77 1 0 12 0.00 M M 2.7 8 70 M M 1 M M
8 88 68 78 2 0 13 0.00 M M 3.6 9 190 M M 0 16 0
9 94 67 81 5 0 16 0.00 M M 2.4 6 160 M M 0 M M
10 95 76 86 9 0 21 0.00 M M 9.0 14 170 M M 0 20 50
11 96 70 83 6 0 18 0.00 M M 4.1 12 190 M M 2 16 190
12 84 65 75 -2 0 10 0.03 M M 10.0 20 20 M M 5 29 20
13 76 65 71 -6 0 6 0.00 M M 6.9 12 80 M M 10 1 16 60
14 88 72 80 2 0 15 0.01 M M 2.6 7 20 M M 6 12 M M
15 94 71 83 5 0 18 0.00 M M 9.0 17 50 M M 2 18 24 50
16 89 70 80 2 0 15 0.00 M M 7.1 15 60 M M 4 23 150
17 94 71 83 5 0 18 0.00 M M 7.4 13 160 M M 2 1 18 160
18 93 69 81 3 0 16 0.00 M M 6.3 15 40 M M 1 21 170
19 101 70 86 7 0 21 0.00 M M 9.0 14 150 M M 0 20 150
20 100 80 90 11 0 25 0.00 M M 9.0 14 170 M M 0 17 100
21 93 76 85 6 0 20 0.08 M M 9.5 21 80 M M 3 18 26 80
22 91 74 83 4 0 18 0.00 M M 8.5 17 160 M M 1 24 160
23 92 73 83 3 0 18 0.02 M M 8.0 13 120 M M 1 33 110
24 102 74 88 8 0 23 0.00 M M 10.5 24 180 M M 0 8 28 180
25 103 80 92 12 0 27 0.00 M M 9.1 15 150 M M 0 8 22 150
26 105 77 91 11 0 26 0.00 M M 6.3 17 170 M M 0 23 160
27 107 78 93 13 0 28 0.00 M M 8.3 14 150 M M 0 20 150
28 106 81 94 14 0 29 0.00 M M 11.1 16 170 M M 0 23 180
29 104 79 92 11 0 27 0.00 M M 10.1 13 140 M M 0 21 140
30 99 79 89 8 0 24 0.00 M M 10.1 14 160 M M 0 8 21 150
================================================================================
SM 2807 2139 0 533 0.85 M 209.3 M 46
================================================================================
AV 93.6 71.3 7.0 FASTST M M 2 MAX(MPH)
MISC ----> 24 180 33 110
================================================================================
NOTES:
# LAST OF SEVERAL OCCURRENCES
COLUMN 17 PEAK WIND IN M.P.H.
PRELIMINARY LOCAL CLIMATOLOGICAL DATA (WS FORM: F-6) , PAGE 2
STATION: DECATUR
MONTH: JUNE
YEAR: 2023
LATITUDE: 33 15 N
LONGITUDE: 97 30 W
[TEMPERATURE DATA] [PRECIPITATION DATA] SYMBOLS USED IN COLUMN 16
AVERAGE MONTHLY: 82.4 TOTAL FOR MONTH: 0.85 1 = FOG OR MIST
DPTR FM NORMAL: 4.6 DPTR FM NORMAL: -3.95 2 = FOG REDUCING VISIBILITY
HIGHEST: 107 ON 27 GRTST 24HR 0.49 ON 6- 6 TO 1/4 MILE OR LESS
LOWEST: 63 ON 4, 3 3 = THUNDER
SNOW, ICE PELLETS, HAIL 4 = ICE PELLETS
TOTAL MONTH: M 5 = HAIL
GRTST 24HR M ON M 6 = FREEZING RAIN OR DRIZZLE
GRTST DEPTH: M ON M 7 = DUSTSTORM OR SANDSTORM:
VSBY 1/2 MILE OR LESS
8 = SMOKE OR HAZE
[NO. OF DAYS WITH] [WEATHER - DAYS WITH] 9 = BLOWING SNOW
X = TORNADO
MAX 32 OR BELOW: 0 0.01 INCH OR MORE: 7
MAX 90 OR ABOVE: 19 0.10 INCH OR MORE: 3
MIN 32 OR BELOW: 0 0.50 INCH OR MORE: 0
MIN 0 OR BELOW: 0 1.00 INCH OR MORE: 0
[HDD (BASE 65) ]
TOTAL THIS MO. 0 CLEAR (SCALE 0-3) 26
DPTR FM NORMAL 0 PTCLDY (SCALE 4-7) 3
TOTAL FM JUL 1 2213 CLOUDY (SCALE 8-10) 1
DPTR FM NORMAL -728
[CDD (BASE 65) ]
TOTAL THIS MO. 533
DPTR FM NORMAL 149 [PRESSURE DATA]
TOTAL FM JAN 1 908 HIGHEST SLP M ON M
DPTR FM NORMAL 274 LOWEST SLP M ON M
[REMARKS]
#FINAL-06-23#