000
CXUS54 KHGX 010719
CF6LVJ
PRELIMINARY LOCAL CLIMATOLOGICAL DATA (WS FORM: F-6)
STATION: HOUSTON/CLOVER_FIELD
MONTH: MARCH
YEAR: 2020
LATITUDE: 29 31 N
LONGITUDE: 95 14 W
TEMPERATURE IN F: :PCPN: SNOW: WIND :SUNSHINE: SKY :PK WND
================================================================================
1 2 3 4 5 6A 6B 7 8 9 10 11 12 13 14 15 16 17 18
12Z AVG MX 2MIN
DY MAX MIN AVG DEP HDD CDD WTR SNW DPTH SPD SPD DIR MIN PSBL S-S WX SPD DR
================================================================================
1 72 61 67 7 0 2 T 0.0 0 10.6 21 170 M M 7 29 160
2 78 67 73 13 0 8 0.00 0.0 0 7.8 20 160 M M 9 18 26 180
3 78 69 74 14 0 9 0.00 0.0 0 6.3 21 120 M M 8 18 24 120
4 80 60 70 10 0 5 0.01 0.0 0 9.5 24 10 M M 10 18 29 340
5 76 53 65 5 0 0 0.00 0.0 0 10.7 20 340 M M 6 26 20
6 74 49 62 2 3 0 0.00 0.0 0 6.6 22 60 M M 0 29 50
7 64 45 55 -6 10 0 0.00 0.0 0 6.5 15 100 M M 1 20 100
8 74 48 61 0 4 0 0.00 0.0 0 11.6 21 120 M M 1 27 110
9 75 64 70 9 0 5 T 0.0 0 9.2 18 170 M M 6 1 24 170
10 80 66 73 12 0 8 T 0.0 0 4.5 13 160 M M 7 1 17 180
11 82 61 72 10 0 7 0.00 0.0 0 6.2 16 180 M M 6 12 21 180
12 82 69 76 14 0 11 0.00 0.0 0 9.7 17 190 M M 8 24 170
13 81 71 76 14 0 11 T 0.0 0 9.2 18 140 M M 9 18 24 140
14 81 72 77 15 0 12 0.00 0.0 0 10.1 18 130 M M 8 23 170
15 83 68 76 14 0 11 0.00 0.0 0 6.9 16 140 M M 7 18 20 130
16 75 66 71 9 0 6 0.02 0.0 0 5.4 20 120 M M 8 18 24 150
17 83 70 77 14 0 12 0.00 0.0 0 8.7 18 170 M M 7 18 25 140
18 83 72 78 15 0 13 0.00 0.0 0 10.6 17 180 M M 8 23 150
19 83 74 79 16 0 14 0.00 0.0 0 13.0 21 180 M M 9 8 29 170
20 82 60 71 8 0 6 0.01 0.0 0 8.9 23 20 M M 10 18 28 40
21 65 58 62 -2 3 0 0.05 0.0 0 9.7 16 20 M M 10 18 21 30
22 81 61 71 7 0 6 T 0.0 0 9.9 17 180 M M 8 18 25 180
23 84 71 78 14 0 13 T 0.0 0 8.7 17 160 M M 7 18 25 170
24 88 71 80 16 0 15 0.00 0.0 0 9.7 20 200 M M 7 18 29 200
25 86 71 79 15 0 14 0.00 0.0 0 5.8 14 160 M M 6 18 19 140
26 85 70 78 13 0 13 0.00 0.0 0 8.6 17 150 M M 5 18 25 150
27 86 74 80 15 0 15 0.00 0.0 0 12.2 23 180 M M 5 8 32 180
28 81 65 73 8 0 8 T 0.0 0 7.9 21 170 M M 9 18 26 170
29 83 57 70 5 0 5 0.00 0.0 0 7.7 18 80 M M 4 24 50
30 84 69 77 12 0 12 0.01 0.0 0 9.9 22 160 M M 6 18 29 180
31 79 61 70 4 0 5 0.00 0.0 0 10.4 21 350 M M 3 1 27 10
================================================================================
SM 2468 1993 20 246 0.10 0.0 272.5 M 205
================================================================================
AV 79.6 64.3 8.8 FASTST M M 7 MAX(MPH)
MISC ----> # 24 10 # 32 180
================================================================================
NOTES:
# LAST OF SEVERAL OCCURRENCES
COLUMN 17 PEAK WIND IN M.P.H.
PRELIMINARY LOCAL CLIMATOLOGICAL DATA (WS FORM: F-6) , PAGE 2
STATION: HOUSTON/CLOVER_FIELD
MONTH: MARCH
YEAR: 2020
LATITUDE: 29 31 N
LONGITUDE: 95 14 W
[TEMPERATURE DATA] [PRECIPITATION DATA] SYMBOLS USED IN COLUMN 16
AVERAGE MONTHLY: 72.0 TOTAL FOR MONTH: 0.10 1 = FOG OR MIST
DPTR FM NORMAL: 9.5 DPTR FM NORMAL: -2.93 2 = FOG REDUCING VISIBILITY
HIGHEST: 88 ON 24 GRTST 24HR 0.05 ON 21-21 TO 1/4 MILE OR LESS
LOWEST: 45 ON 7 3 = THUNDER
SNOW, ICE PELLETS, HAIL 4 = ICE PELLETS
TOTAL MONTH: 0.0 INCH 5 = HAIL
GRTST 24HR 0.0 6 = FREEZING RAIN OR DRIZZLE
GRTST DEPTH: 0 7 = DUSTSTORM OR SANDSTORM:
VSBY 1/2 MILE OR LESS
8 = SMOKE OR HAZE
[NO. OF DAYS WITH] [WEATHER - DAYS WITH] 9 = BLOWING SNOW
X = TORNADO
MAX 32 OR BELOW: 0 0.01 INCH OR MORE: 5
MAX 90 OR ABOVE: 0 0.10 INCH OR MORE: 0
MIN 32 OR BELOW: 0 0.50 INCH OR MORE: 0
MIN 0 OR BELOW: 0 1.00 INCH OR MORE: 0
[HDD (BASE 65) ]
TOTAL THIS MO. 20 CLEAR (SCALE 0-3) 3
DPTR FM NORMAL -117 PTCLDY (SCALE 4-7) 20
TOTAL FM JUL 1 874 CLOUDY (SCALE 8-10) 8
DPTR FM NORMAL -382
[CDD (BASE 65) ]
TOTAL THIS MO. 246
DPTR FM NORMAL 186 [PRESSURE DATA]
TOTAL FM JAN 1 318 HIGHEST SLP 30.51 ON 6
DPTR FM NORMAL 228 LOWEST SLP 29.66 ON 4
[REMARKS]
#FINAL-03-20#