000
CXUS53 KTOP 010810
CF6LWC
PRELIMINARY LOCAL CLIMATOLOGICAL DATA (WS FORM: F-6)
STATION: LAWRENCE KS
MONTH: SEPTEMBER
YEAR: 2023
LATITUDE: 39 0 N
LONGITUDE: 95 13 W
TEMPERATURE IN F: :PCPN: SNOW: WIND :SUNSHINE: SKY :PK WND
================================================================================
1 2 3 4 5 6A 6B 7 8 9 10 11 12 13 14 15 16 17 18
12Z AVG MX 2MIN
DY MAX MIN AVG DEP HDD CDD WTR SNW DPTH SPD SPD DIR MIN PSBL S-S WX SPD DR
================================================================================
1 93 55 74 0 0 9 0.00 M M 6.9 14 160 M M 0 8 20 110
2 98 54 76 2 0 11 0.00 M M 5.6 14 160 M M 0 18 20 190
3 99 59 79 6 0 14 0.00 M M 8.0 18 160 M M 0 18 27 160
4 100 69 85 12 0 20 0.00 M M 11.2 25 160 M M 0 8 35 160
5 101 67 84 12 0 19 T M M 13.5 25 200 M M 0 38 35 180
6 85 55 70 -2 0 5 0.00 M M 8.6 18 310 M M 2 18 24 300
7 88 49 69 -3 0 4 0.00 M M 3.9 9 70 M M 1 18 14 70
8 89 57 73 2 0 8 0.00 M M 5.1 13 50 M M 1 8 19 30
9 90 50 70 -1 0 5 0.00 M M 2.4 12 80 M M 0 128 18 90
10 89 56 73 2 0 8 T M M 4.5 12 120 M M 1 18 20 170
11 68 55 62 -8 3 0 0.22 M M 3.8 10 330 M M 9 12 14 330
12 82 50 66 -4 0 1 0.00 M M 3.4 12 30 M M 3 128 17 40
13 84 44 64 -6 1 0 0.00 M M 2.3 13 110 M M 2 128 18 150
14 85 44 65 -4 0 0 0.00 M M 3.8 18 150 M M 0 18 28 160
15 87 48 68 -1 0 3 0.09 M M 3.7 15 270 M M 4 18 21 270
16 86 55 71 3 0 6 0.47 M M 4.3 28 20 M M 5 13 37 40
17 81 49 65 -3 0 0 0.00 M M 4.3 14 10 M M 0 18 19 20
18 91 46 69 1 0 4 0.00 M M 6.9 17 150 M M 0 128 27 180
19 83 62 73 6 0 8 0.00 M M 9.8 25 200 M M 0 8 37 210
20 87 60 74 7 0 9 0.00 M M 7.5 14 100 M M 1 1 20 160
21 88 61 75 8 0 10 T M M 7.2 18 110 M M 2 13 26 140
22 81 65 73 7 0 8 0.89 M M 8.7 21 120 M M 7 13 29 300
23 85 62 74 8 0 9 0.06 M M 7.2 17 140 M M 5 123 25 160
24 87 56 72 7 0 7 0.00 M M 5.8 17 320 M M 2 12 26 270
25 88 53 71 6 0 6 0.00 M M 3.2 13 310 M M 0 18 20 260
26 87 52 70 5 0 5 0.00 M M 4.0 10 30 M M 2 18 14 60
27 85 60 73 9 0 8 0.00 M M 4.2 10 80 M M 1 8 15 50
28 92 60 76 12 0 11 0.00 M M 6.3 15 140 M M 0 18 20 140
29 95 62 79 15 0 14 0.00 M M 9.0 22 160 M M 0 8 32 190
30 93 66 80 17 0 15 0.00 M M 8.5 21 160 M M 0 8 29 160
================================================================================
SM 2647 1681 4 227 1.73 M 183.6 M 48
================================================================================
AV 88.2 56.0 6.1 FASTST M M 2 MAX(MPH)
MISC ----> 28 20 # 37 40
================================================================================
NOTES:
# LAST OF SEVERAL OCCURRENCES
COLUMN 17 PEAK WIND IN M.P.H.
PRELIMINARY LOCAL CLIMATOLOGICAL DATA (WS FORM: F-6) , PAGE 2
STATION: LAWRENCE KS
MONTH: SEPTEMBER
YEAR: 2023
LATITUDE: 39 0 N
LONGITUDE: 95 13 W
[TEMPERATURE DATA] [PRECIPITATION DATA] SYMBOLS USED IN COLUMN 16
AVERAGE MONTHLY: 72.1 TOTAL FOR MONTH: 1.73 1 = FOG OR MIST
DPTR FM NORMAL: 3.5 DPTR FM NORMAL: -1.84 2 = FOG REDUCING VISIBILITY
HIGHEST: 101 ON 5 GRTST 24HR 0.89 ON 21-22 TO 1/4 MILE OR LESS
LOWEST: 44 ON 14,13 3 = THUNDER
SNOW, ICE PELLETS, HAIL 4 = ICE PELLETS
TOTAL MONTH: M 5 = HAIL
GRTST 24HR M ON M 6 = FREEZING RAIN OR DRIZZLE
GRTST DEPTH: M ON M 7 = DUSTSTORM OR SANDSTORM:
VSBY 1/2 MILE OR LESS
8 = SMOKE OR HAZE
[NO. OF DAYS WITH] [WEATHER - DAYS WITH] 9 = BLOWING SNOW
X = TORNADO
MAX 32 OR BELOW: 0 0.01 INCH OR MORE: 5
MAX 90 OR ABOVE: 10 0.10 INCH OR MORE: 3
MIN 32 OR BELOW: 0 0.50 INCH OR MORE: 1
MIN 0 OR BELOW: 0 1.00 INCH OR MORE: 0
[HDD (BASE 65) ]
TOTAL THIS MO. 4 CLEAR (SCALE 0-3) 25
DPTR FM NORMAL -53 PTCLDY (SCALE 4-7) 4
TOTAL FM JUL 1 4 CLOUDY (SCALE 8-10) 1
DPTR FM NORMAL -53
[CDD (BASE 65) ]
TOTAL THIS MO. 227
DPTR FM NORMAL 63 [PRESSURE DATA]
TOTAL FM JAN 1 1603 HIGHEST SLP M ON M
DPTR FM NORMAL 173 LOWEST SLP 29.64 ON 4
[REMARKS]
#FINAL-09-23#