000
CXUS53 KTOP 011450
CLMLWC
CLIMATE REPORT
NATIONAL WEATHER SERVICE TOPEKA KS
950 AM CDT TUE AUG 01 2023
...................................
...THE LAWRENCE KS CLIMATE SUMMARY FOR THE MONTH OF JULY 2023...
CLIMATE NORMAL PERIOD 1991 TO 2020
CLIMATE RECORD PERIOD 9999 TO 9999
WEATHER OBSERVED NORMAL DEPART LAST YEAR`S
VALUE DATE(S) VALUE FROM VALUE
NORMAL
..............................................................
TEMPERATURE (F)
HIGHEST 106 07/28 103
LOWEST 54 07/10 57
AVG. MAXIMUM 91.3 90.6 0.7 92.0
AVG. MINIMUM 66.5 67.4 -0.9 67.7
MEAN 78.9 79.0 -0.1 79.9
DAYS MAX >= 90 20 17.4 2.6 19
DAYS MAX <= 32 0 0.0 0.0 0
DAYS MIN <= 32 0 0.0 0.0 0
DAYS MIN <= 0 0 0.0 0.0 0
PRECIPITATION (INCHES)
TOTALS 4.51 3.94 0.57 2.14
DAILY AVG. 0.15 0.07
DAYS >= .01 11 11
DAYS >= .10 9 8
DAYS >= .50 2 2
DAYS >= 1.00 1 0
GREATEST
24 HR. TOTAL 1.94 07/14 TO 07/15 0.82
DEGREE DAYS
HEATING TOTAL 0 0 0 0
SINCE 7/1 0 0 0 MM
COOLING TOTAL 437 434 3 450
SINCE 1/1 886 877 9 MM
..............................................................
WIND (MPH)
AVERAGE WIND SPEED 5.6
HIGHEST WIND SPEED/DIRECTION 41/320 DATE 07/04
41/290 07/14
HIGHEST GUST SPEED/DIRECTION 62/300 DATE 07/14
SKY COVER
POSSIBLE SUNSHINE (PERCENT) MM
AVERAGE SKY COVER 0.18
NUMBER OF DAYS FAIR 25
NUMBER OF DAYS PC 6
NUMBER OF DAYS CLOUDY 0
AVERAGE RH (PERCENT) 71
WEATHER CONDITIONS. NUMBER OF DAYS WITH
THUNDERSTORM 15 MIXED PRECIP 0
HEAVY RAIN 6 RAIN 6
LIGHT RAIN 15 FREEZING RAIN 0
LT FREEZING RAIN 0 HAIL 0
HEAVY SNOW 0 SNOW 0
LIGHT SNOW 0 SLEET 0
FOG 26 FOG W/VIS <= 1/4 MILE 7
HAZE 21
- INDICATES NEGATIVE NUMBERS.
R INDICATES RECORD WAS SET OR TIED.
MM INDICATES DATA IS MISSING.
T INDICATES TRACE AMOUNT.
$$