000
CXUS53 KDMX 011704
CF6LWD
PRELIMINARY LOCAL CLIMATOLOGICAL DATA (WS FORM: F-6)
STATION: LAMONI IA
MONTH: SEPTEMBER
YEAR: 2022
LATITUDE: 40 37 N
LONGITUDE: 93 56 W
TEMPERATURE IN F: :PCPN: SNOW: WIND :SUNSHINE: SKY :PK WND
================================================================================
1 2 3 4 5 6A 6B 7 8 9 10 11 12 13 14 15 16 17 18
12Z AVG MX 2MIN
DY MAX MIN AVG DEP HDD CDD WTR SNW DPTH SPD SPD DIR MIN PSBL S-S WX SPD DR
================================================================================
1 85 65 75 4 0 10 0.00 0.0 0 6.6 12 180 M M 1 17 190
2 90 65 78 8 0 13 0.00 0.0 0 8.9 17 190 M M 0 24 180
3 86 64 75 5 0 10 0.00 0.0 0 8.1 18 10 M M 3 24 360
4 80 64 72 2 0 7 0.00 0.0 0 6.3 12 50 M M 8 1 19 60
5 83 61 72 2 0 7 0.00 0.0 0 3.4 7 150 M M 7 1 11 90
6 83 62 73 4 0 8 0.00 0.0 0 4.0 8 130 M M 2 1 14 140
7 88 57 73 4 0 8 0.00 0.0 0 2.4 10 40 M M 0 1 16 40
8 85 60 73 4 0 8 0.00 0.0 0 7.3 15 190 M M 0 20 170
9 88 60 74 6 0 9 0.00 0.0 0 7.4 16 360 M M 1 23 360
10 65 56 61 -7 4 0 0.65 0.0 0 10.1 18 360 M M 9 1 27 10
11 75 50 63 -5 2 0 0.00 0.0 0 9.6 21 340 M M 1 30 310
12 79 49 64 -3 1 0 0.00 0.0 0 7.2 17 300 M M 0 26 340
13 83 48 66 -1 0 1 0.00 0.0 0 4.0 10 160 M M 0 15 170
14 88 59 74 7 0 9 0.00 0.0 0 7.8 16 200 M M 0 25 170
15 82 61 72 6 0 7 0.00 0.0 0 8.7 20 180 M M 0 29 160
16 79 61 70 4 0 5 T 0.0 0 8.7 17 190 M M 3 22 190
17 77 64 71 5 0 6 0.45 0.0 0 7.7 23 10 M M 6 13 31 30
18 87 65 76 11 0 11 0.00 0.0 0 8.1 16 170 M M 2 3 25 100
19 87 67 77 12 0 12 0.00 0.0 0 6.2 12 140 M M 2 18 18 120
20 97 70 84 20 0 19 0.00 0.0 0 13.1 24 220 M M 0 33 230
21 81 57 69 5 0 4 T 0.0 0 12.0 24 350 M M 3 34 30
22 66 50 58 -6 7 0 0.00 0.0 0 5.1 13 20 M M 0 20 30
23 56 52 54 -9 11 0 0.21 0.0 0 7.0 17 150 M M 9 1 27 140
24 85 52 69 6 0 4 0.00 0.0 0 9.2 24 290 M M 5 12 34 290
25 76 51 64 2 1 0 0.00 0.0 0 12.4 26 330 M M 0 39 330
26 73 43 58 -4 7 0 0.00 0.0 0 9.6 22 310 M M 1 32 340
27 75 44 60 -2 5 0 0.00 0.0 0 4.8 14 30 M M 3 8 20 20
28 68 37 53 -8 12 0 0.00 0.0 0 5.6 12 50 M M 0 17 100
29 69 43 56 -5 9 0 0.00 0.0 0 7.2 16 150 M M 0 25 160
30 73 45 59 -1 6 0 0.00 0.0 0 6.7 14 180 M M 0 21 160
================================================================================
SM 2389 1682 65 158 1.31 0.0 225.2 M 66
================================================================================
AV 79.6 56.1 7.5 FASTST M M 2 MAX(MPH)
MISC ----> 26 330 39 330
================================================================================
NOTES:
# LAST OF SEVERAL OCCURRENCES
COLUMN 17 PEAK WIND IN M.P.H.
PRELIMINARY LOCAL CLIMATOLOGICAL DATA (WS FORM: F-6) , PAGE 2
STATION: LAMONI IA
MONTH: SEPTEMBER
YEAR: 2022
LATITUDE: 40 37 N
LONGITUDE: 93 56 W
[TEMPERATURE DATA] [PRECIPITATION DATA] SYMBOLS USED IN COLUMN 16
AVERAGE MONTHLY: 67.9 TOTAL FOR MONTH: 1.31 1 = FOG OR MIST
DPTR FM NORMAL: 1.9 DPTR FM NORMAL: -2.40 2 = FOG REDUCING VISIBILITY
HIGHEST: 97 ON 20 GRTST 24HR 0.65 ON 10-10 TO 1/4 MILE OR LESS
LOWEST: 37 ON 28 3 = THUNDER
SNOW, ICE PELLETS, HAIL 4 = ICE PELLETS
TOTAL MONTH: 0.0 INCH 5 = HAIL
GRTST 24HR 0.0 6 = FREEZING RAIN OR DRIZZLE
GRTST DEPTH: 0 7 = DUSTSTORM OR SANDSTORM:
VSBY 1/2 MILE OR LESS
8 = SMOKE OR HAZE
[NO. OF DAYS WITH] [WEATHER - DAYS WITH] 9 = BLOWING SNOW
X = TORNADO
MAX 32 OR BELOW: 0 0.01 INCH OR MORE: 3
MAX 90 OR ABOVE: 2 0.10 INCH OR MORE: 3
MIN 32 OR BELOW: 0 0.50 INCH OR MORE: 1
MIN 0 OR BELOW: 0 1.00 INCH OR MORE: 0
[HDD (BASE 65) ]
TOTAL THIS MO. 65 CLEAR (SCALE 0-3) 24
DPTR FM NORMAL -22 PTCLDY (SCALE 4-7) 4
TOTAL FM JUL 1 65 CLOUDY (SCALE 8-10) 2
DPTR FM NORMAL -29
[CDD (BASE 65) ]
TOTAL THIS MO. 158
DPTR FM NORMAL 46 [PRESSURE DATA]
TOTAL FM JAN 1 1289 HIGHEST SLP 30.51 ON 28
DPTR FM NORMAL 267 LOWEST SLP 29.80 ON 9
[REMARKS]
#FINAL-09-22#