000
CXUS53 KGID 010930
CF6LXN
PRELIMINARY LOCAL CLIMATOLOGICAL DATA (WS FORM: F-6)
STATION: LEXINGTON NE
MONTH: MARCH
YEAR: 2023
LATITUDE: 40 47 N
LONGITUDE: 99 46 W
TEMPERATURE IN F: :PCPN: SNOW: WIND :SUNSHINE: SKY :PK WND
================================================================================
1 2 3 4 5 6A 6B 7 8 9 10 11 12 13 14 15 16 17 18
12Z AVG MX 2MIN
DY MAX MIN AVG DEP HDD CDD WTR SNW DPTH SPD SPD DIR MIN PSBL S-S WX SPD DR
================================================================================
1 45 27 36 M 29 0 0.00 M M 9.1 16 300 M M 3 16 60
2 48 24 36 M 29 0 0.00 M M 5.6 12 70 M M 4 M M
3 52 27 40 M 25 0 0.00 M M 8.5 17 360 M M 2 25 360
4 46 28 37 M 28 0 0.00 M M 9.2 22 320 M M 2 29 320
5 55 32 44 M 21 0 0.00 M M 7.4 18 110 M M 3 23 110
6 36 28 32 M 33 0 0.00 M M 10.6 21 360 M M 7 24 350
7 32 28 30 M 35 0 0.00 M M 9.6 13 90 M M 10 1 17 90
8 31 27 29 M 36 0 0.00 M M 9.6 13 50 M M 10 1 17 10
9 35 25 30 M 35 0 M M M 8.4 16 320 M M 9 1 20 320
10 38 20 29 M 36 0 0.00 M M 10.7 17 150 M M 5 23 150
11 52 28 40 M 25 0 M M M 9.2 17 350 M M 4 1 24 330
12 37 22 30 M 35 0 0.00 M M 13.5 23 330 M M 0 32 320
13 40 19 30 M 35 0 0.00 M M 7.7 13 10 M M 3 M M
14 61 26 44 M 21 0 0.00 M M 16.0 25 190 M M 0 31 190
15 73 36 55 M 10 0 0.00 M M 14.2 20 190 M M 1 28 190
16 56 26 41 M 24 0 M M M 22.6 32 340 M M 5 44 340
17 42 21 32 M 33 0 0.00 M M 15.2 30 340 M M 3 38 340
18 32 15 24 M 41 0 0.00 M M 12.6 22 340 M M 0 28 360
19 58 15 37 M 28 0 0.00 M M 14.1 23 210 M M 0 31 210
20 57 22 40 M 25 0 0.00 M M 11.6 20 70 M M 0 27 190
21 55 32 44 M 21 0 0.00 M M 4.7 12 70 M M 3 M M
22 52 25 39 M 26 0 0.00 M M 11.1 21 40 M M 4 28 40
23 51 24 38 M 27 0 0.00 M M 6.5 14 10 M M 4 20 60
24 51 29 40 M 25 0 T M M 5.4 9 330 M M 6 M M
25 51 28 40 M 25 0 M M M 8.9 15 350 M M 6 1 23 100
26 34 23 29 M 36 0 M M M 5.6 14 360 M M 8 1 20 360
27 32 19 26 M 39 0 M M M 4.4 7 280 M M 7 M M
28 46 10 28 M 37 0 0.00 M M 6.5 15 200 M M 0 1 22 200
29 39 21 30 M 35 0 0.00 M M 13.6 21 60 M M 0 28 60
30 64 27 46 M 19 0 0.00 M M 9.1 18 160 M M 2 24 160
31 57 28 43 M 22 0 T M M 21.8 33 320 M M 8 1 46 320
================================================================================
SM 1458 762 896 0 M M 323.0 M 119
================================================================================
AV 47.0 24.6 10.4 FASTST M M 4 MAX(MPH)
MISC ----> 33 320 M M
================================================================================
NOTES:
# LAST OF SEVERAL OCCURRENCES
COLUMN 17 PEAK WIND IN M.P.H.
PRELIMINARY LOCAL CLIMATOLOGICAL DATA (WS FORM: F-6) , PAGE 2
STATION: LEXINGTON NE
MONTH: MARCH
YEAR: 2023
LATITUDE: 40 47 N
LONGITUDE: 99 46 W
[TEMPERATURE DATA] [PRECIPITATION DATA] SYMBOLS USED IN COLUMN 16
AVERAGE MONTHLY: 35.8 TOTAL FOR MONTH: M 1 = FOG OR MIST
DPTR FM NORMAL: M DPTR FM NORMAL: M 2 = FOG REDUCING VISIBILITY
HIGHEST: 73 ON 15 GRTST 24HR M ON M TO 1/4 MILE OR LESS
LOWEST: 10 ON 28 3 = THUNDER
SNOW, ICE PELLETS, HAIL 4 = ICE PELLETS
TOTAL MONTH: M 5 = HAIL
GRTST 24HR M ON M 6 = FREEZING RAIN OR DRIZZLE
GRTST DEPTH: M ON M 7 = DUSTSTORM OR SANDSTORM:
VSBY 1/2 MILE OR LESS
8 = SMOKE OR HAZE
[NO. OF DAYS WITH] [WEATHER - DAYS WITH] 9 = BLOWING SNOW
X = TORNADO
MAX 32 OR BELOW: 4 0.01 INCH OR MORE: M
MAX 90 OR ABOVE: 0 0.10 INCH OR MORE: M
MIN 32 OR BELOW: 30 0.50 INCH OR MORE: M
MIN 0 OR BELOW: 0 1.00 INCH OR MORE: M
[HDD (BASE 65) ]
TOTAL THIS MO. 896 CLEAR (SCALE 0-3) 14
DPTR FM NORMAL M PTCLDY (SCALE 4-7) 12
TOTAL FM JUL 1 5710 CLOUDY (SCALE 8-10) 5
DPTR FM NORMAL M
[CDD (BASE 65) ]
TOTAL THIS MO. 0
DPTR FM NORMAL M [PRESSURE DATA]
TOTAL FM JAN 1 0 HIGHEST SLP M ON M
DPTR FM NORMAL M LOWEST SLP M ON M
[REMARKS]
#FINAL-03-23#