000
CXUS53 KEAX 010736
CF6LXT
PRELIMINARY LOCAL CLIMATOLOGICAL DATA (WS FORM: F-6)
STATION: LEE`S SUMMIT MO
MONTH: OCTOBER
YEAR: 2023
LATITUDE: 38 57 N
LONGITUDE: 94 22 W
TEMPERATURE IN F: :PCPN: SNOW: WIND :SUNSHINE: SKY :PK WND
================================================================================
1 2 3 4 5 6A 6B 7 8 9 10 11 12 13 14 15 16 17 18
12Z AVG MX 2MIN
DY MAX MIN AVG DEP HDD CDD WTR SNW DPTH SPD SPD DIR MIN PSBL S-S WX SPD DR
================================================================================
1 90 69 80 17 0 15 0.00 M M 7.0 12 160 M M 0 17 160
2 88 67 78 15 0 13 0.00 M M 6.7 10 170 M M 1 17 180
3 85 67 76 14 0 11 0.00 M M 12.4 23 160 M M 1 35 190
4 80 65 73 11 0 8 0.06 M M 8.2 18 310 M M 3 3 26 300
5 80 57 69 7 0 4 0.00 M M 7.2 17 330 M M 0 24 330
6 61 46 54 -7 11 0 T M M 4.6 28 350 M M 0 40 350
7 64 40 52 -9 13 0 0.00 M M M 14 260 M M M 20 310
8 79 45 62 2 3 0 0.00 M M 6.8 16 240 M M 1 22 240
9 70 45 58 -2 7 0 0.00 M M M 15 350 M M 0 19 30
10 74 M M M M M 0.32 M M M M M M M M 13 M M
11 82 58 70 11 0 5 T M M M 25 190 M M M 3 36 200
12 78 61 70 11 0 5 0.00 M M 14.2 17 190 M M 5 28 190
13 65 53 59 1 6 0 T M M M M M M M M M M
14 58 51 55 -3 10 0 0.04 M M 12.7 22 300 M M 10 1 33 280
15 58 45 52 -6 13 0 0.09 M M 10.5 23 330 M M 8 1 30 330
16 66 41 54 -3 11 0 0.00 M M 6.8 15 300 M M 1 8 22 310
17 71 42 57 0 8 0 0.00 M M 7.9 16 190 M M 0 22 230
18 71 52 62 6 3 0 T M M 9.9 22 310 M M 2 31 300
19 73 52 63 7 2 0 0.00 M M 8.2 17 250 M M 3 23 240
20 79 47 63 7 2 0 0.00 M M 6.2 14 210 M M 0 17 180
21 81 52 67 12 0 2 0.00 M M 7.8 17 350 M M 0 22 340
22 74 47 61 6 4 0 0.00 M M 8.8 16 130 M M 0 24 130
23 86 60 73 19 0 8 0.00 M M 16.5 30 190 M M 0 40 190
24 75 62 69 15 0 4 1.25 M M 11.0 24 180 M M 7 1 32 180
25 71 63 67 13 0 2 1.97 M M 8.9 23 210 M M 9 13 31 210
26 78 67 73 20 0 8 0.65 M M 11.1 22 220 M M 6 13 30 180
27 69 38 54 1 11 0 T M M 12.5 20 350 M M 7 1 27 330
28 40 33 37 -15 28 0 0.74 M M 10.7 17 40 M M 7 1 23 50
29 40 34 37 -15 28 0 0.02 M M 13.0 15 350 M M 9 1 22 340
30 43 28 36 -16 29 0 0.00 M M 8.0 16 310 M M 0 23 330
31 43 27 35 -16 30 0 0.00 M M 10.7 24 300 M M 0 8 35 300
================================================================================
SM 2172 1514 219 85 5.14 M 248.3 M 80
================================================================================
AV 70.1 50.5 9.6 FASTST M M 3 MAX(MPH)
MISC ----> 30 190 # 40 350
================================================================================
NOTES:
# LAST OF SEVERAL OCCURRENCES
COLUMN 17 PEAK WIND IN M.P.H.
PRELIMINARY LOCAL CLIMATOLOGICAL DATA (WS FORM: F-6) , PAGE 2
STATION: LEE`S SUMMIT MO
MONTH: OCTOBER
YEAR: 2023
LATITUDE: 38 57 N
LONGITUDE: 94 22 W
[TEMPERATURE DATA] [PRECIPITATION DATA] SYMBOLS USED IN COLUMN 16
AVERAGE MONTHLY: 60.3 TOTAL FOR MONTH: 5.14 1 = FOG OR MIST
DPTR FM NORMAL: 3.1 DPTR FM NORMAL: 1.75 2 = FOG REDUCING VISIBILITY
HIGHEST: 90 ON 1 GRTST 24HR 2.88 ON 24-25 TO 1/4 MILE OR LESS
LOWEST: 27 ON 31 3 = THUNDER
SNOW, ICE PELLETS, HAIL 4 = ICE PELLETS
TOTAL MONTH: M 5 = HAIL
GRTST 24HR M ON M 6 = FREEZING RAIN OR DRIZZLE
GRTST DEPTH: M ON M 7 = DUSTSTORM OR SANDSTORM:
VSBY 1/2 MILE OR LESS
8 = SMOKE OR HAZE
[NO. OF DAYS WITH] [WEATHER - DAYS WITH] 9 = BLOWING SNOW
X = TORNADO
MAX 32 OR BELOW: 0 0.01 INCH OR MORE: 9
MAX 90 OR ABOVE: 1 0.10 INCH OR MORE: 5
MIN 32 OR BELOW: 2 0.50 INCH OR MORE: 4
MIN 0 OR BELOW: 0 1.00 INCH OR MORE: 2
[HDD (BASE 65) ]
TOTAL THIS MO. 219 CLEAR (SCALE 0-3) 17
DPTR FM NORMAL -57 PTCLDY (SCALE 4-7) 6
TOTAL FM JUL 1 219 CLOUDY (SCALE 8-10) 8
DPTR FM NORMAL -106
[CDD (BASE 65) ]
TOTAL THIS MO. 85
DPTR FM NORMAL 52 [PRESSURE DATA]
TOTAL FM JAN 1 1562 HIGHEST SLP M ON M
DPTR FM NORMAL 118 LOWEST SLP 29.74 ON 20
[REMARKS]
#FINAL-10-23#