000
CXUS51 KRNK 030250
CF6LYH
PRELIMINARY LOCAL CLIMATOLOGICAL DATA (WS FORM: F-6)
STATION: LYNCHBURG VA
MONTH: AUGUST
YEAR: 2022
LATITUDE: 37 19 N
LONGITUDE: 79 12 W
TEMPERATURE IN F: :PCPN: SNOW: WIND :SUNSHINE: SKY :PK WND
================================================================================
1 2 3 4 5 6A 6B 7 8 9 10 11 12 13 14 15 16 17 18
12Z AVG MX 2MIN
DY MAX MIN AVG DEP HDD CDD WTR SNW DPTH SPD SPD DIR MIN PSBL S-S WX SPD DR
================================================================================
1 88 72 80 4 0 15 0.51 0.0 0 3.8 15 300 M M 5 12 25 300
2 91 71 81 5 0 16 0.00 0.0 0 3.4 10 260 M M 1 16 260
3 91 67 79 3 0 14 0.00 0.0 0 3.4 10 150 M M 1 14 150
4 94 71 83 7 0 18 0.00 0.0 0 2.8 14 200 M M 0 1 20 190
5 92 71 82 6 0 17 0.27 0.0 0 3.7 17 190 M M 2 13 22 170
6 87 71 79 3 0 14 0.05 0.0 0 4.1 18 170 M M 7 138 23 180
7 90 71 81 6 0 16 0.00 0.0 0 3.0 12 190 M M 4 12 16 190
8 93 71 82 7 0 17 0.01 0.0 0 3.2 17 240 M M 1 13 26 250
9 94 71 83 8 0 18 0.00 0.0 0 4.8 12 210 M M 0 16 210
10 93 71 82 7 0 17 T 0.0 0 3.7 15 230 M M 1 13 24 220
11 89 70 80 5 0 15 T 0.0 0 2.6 10 230 M M 4 13 310
12 84 60 72 -3 0 7 0.00 0.0 0 5.2 18 40 M M 3 25 50
13 83 56 70 -5 0 5 0.00 0.0 0 2.3 16 40 M M 0 20 40
14 83 63 73 -2 0 8 0.01 0.0 0 1.2 10 170 M M 6 13 170
15 69 64 67 -8 0 2 1.03 0.0 0 4.2 12 170 M M 10 1 15 60
16 76 63 70 -5 0 5 0.00 0.0 0 6.6 15 40 M M 8 20 50
17 82 62 72 -3 0 7 0.00 0.0 0 4.2 14 50 M M 6 18 40
18 85 59 72 -2 0 7 T 0.0 0 2.0 14 180 M M 2 13 17 200
19 87 63 75 1 0 10 0.00 0.0 0 2.9 14 130 M M 2 1 19 150
20 86 62 74 0 0 9 0.00 0.0 0 1.6 8 170 M M 2 11 220
21 80 68 74 0 0 9 0.37 0.0 0 4.0 18 200 M M 7 13 25 190
22 86 67 77 3 0 12 0.00 0.0 0 3.6 14 190 M M 3 1 18 180
23 88 62 75 1 0 10 0.00 0.0 0 1.7 9 10 M M 2 1 13 20
24 90 64 77 3 0 12 0.00 0.0 0 2.2 10 50 M M 1 1 13 30
25 88 67 78 4 0 13 0.00 0.0 0 3.7 13 170 M M 3 1 15 190
26 91 66 79 6 0 14 0.00 0.0 0 3.1 16 190 M M 2 12 19 190
27 91 65 78 5 0 13 0.00 0.0 0 2.3 9 90 M M 1 1 13 80
28 91 69 80 7 0 15 0.00 0.0 0 2.1 9 50 M M 1 1 14 20
29 92 68 80 7 0 15 T 0.0 0 2.9 12 170 M M 2 1 15 150
30 91 68 80 7 0 15 0.39 0.0 0 3.7 16 230 M M 2 1238 M 90
31 85 61 73 1 0 8 0.00 0.0 0 3.8 10 240 M M 1 1 16 220
================================================================================
SM 2710 2054 0 373 2.64 0.0 101.8 M 90
================================================================================
AV 87.4 66.3 3.3 FASTST M M 3 MAX(MPH)
MISC ----> # 18 170 26 250
================================================================================
NOTES:
# LAST OF SEVERAL OCCURRENCES
COLUMN 17 PEAK WIND IN M.P.H.
PRELIMINARY LOCAL CLIMATOLOGICAL DATA (WS FORM: F-6) , PAGE 2
STATION: LYNCHBURG VA
MONTH: AUGUST
YEAR: 2022
LATITUDE: 37 19 N
LONGITUDE: 79 12 W
[TEMPERATURE DATA] [PRECIPITATION DATA] SYMBOLS USED IN COLUMN 16
AVERAGE MONTHLY: 76.8 TOTAL FOR MONTH: 2.64 1 = FOG OR MIST
DPTR FM NORMAL: 2.3 DPTR FM NORMAL: -0.58 2 = FOG REDUCING VISIBILITY
HIGHEST: 94 ON 9, 4 GRTST 24HR 4.83 ON 31- 1 TO 1/4 MILE OR LESS
LOWEST: 56 ON 13 3 = THUNDER
SNOW, ICE PELLETS, HAIL 4 = ICE PELLETS
TOTAL MONTH: 0.0 INCH 5 = HAIL
GRTST 24HR 0.0 6 = FREEZING RAIN OR DRIZZLE
GRTST DEPTH: 0 7 = DUSTSTORM OR SANDSTORM:
VSBY 1/2 MILE OR LESS
8 = SMOKE OR HAZE
[NO. OF DAYS WITH] [WEATHER - DAYS WITH] 9 = BLOWING SNOW
X = TORNADO
MAX 32 OR BELOW: 0 0.01 INCH OR MORE: 8
MAX 90 OR ABOVE: 14 0.10 INCH OR MORE: 5
MIN 32 OR BELOW: 0 0.50 INCH OR MORE: 2
MIN 0 OR BELOW: 0 1.00 INCH OR MORE: 1
[HDD (BASE 65) ]
TOTAL THIS MO. 0 CLEAR (SCALE 0-3) 22
DPTR FM NORMAL -2 PTCLDY (SCALE 4-7) 8
TOTAL FM JUL 1 0 CLOUDY (SCALE 8-10) 1
DPTR FM NORMAL 0
[CDD (BASE 65) ]
TOTAL THIS MO. 373
DPTR FM NORMAL 77 [PRESSURE DATA]
TOTAL FM JAN 1 1331 HIGHEST SLP 30.27 ON 6
DPTR FM NORMAL 372 LOWEST SLP 29.83 ON 30
[REMARKS]
#FINAL-08-22#